000
CXUS56 KFGZ 260910
CF6PGA
PRELIMINARY LOCAL CLIMATOLOGICAL DATA (WS FORM: F-6)

                                          STATION:   PAGE AZ AIRPORT
                                          MONTH:     SEPTEMBER
                                          YEAR:      2022
                                          LATITUDE:   36 55 N
                                          LONGITUDE: 111 27 W

  TEMPERATURE IN F:       :PCPN:    SNOW:  WIND      :SUNSHINE: SKY     :PK WND
================================================================================
1   2   3   4   5  6A  6B    7    8   9   10  11  12  13   14  15   16   17  18
                                     12Z  AVG MX 2MIN
DY MAX MIN AVG DEP HDD CDD  WTR  SNW DPTH SPD SPD DIR MIN PSBL S-S WX    SPD DR
================================================================================

 1 102  70  86   7   0  21 0.00    M    M  3.0  8  60   M    M   0        13  70
 2 103  72  88   9   0  23 0.00    M    M  4.5 12  20   M    M   0        16  40
 3 101  74  88   9   0  23 0.00    M    M  5.3 15 160   M    M   0        21 150
 4  99  73  86   7   0  21 0.00    M    M  4.5 20 190   M    M   0        33 190
 5 104  71  88  10   0  23 0.00    M    M  3.1 12 100   M    M   0        16  80
 6 104  73  89  11   0  24 0.00    M    M  4.8 15  30   M    M   0        20 210
 7 102  76  89  11   0  24 0.00    M    M  4.3 13  40   M    M   0        16  30
 8  99  74  87  10   0  22 0.00    M    M  6.0 22 310   M    M   0        32 310
 9  97  71  84   7   0  19    T    M    M  4.3 22 180   M    M   0        32 330
10  89  76  83   6   0  18 0.00    M    M  4.9 15 160   M    M   0        20 270
11  92  71  82   6   0  17 0.00    M    M  4.6 13 170   M    M   1 3      16 180
12  90  70  80   4   0  15    T    M    M  5.6 17 230   M    M   1 3      30 240
13  73  62  68  -8   0   3 0.24    M    M  4.0 14 140   M    M   5 13     17 340
14  70  60  65 -10   0   0 0.25    M    M  3.6 12 180   M    M   8 1      16 310
15  83  59  71  -4   0   6 0.01    M    M  3.7  9  10   M    M   2        13  30
16  84  64  74   0   0   9 0.00    M    M  2.1 12 350   M    M   2        19  10
17  87  62  75   1   0  10 0.00    M    M  4.7 16 220   M    M   1        24 180
18  90  62  76   2   0  11 0.00    M    M  6.3 22 180   M    M   0        27 170
19  92  62  77   4   0  12 0.00    M    M  5.0 13 160   M    M   0        16 170
20  92  62  77   4   0  12    T    M    M  6.8 17 140   M    M   1        23 110
21  75  65  70  -2   0   5 0.19    M    M  6.4 15  20   M    M   6 1      19 150
22  85  64  75   3   0  10 0.00    M    M  4.2 12 360   M    M   0        15 340
23  84  61  73   1   0   8 0.00    M    M  3.1 10  20   M    M   0        15 350
24  85  59  72   1   0   7 0.00    M    M  2.5  9  20   M    M   0        13 340
25  87  59  73   2   0   8 0.00    M    M  3.5 12  30   M    M   0        15  40
================================================================================
SM 2269 1672         0 351  0.69    M    110.8          M       27
================================================================================
AV 90.8 66.9                               4.4 FASTST   M    M   1    MAX(MPH)
                                 MISC ---->  # 22 310                 33 190
================================================================================
NOTES:
# LAST OF SEVERAL OCCURRENCES

COLUMN 17 PEAK WIND IN M.P.H.

PRELIMINARY LOCAL CLIMATOLOGICAL DATA (WS FORM: F-6) , PAGE 2

                                          STATION:   PAGE AZ AIRPORT
                                          MONTH:     SEPTEMBER
                                          YEAR:      2022
                                          LATITUDE:   36 55 N
                                          LONGITUDE: 111 27 W

[TEMPERATURE DATA]      [PRECIPITATION DATA]       SYMBOLS USED IN COLUMN 16

AVERAGE MONTHLY: 78.8   TOTAL FOR MONTH:   0.69    1 = FOG OR MIST
DPTR FM NORMAL:   3.4   DPTR FM NORMAL:    0.12    2 = FOG REDUCING VISIBILITY
HIGHEST:   104 ON  6, 5  GRTST 24HR  0.28 ON 13-14      TO 1/4 MILE OR LESS
LOWEST:     59 ON 25,24                             3 = THUNDER
                        SNOW, ICE PELLETS, HAIL    4 = ICE PELLETS
                        TOTAL MONTH:  M            5 = HAIL
                        GRTST 24HR    M  ON   M    6 = FREEZING RAIN OR DRIZZLE
                        GRTST DEPTH:  M  ON   M    7 = DUSTSTORM OR SANDSTORM:
                                                       VSBY 1/2 MILE OR LESS
                                                   8 = SMOKE OR HAZE
[NO. OF DAYS WITH]      [WEATHER - DAYS WITH]      9 = BLOWING SNOW
                                                   X = TORNADO
MAX 32 OR BELOW:   0    0.01 INCH OR MORE:   4
MAX 90 OR ABOVE:  14    0.10 INCH OR MORE:   3
MIN 32 OR BELOW:   0    0.50 INCH OR MORE:   0
MIN  0 OR BELOW:   0    1.00 INCH OR MORE:   0

[HDD (BASE 65) ]
TOTAL THIS MO.     0    CLEAR  (SCALE 0-3)  22
DPTR FM NORMAL    -3    PTCLDY (SCALE 4-7)   3
TOTAL FM JUL 1     0    CLOUDY (SCALE 8-10)  0
DPTR FM NORMAL    -3

[CDD (BASE 65) ]
TOTAL THIS MO.   351
DPTR FM NORMAL    85    [PRESSURE DATA]
TOTAL FM JAN 1  2332    HIGHEST SLP M ON M
DPTR FM NORMAL   239    LOWEST  SLP 29.53 ON  9

[REMARKS]
