000
CXUS51 KAKQ 280710
CF6PHF
PRELIMINARY LOCAL CLIMATOLOGICAL DATA (WS FORM: F-6)

                                          STATION:   NEWPORT NEWS
                                          MONTH:     SEPTEMBER
                                          YEAR:      2022
                                          LATITUDE:   37  7 N
                                          LONGITUDE:  76 30 W

  TEMPERATURE IN F:       :PCPN:    SNOW:  WIND      :SUNSHINE: SKY     :PK WND
================================================================================
1   2   3   4   5  6A  6B    7    8   9   10  11  12  13   14  15   16   17  18
                                     12Z  AVG MX 2MIN
DY MAX MIN AVG DEP HDD CDD  WTR  SNW DPTH SPD SPD DIR MIN PSBL S-S WX    SPD DR
================================================================================

 1  88  63  76   1   0  11 0.00    M    M  4.4 10 300   M    M   1        18 300
 2  87  63  75   0   0  10 0.00    M    M  4.6 12  90   M    M   0 1       M   M
 3  85  65  75   0   0  10 0.00    M    M  4.9 13  80   M    M   0 12      M   M
 4  86  63  75   0   0  10 0.00    M    M  5.0 14 100   M    M   0 12     17 110
 5  84  64  74   0   0   9 0.00    M    M  4.8 12 110   M    M   2 12     17 110
 6  89  71  80   6   0  15 0.15    M    M  8.2 16 250   M    M   5 1      22 250
 7  82  70  76   2   0  11    T    M    M  7.7 15  50   M    M   7        23  50
 8  78  61  70  -4   0   5 0.05    M    M  5.8 13  30   M    M   6 1      18  40
 9  80  59  70  -4   0   5 0.00    M    M  8.6 16  40   M    M   2 1      25  40
10  83  65  74   1   0   9 0.00    M    M  8.9 16 100   M    M   4        21 100
11  86  72  79   6   0  14 1.67    M    M  8.3 15 200   M    M   7 13     23 190
12  88  71  80   7   0  15    T    M    M  7.8 14 190   M    M   2        18 180
13  85  61  73   0   0   8 0.00    M    M  5.8 12 260   M    M   3         M   M
14  79  59  69  -3   0   4 0.00    M    M  4.1 10  10   M    M   0         M   M
15  80  56  68  -4   0   3 0.00    M    M  5.5 13  40   M    M   1 1      21  40
16  78  55  67  -5   0   2 0.00    M    M  3.3 12  70   M    M   0 12     17  60
17  78  52  65  -7   0   0 0.00    M    M  3.7 10  60   M    M   0 1       M   M
18  84  56  70  -1   0   5 0.00    M    M  4.0 12 230   M    M   2 12      M   M
19  87  68  78   7   0  13 0.00    M    M  7.9 13 220   M    M   1         M   M
20  87  63  75   4   0  10 0.00    M    M  4.4 10 350   M    M   0         M   M
21  89  60  75   5   0  10 0.00    M    M  3.9 13 180   M    M   0 12      M   M
22  93  62  78   8   0  13 0.18    M    M 12.8 18 340   M    M   3 1      35 250
23  69  49  59 -11   6   0 0.00    M    M 10.6 18 330   M    M   0        30 330
24  74  47  61  -9   4   0 0.00    M    M  5.2 12 240   M    M   0         M   M
25  86  60  73   4   0   8 0.01    M    M 12.3 24 310   M    M   4 3      40 310
26  81  58  70   1   0   5 0.00    M    M  8.2 16 220   M    M   1        24 220
27  77  51  64  -4   1   0 0.00    M    M  4.3 12 330   M    M   1         M   M
================================================================================
SM 2243 1644        11 205  2.06    M    174.8          M       52
================================================================================
AV 83.1 60.9                               6.5 FASTST   M    M   2    MAX(MPH)
                                 MISC ---->    24 310                 40 310
================================================================================
NOTES:
# LAST OF SEVERAL OCCURRENCES

COLUMN 17 PEAK WIND IN M.P.H.

PRELIMINARY LOCAL CLIMATOLOGICAL DATA (WS FORM: F-6) , PAGE 2

                                          STATION:   NEWPORT NEWS
                                          MONTH:     SEPTEMBER
                                          YEAR:      2022
                                          LATITUDE:   37  7 N
                                          LONGITUDE:  76 30 W

[TEMPERATURE DATA]      [PRECIPITATION DATA]       SYMBOLS USED IN COLUMN 16

AVERAGE MONTHLY: 72.0   TOTAL FOR MONTH:   2.06    1 = FOG OR MIST
DPTR FM NORMAL:  -0.2   DPTR FM NORMAL:   -2.39    2 = FOG REDUCING VISIBILITY
HIGHEST:    93 ON 22    GRTST 24HR  1.67 ON 11-11      TO 1/4 MILE OR LESS
LOWEST:     47 ON 24                               3 = THUNDER
                        SNOW, ICE PELLETS, HAIL    4 = ICE PELLETS
                        TOTAL MONTH:  M            5 = HAIL
                        GRTST 24HR    M  ON   M    6 = FREEZING RAIN OR DRIZZLE
                        GRTST DEPTH:  M  ON   M    7 = DUSTSTORM OR SANDSTORM:
                                                       VSBY 1/2 MILE OR LESS
                                                   8 = SMOKE OR HAZE
[NO. OF DAYS WITH]      [WEATHER - DAYS WITH]      9 = BLOWING SNOW
                                                   X = TORNADO
MAX 32 OR BELOW:   0    0.01 INCH OR MORE:   5
MAX 90 OR ABOVE:   1    0.10 INCH OR MORE:   3
MIN 32 OR BELOW:   0    0.50 INCH OR MORE:   1
MIN  0 OR BELOW:   0    1.00 INCH OR MORE:   1

[HDD (BASE 65) ]
TOTAL THIS MO.    11    CLEAR  (SCALE 0-3)  21
DPTR FM NORMAL     6    PTCLDY (SCALE 4-7)   6
TOTAL FM JUL 1    11    CLOUDY (SCALE 8-10)  0
DPTR FM NORMAL     6

[CDD (BASE 65) ]
TOTAL THIS MO.   205
DPTR FM NORMAL     3    [PRESSURE DATA]
TOTAL FM JAN 1  1465    HIGHEST SLP M ON M
DPTR FM NORMAL   -25    LOWEST  SLP M ON M

[REMARKS]
