000
CXUS55 KPSR 261005
CF6PHX
PRELIMINARY LOCAL CLIMATOLOGICAL DATA (WS FORM: F-6)

                                          STATION:   PHOENIX AZ
                                          MONTH:     SEPTEMBER
                                          YEAR:      2022
                                          LATITUDE:   33 25 N
                                          LONGITUDE: 112  1 W

  TEMPERATURE IN F:       :PCPN:    SNOW:  WIND      :SUNSHINE: SKY     :PK WND
================================================================================
1   2   3   4   5  6A  6B    7    8   9   10  11  12  13   14  15   16   17  18
                                     12Z  AVG MX 2MIN
DY MAX MIN AVG DEP HDD CDD  WTR  SNW DPTH SPD SPD DIR MIN PSBL S-S WX    SPD DR
================================================================================

 1 108  89  99   6   0  34 0.00  0.0    0  6.8 23 150   M    M   2 78     37 130
 2 108  87  98   5   0  33 0.00  0.0    0  5.3 24  60   M    M   4 3      30  60
 3 108  87  98   5   0  33 0.00  0.0    0  9.2 22 110   M    M   4        33 110
 4 109  88  99   6   0  34 0.00  0.0    0  8.5 15 110   M    M   4        22 150
 5 109  88  99   7   0  34 0.00  0.0    0  6.1 13 110   M    M   1        19 120
 6 110  87  99   7   0  34 0.00  0.0    0  8.8 17 110   M    M   1        25 120
 7 108  86  97   5   0  32 0.00  0.0    0  6.9 20 270   M    M   3        24 270
 8 104  85  95   3   0  30 0.00  0.0    0  6.4 20 270   M    M   8        24 270
 9 101  75  88  -4   0  23 0.04  0.0    0  6.2 25 280   M    M   8 18     32 280
10  95  74  85  -6   0  20 0.06  0.0    0  5.0 14 320   M    M   8 1      28 300
11 103  76  90  -1   0  25 0.62  0.0    0  7.6  M   M   M    M   6 378     M   M
12  96  76  86  -5   0  21    T  0.0    0  6.6 16 270   M    M   7 3      21 270
13  97  81  89  -1   0  24 0.00  0.0    0  7.8 18 310   M    M   6        24 340
14  98  78  88  -2   0  23 0.00  0.0    0  4.8 14 260   M    M   2        23 320
15  98  79  89  -1   0  24 0.00  0.0    0  5.8 15 150   M    M   2        24 160
16  98  80  89  -1   0  24 0.00  0.0    0  4.4 13 240   M    M   1        19 270
17 100  77  89   0   0  24 0.00  0.0    0  6.4 14 180   M    M   0        22 320
18 102  74  88  -1   0  23 0.00  0.0    0  5.8 14 180   M    M   1        21 330
19 104  78  91   3   0  26 0.00  0.0    0  5.3 17 270   M    M   3        22 280
20  97  81  89   1   0  24    T  0.0    0  6.1 22 150   M    M   8 3      28 140
21  88  79  84  -4   0  19 0.06  0.0    0  6.2 14 310   M    M   8        25 310
22  93  77  85  -2   0  20 0.01  0.0    0  4.7 14 310   M    M   8        23 280
23 101  80  91   4   0  26 0.00  0.0    0  5.9 30 300   M    M   6        45 350
24 103  78  91   5   0  26 0.00  0.0    0  5.0 15 270   M    M   2        22 320
25 104  77  91   5   0  26 0.00  0.0    0  4.6 16 290   M    M   2        23 290
================================================================================
SM 2542 2017         0 662  0.79  0.0    156.2          M      105
================================================================================
AV101.7 80.7                               6.2 FASTST   M    M   4    MAX(MPH)
                                 MISC ---->    30 300                 45 350
================================================================================
NOTES:
# LAST OF SEVERAL OCCURRENCES

COLUMN 17 PEAK WIND IN M.P.H.

PRELIMINARY LOCAL CLIMATOLOGICAL DATA (WS FORM: F-6) , PAGE 2

                                          STATION:   PHOENIX AZ
                                          MONTH:     SEPTEMBER
                                          YEAR:      2022
                                          LATITUDE:   33 25 N
                                          LONGITUDE: 112  1 W

[TEMPERATURE DATA]      [PRECIPITATION DATA]       SYMBOLS USED IN COLUMN 16

AVERAGE MONTHLY: 91.2   TOTAL FOR MONTH:   0.79    1 = FOG OR MIST
DPTR FM NORMAL:   1.1   DPTR FM NORMAL:    0.30    2 = FOG REDUCING VISIBILITY
HIGHEST:   110 ON  6    GRTST 24HR  0.62 ON 11-11      TO 1/4 MILE OR LESS
LOWEST:     74 ON 18,10                             3 = THUNDER
                        SNOW, ICE PELLETS, HAIL    4 = ICE PELLETS
                        TOTAL MONTH:   0.0 INCH    5 = HAIL
                        GRTST 24HR  0.0            6 = FREEZING RAIN OR DRIZZLE
                        GRTST DEPTH:  0            7 = DUSTSTORM OR SANDSTORM:
                                                       VSBY 1/2 MILE OR LESS
                                                   8 = SMOKE OR HAZE
[NO. OF DAYS WITH]      [WEATHER - DAYS WITH]      9 = BLOWING SNOW
                                                   X = TORNADO
MAX 32 OR BELOW:   0    0.01 INCH OR MORE:   5
MAX 90 OR ABOVE:  24    0.10 INCH OR MORE:   1
MIN 32 OR BELOW:   0    0.50 INCH OR MORE:   1
MIN  0 OR BELOW:   0    1.00 INCH OR MORE:   0

[HDD (BASE 65) ]
TOTAL THIS MO.     0    CLEAR  (SCALE 0-3)  11
DPTR FM NORMAL     0    PTCLDY (SCALE 4-7)  12
TOTAL FM JUL 1     0    CLOUDY (SCALE 8-10)  2
DPTR FM NORMAL     0

[CDD (BASE 65) ]
TOTAL THIS MO.   662
DPTR FM NORMAL    35    [PRESSURE DATA]
TOTAL FM JAN 1  4493    HIGHEST SLP M ON M
DPTR FM NORMAL   309    LOWEST  SLP 29.54 ON  9

[REMARKS]
