000
CXUS52 KTBW 281000
CF6PIE
PRELIMINARY LOCAL CLIMATOLOGICAL DATA (WS FORM: F-6)

                                          STATION:   ST PETERSBURG CLEARWATER
                                          MONTH:     SEPTEMBER
                                          YEAR:      2022
                                          LATITUDE:   27 55 N
                                          LONGITUDE:  82 41 W

  TEMPERATURE IN F:       :PCPN:    SNOW:  WIND      :SUNSHINE: SKY     :PK WND
================================================================================
1   2   3   4   5  6A  6B    7    8   9   10  11  12  13   14  15   16   17  18
                                     12Z  AVG MX 2MIN
DY MAX MIN AVG DEP HDD CDD  WTR  SNW DPTH SPD SPD DIR MIN PSBL S-S WX    SPD DR
================================================================================

 1  92  74  83   0   0  18 0.37  0.0    0  5.5 25  70   M    M   2 13     37  60
 2  87  74  81  -2   0  16 0.01  0.0    0  5.3 18  70   M    M   2 3      27  70
 3  91  73  82  -1   0  17 2.19  0.0    0  5.8 22 200   M    M   4 123    37 190
 4  92  76  84   1   0  19 0.00  0.0    0  5.1 12  70   M    M   1        17  70
 5  91  76  84   1   0  19 0.00  0.0    0  5.8 16 240   M    M   1 3      21 240
 6  90  78  84   1   0  19 0.00  0.0    0  6.4 15 300   M    M   1 3      19 280
 7  89  75  82  -1   0  17    T  0.0    0  5.3 18 160   M    M   1 3      28 160
 8  88  73  81  -2   0  16 1.47  0.0    0  5.3 36 260   M    M   4 13     48 240
 9  83  73  78  -5   0  13 0.07  0.0    0  6.9 17 230   M    M   1 38     21 240
10  83  73  78  -4   0  13 0.57  0.0    0  5.6 26 240   M    M   2 13     35 230
11  88  74  81  -1   0  16 2.08  0.0    0  5.9 21 340   M    M   2 13     26 330
12  88  74  81  -1   0  16    T  0.0    0  4.3 25 310   M    M   2 3      34 300
13  87  74  81  -1   0  16 0.80  0.0    0  3.6 18 110   M    M   2 13     20 110
14  84  74  79  -3   0  14 0.05  0.0    0  4.5 20  70   M    M   3        30  70
15  87  73  80  -2   0  15    T  0.0    0  5.5 18 120   M    M   2 3      24 120
16  83  71  77  -5   0  12 1.41  0.0    0  5.6 25  70   M    M   4 13     40  80
17  88  73  81  -1   0  16 0.76  0.0    0  7.5 23  30   M    M   5 13     33  40
18  86  73  80  -2   0  15 0.00  0.0    0  5.4 12 310   M    M   4        22 290
19  89  75  82   0   0  17 0.00  0.0    0  5.1 13 350   M    M   4        18  50
20  90  75  83   1   0  18 0.00  0.0    0  4.6 14  10   M    M   1 3      20  20
21  91  78  85   3   0  20 0.00  0.0    0  7.3 16  70   M    M   1        25  50
22  91  77  84   2   0  19 0.00  0.0    0  8.0 16 310   M    M   0        21 330
23  93  75  84   2   0  19 0.00  0.0    0  6.1 21  40   M    M   2 3      30  40
24  90  77  84   3   0  19 0.00  0.0    0  9.1 14  70   M    M   2        21  90
25  88  77  83   2   0  18 0.00  0.0    0  6.7 13 330   M    M   6        17 310
26  92  75  84   3   0  19 0.44  0.0    0  6.1 17 120   M    M   3 13     22 120
27  83  75  79  -2   0  14 0.10  0.0    0 10.5 20  60   M    M   3        30  60
================================================================================
SM 2384 2015         0 450 10.32  0.0    162.8          M       65
================================================================================
AV 88.3 74.6                               6.0 FASTST   M    M   2    MAX(MPH)
                                 MISC ---->    36 260                 48 240
================================================================================
NOTES:
# LAST OF SEVERAL OCCURRENCES

COLUMN 17 PEAK WIND IN M.P.H.

PRELIMINARY LOCAL CLIMATOLOGICAL DATA (WS FORM: F-6) , PAGE 2

                                          STATION:   ST PETERSBURG CLEARWATER
                                          MONTH:     SEPTEMBER
                                          YEAR:      2022
                                          LATITUDE:   27 55 N
                                          LONGITUDE:  82 41 W

[TEMPERATURE DATA]      [PRECIPITATION DATA]       SYMBOLS USED IN COLUMN 16

AVERAGE MONTHLY: 81.5   TOTAL FOR MONTH:  10.32    1 = FOG OR MIST
DPTR FM NORMAL:  -0.7   DPTR FM NORMAL:    4.34    2 = FOG REDUCING VISIBILITY
HIGHEST:    93 ON 23    GRTST 24HR  2.20 ON  2- 3      TO 1/4 MILE OR LESS
LOWEST:     71 ON 16                               3 = THUNDER
                        SNOW, ICE PELLETS, HAIL    4 = ICE PELLETS
                        TOTAL MONTH:   0.0 INCH    5 = HAIL
                        GRTST 24HR  0.0            6 = FREEZING RAIN OR DRIZZLE
                        GRTST DEPTH:  0            7 = DUSTSTORM OR SANDSTORM:
                                                       VSBY 1/2 MILE OR LESS
                                                   8 = SMOKE OR HAZE
[NO. OF DAYS WITH]      [WEATHER - DAYS WITH]      9 = BLOWING SNOW
                                                   X = TORNADO
MAX 32 OR BELOW:   0    0.01 INCH OR MORE:  13
MAX 90 OR ABOVE:  11    0.10 INCH OR MORE:  10
MIN 32 OR BELOW:   0    0.50 INCH OR MORE:   7
MIN  0 OR BELOW:   0    1.00 INCH OR MORE:   4

[HDD (BASE 65) ]
TOTAL THIS MO.     0    CLEAR  (SCALE 0-3)  20
DPTR FM NORMAL     0    PTCLDY (SCALE 4-7)   7
TOTAL FM JUL 1     0    CLOUDY (SCALE 8-10)  0
DPTR FM NORMAL     0

[CDD (BASE 65) ]
TOTAL THIS MO.   450
DPTR FM NORMAL   -15    [PRESSURE DATA]
TOTAL FM JAN 1  3271    HIGHEST SLP M ON M
DPTR FM NORMAL   234    LOWEST  SLP 29.71 ON  8

[REMARKS]
