000
CXUS53 KABR 281100
CF6PIR
PRELIMINARY LOCAL CLIMATOLOGICAL DATA (WS FORM: F-6)

                                          STATION:   PIERRE SD
                                          MONTH:     SEPTEMBER
                                          YEAR:      2022
                                          LATITUDE:   44 22 N
                                          LONGITUDE: 100 17 W

  TEMPERATURE IN F:       :PCPN:    SNOW:  WIND      :SUNSHINE: SKY     :PK WND
================================================================================
1   2   3   4   5  6A  6B    7    8   9   10  11  12  13   14  15   16   17  18
                                     12Z  AVG MX 2MIN
DY MAX MIN AVG DEP HDD CDD  WTR  SNW DPTH SPD SPD DIR MIN PSBL S-S WX    SPD DR
================================================================================

 1  99  57  78   9   0  13 0.00  0.0    0  6.9 15 170   M    M   0        22 190
 2  87  56  72   3   0   7 0.00  0.0    0 10.7 26  30   M    M   0        33  50
 3  81  49  65  -3   0   0 0.00  0.0    0  6.7 15 120   M    M   0        20 120
 4  90  53  72   4   0   7 0.00  0.0    0 16.7 25 140   M    M   0        33 140
 5  93  58  76   8   0  11 0.00  0.0    0  8.5 20 140   M    M   0        28 140
 6  95  54  75   7   0  10 0.00  0.0    0  6.1 15  70   M    M   0        20  50
 7  96  57  77  10   0  12 0.00  0.0    0  9.3 21 160   M    M   0 12     26 170
 8  94  58  76   9   0  11 0.01  0.0    0 14.5 35 360   M    M   0        46  10
 9  65  49  57  -9   8   0 0.04  0.0    0  9.8 20 340   M    M   8        24 360
10  72  43  58  -8   7   0 0.00  0.0    0  5.5 16 310   M    M   0        22 330
11  79  42  61  -5   4   0 0.00  0.0    0  3.7 10 230   M    M   0        16 220
12  86  43  65   0   0   0 0.00  0.0    0  5.4 12 170   M    M   0        16 140
13  85  47  66   1   0   1 0.00  0.0    0  5.5 16  80   M    M   0        23  70
14  94  50  72   8   0   7 0.00  0.0    0 12.0 29 180   M    M   0        37 160
15  77  60  69   5   0   4 0.00  0.0    0  9.6 20 360   M    M   2        25  10
16  77  59  68   4   0   3    T  0.0    0  5.8 12 340   M    M   6        15 340
17  71  51  61  -2   4   0 0.00  0.0    0  6.9 21 310   M    M   4 12     27 320
18  82  51  67   4   0   2 0.01  0.0    0  5.8 15 140   M    M   3 12     19 140
19  92  59  76  14   0  11 0.00  0.0    0 10.8 25 190   M    M   0        32 190
20  86  51  69   7   0   4 0.00  0.0    0 12.7 25 360   M    M   0 1      34  20
21  69  44  57  -5   8   0    T  0.0    0 10.7 21 350   M    M   3        29 340
22  68  41  55  -6  10   0    T  0.0    0 14.1 26 160   M    M   3        37 160
23  73  51  62   2   3   0    T  0.0    0 11.6 30 300   M    M   4        41 300
24  78  50  64   4   1   0 0.00  0.0    0 12.6 30 310   M    M   1        39 310
25  74  48  61   1   4   0 0.00  0.0    0 13.6 31 330   M    M   2        43 340
26  80  42  61   2   4   0 0.00  0.0    0  5.9 10  30   M    M   0        16 310
27  77  42  60   2   5   0 0.00  0.0    0  6.8 16 100   M    M   0        20 130
================================================================================
SM 2220 1365        58 103  0.06  0.0    248.2          M       36
================================================================================
AV 82.2 50.6                               9.2 FASTST   M    M   1    MAX(MPH)
                                 MISC ---->    35 360                 46  10
================================================================================
NOTES:
# LAST OF SEVERAL OCCURRENCES

COLUMN 17 PEAK WIND IN M.P.H.

PRELIMINARY LOCAL CLIMATOLOGICAL DATA (WS FORM: F-6) , PAGE 2

                                          STATION:   PIERRE SD
                                          MONTH:     SEPTEMBER
                                          YEAR:      2022
                                          LATITUDE:   44 22 N
                                          LONGITUDE: 100 17 W

[TEMPERATURE DATA]      [PRECIPITATION DATA]       SYMBOLS USED IN COLUMN 16

AVERAGE MONTHLY: 66.4   TOTAL FOR MONTH:   0.06    1 = FOG OR MIST
DPTR FM NORMAL:   2.2   DPTR FM NORMAL:   -1.50    2 = FOG REDUCING VISIBILITY
HIGHEST:    99 ON  1    GRTST 24HR  0.05 ON  8- 9      TO 1/4 MILE OR LESS
LOWEST:     41 ON 22                               3 = THUNDER
                        SNOW, ICE PELLETS, HAIL    4 = ICE PELLETS
                        TOTAL MONTH:   0.0 INCH    5 = HAIL
                        GRTST 24HR  0.0            6 = FREEZING RAIN OR DRIZZLE
                        GRTST DEPTH:  0            7 = DUSTSTORM OR SANDSTORM:
                                                       VSBY 1/2 MILE OR LESS
                                                   8 = SMOKE OR HAZE
[NO. OF DAYS WITH]      [WEATHER - DAYS WITH]      9 = BLOWING SNOW
                                                   X = TORNADO
MAX 32 OR BELOW:   0    0.01 INCH OR MORE:   3
MAX 90 OR ABOVE:   8    0.10 INCH OR MORE:   0
MIN 32 OR BELOW:   0    0.50 INCH OR MORE:   0
MIN  0 OR BELOW:   0    1.00 INCH OR MORE:   0

[HDD (BASE 65) ]
TOTAL THIS MO.    58    CLEAR  (SCALE 0-3)  22
DPTR FM NORMAL   -52    PTCLDY (SCALE 4-7)   4
TOTAL FM JUL 1    59    CLOUDY (SCALE 8-10)  1
DPTR FM NORMAL   -72

[CDD (BASE 65) ]
TOTAL THIS MO.   103
DPTR FM NORMAL    14    [PRESSURE DATA]
TOTAL FM JAN 1   963    HIGHEST SLP M ON M
DPTR FM NORMAL   135    LOWEST  SLP 29.60 ON  8

[REMARKS]
