000
CXUS51 KRLX 281130
CF6PKB
PRELIMINARY LOCAL CLIMATOLOGICAL DATA (WS FORM: F-6)

                                          STATION:   PARKERSBURG WV
                                          MONTH:     SEPTEMBER
                                          YEAR:      2022
                                          LATITUDE:   39 20 N
                                          LONGITUDE:  81 26 W

  TEMPERATURE IN F:       :PCPN:    SNOW:  WIND      :SUNSHINE: SKY     :PK WND
================================================================================
1   2   3   4   5  6A  6B    7    8   9   10  11  12  13   14  15   16   17  18
                                     12Z  AVG MX 2MIN
DY MAX MIN AVG DEP HDD CDD  WTR  SNW DPTH SPD SPD DIR MIN PSBL S-S WX    SPD DR
================================================================================

 1  84  57  71  -1   0   6 0.00    M    M  1.4  9 260   M    M   2        12 250
 2  86  62  74   3   0   9 0.00    M    M  2.4 12 200   M    M   2 12     14 210
 3  81  65  73   2   0   8 0.16    M    M  3.9 13 200   M    M   4 13     17 200
 4  77  68  73   2   0   8 0.24    M    M  2.4  9 170   M    M   6 1      12 160
 5  77  68  73   3   0   8 0.18    M    M  1.2  7 150   M    M   6 1       8 130
 6  81  68  75   5   0  10    T    M    M  3.0  9 330   M    M   9 12     11 290
 7  78  61  70   0   0   5 0.00    M    M  4.6 12  20   M    M   6        17  10
 8  80  56  68  -2   0   3 0.00    M    M  2.0  8  50   M    M   4 1      11  50
 9  84  60  72   3   0   7 0.00    M    M  2.4 10 130   M    M   4 12     13 120
10  75  61  68  -1   0   3 0.08    M    M  1.9 10 130   M    M   4 1      15 140
11  79  65  72   3   0   7 0.14    M    M  3.2 13 140   M    M   8 13     19 150
12  77  54  66  -2   0   1 0.03    M    M  4.4 12 280   M    M   6 1      17 250
13  70  52  61  -7   4   0 0.00    M    M  5.3 13 300   M    M   6 1      19 280
14  77  48  63  -5   2   0 0.00    M    M  0.9  9 220   M    M   2 1      12 220
15  81  54  68   1   0   3 0.00    M    M  0.9  6  20   M    M   4 12      9 330
16  80  56  68   1   0   3 0.00    M    M  0.8  6 140   M    M   4 12      8 150
17  83  58  71   5   0   6 0.00    M    M  1.3  8 180   M    M   5 12     11 190
18  83  60  72   6   0   7 0.00    M    M  2.7 12 240   M    M   2 1      18 270
19  76  61  69   3   0   4 1.01    M    M  2.9 13 200   M    M   6 123    16 200
20  82  60  71   6   0   6 0.00    M    M  1.5  9 320   M    M   5 12     13 310
21  87  59  73   8   0   8 0.00    M    M  5.8 16 200   M    M   2 1      20 190
22  75  46  61  -4   4   0 0.01    M    M  8.1 21 330   M    M   5 1      31 310
23  68  41  55  -9  10   0 0.00    M    M  1.9  9 300   M    M   1        14 310
24  71  51  61  -3   4   0 0.02    M    M  4.0 12 180   M    M   6        15 210
25  75  55  65   2   0   0 0.08    M    M  8.3 18 270   M    M   4 13     31 260
26  70  50  60  -3   5   0 0.01    M    M  7.9 21 260   M    M   6 1      32 250
27  76  44  60  -3   5   0    T    M    M  3.6 20 280   M    M   5 1      30 290
================================================================================
SM 2113 1540        34 112  1.96    M     88.7          M      124
================================================================================
AV 78.3 57.0                               3.3 FASTST   M    M   5    MAX(MPH)
                                 MISC ---->  # 21 330                 32 250
================================================================================
NOTES:
# LAST OF SEVERAL OCCURRENCES

COLUMN 17 PEAK WIND IN M.P.H.

PRELIMINARY LOCAL CLIMATOLOGICAL DATA (WS FORM: F-6) , PAGE 2

                                          STATION:   PARKERSBURG WV
                                          MONTH:     SEPTEMBER
                                          YEAR:      2022
                                          LATITUDE:   39 20 N
                                          LONGITUDE:  81 26 W

[TEMPERATURE DATA]      [PRECIPITATION DATA]       SYMBOLS USED IN COLUMN 16

AVERAGE MONTHLY: 67.6   TOTAL FOR MONTH:   1.96    1 = FOG OR MIST
DPTR FM NORMAL:   0.2   DPTR FM NORMAL:   -0.91    2 = FOG REDUCING VISIBILITY
HIGHEST:    87 ON 21    GRTST 24HR  1.01 ON 19-19      TO 1/4 MILE OR LESS
LOWEST:     41 ON 23                               3 = THUNDER
                        SNOW, ICE PELLETS, HAIL    4 = ICE PELLETS
                        TOTAL MONTH:  M            5 = HAIL
                        GRTST 24HR    M  ON   M    6 = FREEZING RAIN OR DRIZZLE
                        GRTST DEPTH:  M  ON   M    7 = DUSTSTORM OR SANDSTORM:
                                                       VSBY 1/2 MILE OR LESS
                                                   8 = SMOKE OR HAZE
[NO. OF DAYS WITH]      [WEATHER - DAYS WITH]      9 = BLOWING SNOW
                                                   X = TORNADO
MAX 32 OR BELOW:   0    0.01 INCH OR MORE:  11
MAX 90 OR ABOVE:   0    0.10 INCH OR MORE:   5
MIN 32 OR BELOW:   0    0.50 INCH OR MORE:   1
MIN  0 OR BELOW:   0    1.00 INCH OR MORE:   1

[HDD (BASE 65) ]
TOTAL THIS MO.    34    CLEAR  (SCALE 0-3)   6
DPTR FM NORMAL   -11    PTCLDY (SCALE 4-7)  20
TOTAL FM JUL 1    34    CLOUDY (SCALE 8-10)  1
DPTR FM NORMAL   -15

[CDD (BASE 65) ]
TOTAL THIS MO.   112
DPTR FM NORMAL     0    [PRESSURE DATA]
TOTAL FM JAN 1  1017    HIGHEST SLP M ON M
DPTR FM NORMAL    43    LOWEST  SLP 29.67 ON 25

[REMARKS]
