000
CXUS53 KAPX 280730
CF6PLN
PRELIMINARY LOCAL CLIMATOLOGICAL DATA (WS FORM: F-6)

                                          STATION:   PELLSTON
                                          MONTH:     SEPTEMBER
                                          YEAR:      2022
                                          LATITUDE:   45 34 N
                                          LONGITUDE:  84 48 W

  TEMPERATURE IN F:       :PCPN:    SNOW:  WIND      :SUNSHINE: SKY     :PK WND
================================================================================
1   2   3   4   5  6A  6B    7    8   9   10  11  12  13   14  15   16   17  18
                                     12Z  AVG MX 2MIN
DY MAX MIN AVG DEP HDD CDD  WTR  SNW DPTH SPD SPD DIR MIN PSBL S-S WX    SPD DR
================================================================================

 1  80  43  62   0   3   0 0.00    M    M  4.3 15 250   M    M   2        23 250
 2  86  60  73  11   0   8 0.00    M    M  8.4 21 240   M    M   1        32 210
 3  75  56  66   4   0   1 1.09    M    M  7.8 23 350   M    M   3 13     29 360
 4  65  43  54  -7  11   0 0.00    M    M  7.4 16  60   M    M   3        22  70
 5  72  41  57  -4   8   0 0.00    M    M  4.4 14  60   M    M   1 1      20  80
 6  76  41  59  -2   6   0 0.00    M    M  2.5 12  60   M    M   1 1      15 110
 7  79  44  62   2   3   0 0.00    M    M  2.7 10 310   M    M   0 12     15 310
 8  82  46  64   4   1   0 0.00    M    M  1.9  7 230   M    M   3 12      M   M
 9  82  54  68   8   0   3 0.00    M    M  5.2 13 220   M    M   0 1      23 220
10  82  52  67   8   0   2 0.00    M    M  5.1 13 290   M    M   2 1      17 280
11  68  59  64   5   1   0 0.14    M    M  6.8 13  20   M    M  10 1      17  20
12  66  63  65   6   0   0 0.81    M    M  9.2 18  60   M    M  10 1      25  50
13  75  59  67   9   0   2 0.26    M    M  6.6 13 290   M    M   6 1      21 280
14  68  46  57  -1   8   0 0.00    M    M  6.2 14 310   M    M   4        23  40
15  73  40  57  -1   8   0 0.00    M    M  3.5 12 150   M    M   1        18 160
16  76  64  70  13   0   5 0.00    M    M  5.4 15  60   M    M   5        19  80
17  83  58  71  14   0   6 0.01    M    M  4.6 15 220   M    M   2 12     24 250
18  80  67  74  17   0   9    T    M    M  9.1 18 250   M    M   6        31 250
19  73  54  64   8   1   0    T    M    M  8.0 17 290   M    M   4 12     25 300
20  79  50  65   9   0   0 0.00    M    M  3.0 12 180   M    M   3 12     19 210
21  74  52  63   7   2   0 0.01    M    M 12.2 31 330   M    M   7 1      42 330
22  57  36  47  -8  18   0    T    M    M 14.7 21 330   M    M   4        37 330
23  63  31  47  -8  18   0 0.00    M    M  3.1 10 250   M    M   2        21 250
24  55  42  49  -5  16   0 0.06    M    M  3.5 14 140   M    M   7 1      20 140
25  56  49  53  -1  12   0 0.02    M    M  6.0 15 330   M    M  10 1      20 340
26  63  47  55   1  10   0 0.06    M    M 11.8 25 320   M    M  10        35 330
27  59  45  52  -1  13   0 0.35    M    M 13.0 21 340   M    M  10 1      27 360
================================================================================
SM 1947 1342       139  36  2.81    M    176.4          M      117
================================================================================
AV 72.1 49.7                               6.5 FASTST   M    M   4    MAX(MPH)
                                 MISC ---->    31 330                 42 330
================================================================================
NOTES:
# LAST OF SEVERAL OCCURRENCES

COLUMN 17 PEAK WIND IN M.P.H.

PRELIMINARY LOCAL CLIMATOLOGICAL DATA (WS FORM: F-6) , PAGE 2

                                          STATION:   PELLSTON
                                          MONTH:     SEPTEMBER
                                          YEAR:      2022
                                          LATITUDE:   45 34 N
                                          LONGITUDE:  84 48 W

[TEMPERATURE DATA]      [PRECIPITATION DATA]       SYMBOLS USED IN COLUMN 16

AVERAGE MONTHLY: 60.9   TOTAL FOR MONTH:   2.81    1 = FOG OR MIST
DPTR FM NORMAL:   3.0   DPTR FM NORMAL:   -0.19    2 = FOG REDUCING VISIBILITY
HIGHEST:    86 ON  2    GRTST 24HR  1.09 ON  3- 3      TO 1/4 MILE OR LESS
LOWEST:     31 ON 23                               3 = THUNDER
                        SNOW, ICE PELLETS, HAIL    4 = ICE PELLETS
                        TOTAL MONTH:  M            5 = HAIL
                        GRTST 24HR    M  ON   M    6 = FREEZING RAIN OR DRIZZLE
                        GRTST DEPTH:  M  ON   M    7 = DUSTSTORM OR SANDSTORM:
                                                       VSBY 1/2 MILE OR LESS
                                                   8 = SMOKE OR HAZE
[NO. OF DAYS WITH]      [WEATHER - DAYS WITH]      9 = BLOWING SNOW
                                                   X = TORNADO
MAX 32 OR BELOW:   0    0.01 INCH OR MORE:  10
MAX 90 OR ABOVE:   0    0.10 INCH OR MORE:   5
MIN 32 OR BELOW:   1    0.50 INCH OR MORE:   2
MIN  0 OR BELOW:   0    1.00 INCH OR MORE:   1

[HDD (BASE 65) ]
TOTAL THIS MO.   139    CLEAR  (SCALE 0-3)  13
DPTR FM NORMAL   -76    PTCLDY (SCALE 4-7)   9
TOTAL FM JUL 1   196    CLOUDY (SCALE 8-10)  5
DPTR FM NORMAL  -158

[CDD (BASE 65) ]
TOTAL THIS MO.    36
DPTR FM NORMAL    16    [PRESSURE DATA]
TOTAL FM JAN 1   309    HIGHEST SLP M ON M
DPTR FM NORMAL    61    LOWEST  SLP 29.56 ON 26

[REMARKS]
