000
CXUS56 KLOX 271155
CF6PMD
PRELIMINARY LOCAL CLIMATOLOGICAL DATA (WS FORM: F-6)

                                          STATION:   PALMDALE AIRPORT CA
                                          MONTH:     SEPTEMBER
                                          YEAR:      2022
                                          LATITUDE:   34 37 N
                                          LONGITUDE: 118  5 W

  TEMPERATURE IN F:       :PCPN:    SNOW:  WIND      :SUNSHINE: SKY     :PK WND
================================================================================
1   2   3   4   5  6A  6B    7    8   9   10  11  12  13   14  15   16   17  18
                                     12Z  AVG MX 2MIN
DY MAX MIN AVG DEP HDD CDD  WTR  SNW DPTH SPD SPD DIR MIN PSBL S-S WX    SPD DR
================================================================================

 1 109  77  93  13   0  28 0.00    M    M  8.1 23 280   M    M   0        29 270
 2 110  75  93  14   0  28 0.00    M    M  8.4 23 220   M    M   0        29 240
 3 106  75  91  12   0  26    T    M    M  5.6 25 200   M    M   0 3      32 200
 4 104  73  89  10   0  24 0.20    M    M  5.2 35  90   M    M   0 3      53  90
 5 108  73  91  13   0  26 0.00    M    M  6.9 21  70   M    M   0        28  50
 6 109  71  90  12   0  25 0.00    M    M  9.0 24 220   M    M   0        31 210
 7 106  75  91  13   0  26 0.00    M    M  7.6 23 230   M    M   0        30 220
 8 100  73  87   9   0  22    T    M    M  5.9 21 140   M    M   0        27 140
 9  98  69  84   6   0  19 0.04    M    M  9.8 33 110   M    M   2        43 110
10  81  70  76  -1   0  11 0.02    M    M  4.9 15 200   M    M   7        20 200
11  90  68  79   2   0  14 0.46    M    M  8.6 36 120   M    M   2 13     44 120
12  84  67  76  -1   0  11    T    M    M  9.2 18 220   M    M   2 3      24 190
13  85  67  76   0   0  11 0.00    M    M 14.9 24 220   M    M   2        32 220
14  83  61  72  -4   0   7 0.00    M    M 11.0 24 270   M    M   0        31 240
15  83  58  71  -5   0   6 0.00    M    M  9.2 21 240   M    M   0        26 240
16  87  56  72  -3   0   7 0.00    M    M  7.9 18 240   M    M   0        23 240
17  83  60  72  -3   0   7 0.00    M    M 11.1 23 250   M    M   0        38 220
18  78  57  68  -7   0   3 0.00    M    M 15.7 32 220   M    M   0        39 230
19  82  52  67  -7   0   2 0.00    M    M 10.8 28 240   M    M   0        34 250
20  81  56  69  -5   0   4 0.00    M    M 13.4 25 250   M    M   0        33 250
21  80  52  66  -8   0   1 0.00    M    M 10.4 23 240   M    M   0        29 250
22  86  49  68  -5   0   3 0.00    M    M  4.6 12 120   M    M   0        15  30
23  92  53  73   0   0   8 0.00    M    M  3.9 14 270   M    M   0        16 270
24  95  64  80   8   0  15 0.00    M    M  5.4 16 230   M    M   0        20 240
25  97  66  82  10   0  17 0.00    M    M  4.8 20 240   M    M   0        24 240
26 100  66  83  11   0  18 0.00    M    M  5.2 15 240   M    M   0        17 240
================================================================================
SM 2417 1683         0 369  0.72    M    217.5          M       15
================================================================================
AV 93.0 64.7                               8.4 FASTST   M    M   1    MAX(MPH)
                                 MISC ---->    36 120                 53  90
================================================================================
NOTES:
# LAST OF SEVERAL OCCURRENCES

COLUMN 17 PEAK WIND IN M.P.H.

PRELIMINARY LOCAL CLIMATOLOGICAL DATA (WS FORM: F-6) , PAGE 2

                                          STATION:   PALMDALE AIRPORT CA
                                          MONTH:     SEPTEMBER
                                          YEAR:      2022
                                          LATITUDE:   34 37 N
                                          LONGITUDE: 118  5 W

[TEMPERATURE DATA]      [PRECIPITATION DATA]       SYMBOLS USED IN COLUMN 16

AVERAGE MONTHLY: 78.8   TOTAL FOR MONTH:   0.72    1 = FOG OR MIST
DPTR FM NORMAL:   2.9   DPTR FM NORMAL:    0.57    2 = FOG REDUCING VISIBILITY
HIGHEST:   110 ON  2    GRTST 24HR  0.46 ON 11-11      TO 1/4 MILE OR LESS
LOWEST:     49 ON 22                               3 = THUNDER
                        SNOW, ICE PELLETS, HAIL    4 = ICE PELLETS
                        TOTAL MONTH:  M            5 = HAIL
                        GRTST 24HR    M  ON   M    6 = FREEZING RAIN OR DRIZZLE
                        GRTST DEPTH:  M  ON   M    7 = DUSTSTORM OR SANDSTORM:
                                                       VSBY 1/2 MILE OR LESS
                                                   8 = SMOKE OR HAZE
[NO. OF DAYS WITH]      [WEATHER - DAYS WITH]      9 = BLOWING SNOW
                                                   X = TORNADO
MAX 32 OR BELOW:   0    0.01 INCH OR MORE:   4
MAX 90 OR ABOVE:  14    0.10 INCH OR MORE:   2
MIN 32 OR BELOW:   0    0.50 INCH OR MORE:   0
MIN  0 OR BELOW:   0    1.00 INCH OR MORE:   0

[HDD (BASE 65) ]
TOTAL THIS MO.     0    CLEAR  (SCALE 0-3)  25
DPTR FM NORMAL    -2    PTCLDY (SCALE 4-7)   1
TOTAL FM JUL 1     0    CLOUDY (SCALE 8-10)  0
DPTR FM NORMAL    -2

[CDD (BASE 65) ]
TOTAL THIS MO.   369
DPTR FM NORMAL    82    [PRESSURE DATA]
TOTAL FM JAN 1  2265    HIGHEST SLP M ON M
DPTR FM NORMAL   422    LOWEST  SLP 29.58 ON  9

[REMARKS]
