000
CXUS55 KALY 280710
CF6POU
PRELIMINARY LOCAL CLIMATOLOGICAL DATA (WS FORM: F-6)

                                          STATION:   POUGHKEEPSIE NY
                                          MONTH:     SEPTEMBER
                                          YEAR:      2022
                                          LATITUDE:   41 37 N
                                          LONGITUDE:  73 53 W

  TEMPERATURE IN F:       :PCPN:    SNOW:  WIND      :SUNSHINE: SKY     :PK WND
================================================================================
1   2   3   4   5  6A  6B    7    8   9   10  11  12  13   14  15   16   17  18
                                     12Z  AVG MX 2MIN
DY MAX MIN AVG DEP HDD CDD  WTR  SNW DPTH SPD SPD DIR MIN PSBL S-S WX    SPD DR
================================================================================

 1  82  57  70   1   0   5 0.00    M    M  6.6 18 320   M    M   0        27 270
 2  82  48  65  -4   0   0 0.00    M    M  1.5  8 350   M    M   0        11 350
 3  84  55  70   2   0   5 0.00    M    M  2.8 12 240   M    M   2        18 240
 4  90  68  79  11   0  14 0.08    M    M  2.2 20 290   M    M   4 13     24 290
 5  75  63  69   1   0   4 1.46    M    M  3.3 10 320   M    M   9 1      13 350
 6  68  65  67   0   0   2 1.17    M    M  3.0 10  80   M    M  10 1      13 100
 7  69  64  67   0   0   2 0.02    M    M  3.7 12 360   M    M  10 1      15  30
 8  81  57  69   2   0   4 0.00    M    M  2.3 13  20   M    M   5 1      16  20
 9  83  54  69   3   0   4 0.00    M    M  0.5  7 270   M    M   0        10 230
10  86  55  71   5   0   6 0.00    M    M  0.9 10 240   M    M   0        13 240
11  72  63  68   2   0   3 0.04    M    M  1.2  9 230   M    M   7 18     11 220
12  80  64  72   7   0   7 0.01    M    M  1.5  8 240   M    M   9 1      11 220
13  84  60  72   7   0   7 0.16    M    M  4.5 16 260   M    M   7 1      20 260
14  80  54  67   2   0   2 0.00    M    M  4.8 15 320   M    M   0        21 310
15  73  48  61  -3   4   0 0.00    M    M  5.8 17  10   M    M   1        23 360
16  73  43  58  -6   7   0 0.00    M    M  1.2  8  10   M    M   2        10 250
17  75  55  65   1   0   0 0.00    M    M  2.8 10 260   M    M   5        13 160
18  84  57  71   8   0   6 0.00    M    M  4.0 15 220   M    M   2        23 240
19  84  65  75  12   0  10 0.47    M    M  4.2 30 250   M    M   7 13     39 250
20  78  59  69   7   0   4 0.00    M    M  4.5 14 260   M    M   5 1      18 300
21  79  57  68   6   0   3 0.00    M    M  2.2  9 230   M    M   3        13 240
22  70  50  60  -2   5   0 1.25    M    M  4.8 22 310   M    M   6 13     32 300
23  62  40  51 -10  14   0 0.00    M    M  8.4 20 310   M    M   1        27  10
24  70  37  54  -7  11   0 0.00    M    M  2.0 12 300   M    M   0        13 300
25  70  48  59  -1   6   0    T    M    M  3.5 13 170   M    M   4        19 170
26  74  49  62   2   3   0 0.04    M    M  5.1 16 280   M    M   3 1      25 210
27  66  47  57  -3   8   0 0.00    M    M  4.1 15 260   M    M   3 1      19 250
================================================================================
SM 2074 1482        58  88  4.70    M     91.4          M      105
================================================================================
AV 76.8 54.9                               3.4 FASTST   M    M   4    MAX(MPH)
                                 MISC ---->    30 250                 39 250
================================================================================
NOTES:
# LAST OF SEVERAL OCCURRENCES

COLUMN 17 PEAK WIND IN M.P.H.

PRELIMINARY LOCAL CLIMATOLOGICAL DATA (WS FORM: F-6) , PAGE 2

                                          STATION:   POUGHKEEPSIE NY
                                          MONTH:     SEPTEMBER
                                          YEAR:      2022
                                          LATITUDE:   41 37 N
                                          LONGITUDE:  73 53 W

[TEMPERATURE DATA]      [PRECIPITATION DATA]       SYMBOLS USED IN COLUMN 16

AVERAGE MONTHLY: 65.9   TOTAL FOR MONTH:   4.70    1 = FOG OR MIST
DPTR FM NORMAL:   1.3   DPTR FM NORMAL:    0.87    2 = FOG REDUCING VISIBILITY
HIGHEST:    90 ON  4    GRTST 24HR  2.38 ON  5- 6      TO 1/4 MILE OR LESS
LOWEST:     37 ON 24                               3 = THUNDER
                        SNOW, ICE PELLETS, HAIL    4 = ICE PELLETS
                        TOTAL MONTH:  M            5 = HAIL
                        GRTST 24HR    M  ON   M    6 = FREEZING RAIN OR DRIZZLE
                        GRTST DEPTH:  M  ON   M    7 = DUSTSTORM OR SANDSTORM:
                                                       VSBY 1/2 MILE OR LESS
                                                   8 = SMOKE OR HAZE
[NO. OF DAYS WITH]      [WEATHER - DAYS WITH]      9 = BLOWING SNOW
                                                   X = TORNADO
MAX 32 OR BELOW:   0    0.01 INCH OR MORE:  10
MAX 90 OR ABOVE:   1    0.10 INCH OR MORE:   5
MIN 32 OR BELOW:   0    0.50 INCH OR MORE:   3
MIN  0 OR BELOW:   0    1.00 INCH OR MORE:   3

[HDD (BASE 65) ]
TOTAL THIS MO.    58    CLEAR  (SCALE 0-3)  12
DPTR FM NORMAL   -27    PTCLDY (SCALE 4-7)  11
TOTAL FM JUL 1    58    CLOUDY (SCALE 8-10)  4
DPTR FM NORMAL   -38

[CDD (BASE 65) ]
TOTAL THIS MO.    88
DPTR FM NORMAL    15    [PRESSURE DATA]
TOTAL FM JAN 1   993    HIGHEST SLP M ON M
DPTR FM NORMAL   256    LOWEST  SLP 29.53 ON 22

[REMARKS]
