000
CXUS56 KLOX 251155
CF6PRB
PRELIMINARY LOCAL CLIMATOLOGICAL DATA (WS FORM: F-6)

                                          STATION:   PASO ROBLES AIRPORT CA
                                          MONTH:     SEPTEMBER
                                          YEAR:      2022
                                          LATITUDE:   35 40 N
                                          LONGITUDE: 120 38 W

  TEMPERATURE IN F:       :PCPN:    SNOW:  WIND      :SUNSHINE: SKY     :PK WND
================================================================================
1   2   3   4   5  6A  6B    7    8   9   10  11  12  13   14  15   16   17  18
                                     12Z  AVG MX 2MIN
DY MAX MIN AVG DEP HDD CDD  WTR  SNW DPTH SPD SPD DIR MIN PSBL S-S WX    SPD DR
================================================================================

 1 111  58  85  12   0  20 0.00    M    M  4.4 17 320   M    M   0        21 310
 2 110  62  86  14   0  21 0.00    M    M  6.8 20 300   M    M   0        24 300
 3 109  60  85  13   0  20 0.00    M    M  6.4 18 310   M    M   0        23 320
 4 109  61  85  13   0  20 0.00    M    M  4.8 21 210   M    M   0        26 210
 5 112  64  88  16   0  23 0.00    M    M  3.0 17 200   M    M   0        22 210
 6 107  64  86  14   0  21 0.00    M    M  5.9 22 210   M    M   0        28 210
 7 110  64  87  15   0  22 0.00    M    M  5.7 20 320   M    M   0        24 320
 8 108  63  86  14   0  21 0.00    M    M  5.3 24 200   M    M   0        32 200
 9 104  62  83  11   0  18    T    M    M  5.9 26 210   M    M   0 3      33 210
10  92  71  82  11   0  17 0.00    M    M  9.9 20 230   M    M   1        23 240
11  91  69  80   9   0  15 0.07    M    M  6.5 20 210   M    M   3 8      23 200
12  95  62  79   8   0  14 0.00    M    M  6.5 22 210   M    M   1        27 210
13  86  57  72   1   0   7 0.00    M    M 11.2 22 200   M    M   0        26 210
14  83  48  66  -4   0   1 0.00    M    M  7.3 20 220   M    M   0        23 210
15  82  49  66  -4   0   1 0.00    M    M  7.9 20 320   M    M   0        23 320
16  86  50  68  -2   0   3 0.00    M    M  8.5 18 310   M    M   0        25 300
17  77  52  65  -5   0   0 0.00    M    M 11.1 23 200   M    M   1        27 200
18  73  55  64  -6   1   0 0.07    M    M 10.1 23 190   M    M   7 1      30 160
19  68  57  63  -6   2   0 0.24    M    M  6.2 14 120   M    M   9 1      16 190
20  74  53  64  -5   1   0 0.00    M    M  5.3 16 230   M    M   3 12     23 240
21  78  47  63  -6   2   0 0.00    M    M  5.2 18 320   M    M   1 1      23 310
22  85  50  68  -1   0   3 0.00    M    M  4.2 18  90   M    M   0        23  90
23  92  49  71   3   0   6 0.00    M    M  3.0 14 200   M    M   0        17 200
24  93  50  72   4   0   7 0.00    M    M  4.1 16 200   M    M   0        19 210
================================================================================
SM 2235 1377         6 260  0.38    M    155.2          M       26
================================================================================
AV 93.1 57.4                               6.5 FASTST   M    M   1    MAX(MPH)
                                 MISC ---->    26 210                 33 210
================================================================================
NOTES:
# LAST OF SEVERAL OCCURRENCES

COLUMN 17 PEAK WIND IN M.P.H.

PRELIMINARY LOCAL CLIMATOLOGICAL DATA (WS FORM: F-6) , PAGE 2

                                          STATION:   PASO ROBLES AIRPORT CA
                                          MONTH:     SEPTEMBER
                                          YEAR:      2022
                                          LATITUDE:   35 40 N
                                          LONGITUDE: 120 38 W

[TEMPERATURE DATA]      [PRECIPITATION DATA]       SYMBOLS USED IN COLUMN 16

AVERAGE MONTHLY: 75.3   TOTAL FOR MONTH:   0.38    1 = FOG OR MIST
DPTR FM NORMAL:   4.6   DPTR FM NORMAL:    0.35    2 = FOG REDUCING VISIBILITY
HIGHEST:   112 ON  5    GRTST 24HR  0.31 ON 18-19      TO 1/4 MILE OR LESS
LOWEST:     47 ON 21                               3 = THUNDER
                        SNOW, ICE PELLETS, HAIL    4 = ICE PELLETS
                        TOTAL MONTH:  M            5 = HAIL
                        GRTST 24HR    M  ON   M    6 = FREEZING RAIN OR DRIZZLE
                        GRTST DEPTH:  M  ON   M    7 = DUSTSTORM OR SANDSTORM:
                                                       VSBY 1/2 MILE OR LESS
                                                   8 = SMOKE OR HAZE
[NO. OF DAYS WITH]      [WEATHER - DAYS WITH]      9 = BLOWING SNOW
                                                   X = TORNADO
MAX 32 OR BELOW:   0    0.01 INCH OR MORE:   3
MAX 90 OR ABOVE:  14    0.10 INCH OR MORE:   1
MIN 32 OR BELOW:   0    0.50 INCH OR MORE:   0
MIN  0 OR BELOW:   0    1.00 INCH OR MORE:   0

[HDD (BASE 65) ]
TOTAL THIS MO.     6    CLEAR  (SCALE 0-3)  21
DPTR FM NORMAL    -2    PTCLDY (SCALE 4-7)   2
TOTAL FM JUL 1     6    CLOUDY (SCALE 8-10)  1
DPTR FM NORMAL    -8

[CDD (BASE 65) ]
TOTAL THIS MO.   260
DPTR FM NORMAL   112    [PRESSURE DATA]
TOTAL FM JAN 1  1331    HIGHEST SLP M ON M
DPTR FM NORMAL   437    LOWEST  SLP 29.51 ON  9

[REMARKS]
