000
CXUS56 KPDT 281810
CF6PSC
PRELIMINARY LOCAL CLIMATOLOGICAL DATA (WS FORM: F-6)

                                          STATION:   PASCO WA
                                          MONTH:     SEPTEMBER
                                          YEAR:      2022
                                          LATITUDE:   46 16 N
                                          LONGITUDE: 119  7 W

  TEMPERATURE IN F:       :PCPN:    SNOW:  WIND      :SUNSHINE: SKY     :PK WND
================================================================================
1   2   3   4   5  6A  6B    7    8   9   10  11  12  13   14  15   16   17  18
                                     12Z  AVG MX 2MIN
DY MAX MIN AVG DEP HDD CDD  WTR  SNW DPTH SPD SPD DIR MIN PSBL S-S WX    SPD DR
================================================================================

 1 102  59  81  12   0  16 0.00    M    M  4.2 12 200   M    M   0        16 270
 2  96  59  78   9   0  13 0.00    M    M  4.6 12 340   M    M   0        13 310
 3  89  68  79  11   0  14    T    M    M 11.4 23 200   M    M   1        34 220
 4  94  64  79  11   0  14 0.00    M    M  7.5 18 190   M    M   0        22 190
 5  87  54  71   3   0   6 0.00    M    M  3.7 10  30   M    M   0        15 350
 6  91  50  71   4   0   6 0.00    M    M  3.9 10  10   M    M   0 8      15 340
 7  94  55  75   8   0  10 0.00    M    M  6.1 25 320   M    M   0        33 310
 8  84  48  66  -1   0   1 0.00    M    M  3.6 14 340   M    M   2 8      22 340
 9  88   M   M   M   M   M 0.00    M    M  5.8 14 340   M    M   1 8      19  20
10  88   M   M   M   M   M 0.00    M    M  4.7 10 340   M    M   3 8      15 330
11  84  54  69   3   0   4 0.00    M    M  3.7 12 350   M    M   6 8      13 350
12  80  54  67   1   0   2    T    M    M  4.0 10 300   M    M   8 18     14 270
13  81  49  65   0   0   0 0.00    M    M  2.3  9 100   M    M   3 18     13  80
14  80  51  66   1   0   1 0.00    M    M  4.3 14 220   M    M   2 8      18 220
15  82  49  66   1   0   1 0.00    M    M  4.3 10 160   M    M   0 8      17 180
16  78  52  65   1   0   0 0.00    M    M  7.5 16 200   M    M   2        24 260
17  75  42  59  -5   6   0 0.09    M    M  8.0 18 340   M    M   2 8      25 330
18  73  53  63  -1   2   0    T    M    M  4.7 14 130   M    M   2        20 330
19  82  47  65   2   0   0 0.00    M    M  3.5 12 340   M    M   0        14 130
20  81  49  65   2   0   0 0.00    M    M 11.0 22 330   M    M   0 8      29 340
21  78  49  64   2   1   0 0.00    M    M  8.1 17 220   M    M   0        23 220
22  81  55  68   6   0   3 0.00    M    M 12.5 26 220   M    M   0 8      34 220
23  80  50  65   3   0   0 0.00    M    M  4.9 13 220   M    M   0        18 210
24  82  45  64   3   1   0 0.00    M    M  3.5  9 340   M    M   0        13 340
25  84  45  65   4   0   0 0.00    M    M  4.4 10  10   M    M   0 18     14 350
26  85  45  65   4   0   0 0.00    M    M  4.0 10 320   M    M   0 1      15 340
27  87  46  67   7   0   2 0.00    M    M  3.8  8 350   M    M   0 1      14 360
================================================================================
SM 2286 1292        10  93  0.09    M    150.0          M       32
================================================================================
AV 84.7 51.7                               5.6 FASTST   M    M   1    MAX(MPH)
                                 MISC ---->    26 220               # 34 220
================================================================================
NOTES:
# LAST OF SEVERAL OCCURRENCES

COLUMN 17 PEAK WIND IN M.P.H.

PRELIMINARY LOCAL CLIMATOLOGICAL DATA (WS FORM: F-6) , PAGE 2

                                          STATION:   PASCO WA
                                          MONTH:     SEPTEMBER
                                          YEAR:      2022
                                          LATITUDE:   46 16 N
                                          LONGITUDE: 119  7 W

[TEMPERATURE DATA]      [PRECIPITATION DATA]       SYMBOLS USED IN COLUMN 16

AVERAGE MONTHLY: 68.2   TOTAL FOR MONTH:   0.09    1 = FOG OR MIST
DPTR FM NORMAL:   3.4   DPTR FM NORMAL:   -0.18    2 = FOG REDUCING VISIBILITY
HIGHEST:   102 ON  1    GRTST 24HR  0.09 ON 17-17      TO 1/4 MILE OR LESS
LOWEST:     42 ON 17                               3 = THUNDER
                        SNOW, ICE PELLETS, HAIL    4 = ICE PELLETS
                        TOTAL MONTH:  M            5 = HAIL
                        GRTST 24HR    M  ON   M    6 = FREEZING RAIN OR DRIZZLE
                        GRTST DEPTH:  M  ON   M    7 = DUSTSTORM OR SANDSTORM:
                                                       VSBY 1/2 MILE OR LESS
                                                   8 = SMOKE OR HAZE
[NO. OF DAYS WITH]      [WEATHER - DAYS WITH]      9 = BLOWING SNOW
                                                   X = TORNADO
MAX 32 OR BELOW:   0    0.01 INCH OR MORE:   1
MAX 90 OR ABOVE:   5    0.10 INCH OR MORE:   0
MIN 32 OR BELOW:   0    0.50 INCH OR MORE:   0
MIN  0 OR BELOW:   0    1.00 INCH OR MORE:   0

[HDD (BASE 65) ]
TOTAL THIS MO.    10    CLEAR  (SCALE 0-3)  24
DPTR FM NORMAL   -57    PTCLDY (SCALE 4-7)   2
TOTAL FM JUL 1    10    CLOUDY (SCALE 8-10)  1
DPTR FM NORMAL   -65

[CDD (BASE 65) ]
TOTAL THIS MO.    93
DPTR FM NORMAL    31    [PRESSURE DATA]
TOTAL FM JAN 1  1124    HIGHEST SLP M ON M
DPTR FM NORMAL   340    LOWEST  SLP 29.65 ON 17

[REMARKS]
