000
CXUS55 KPUB 251210
CF6PUB
PRELIMINARY LOCAL CLIMATOLOGICAL DATA (WS FORM: F-6)

                                          STATION:   PUEBLO CO
                                          MONTH:     SEPTEMBER
                                          YEAR:      2022
                                          LATITUDE:   38 16 N
                                          LONGITUDE: 104 31 W

  TEMPERATURE IN F:       :PCPN:    SNOW:  WIND      :SUNSHINE: SKY     :PK WND
================================================================================
1   2   3   4   5  6A  6B    7    8   9   10  11  12  13   14  15   16   17  18
                                     12Z  AVG MX 2MIN
DY MAX MIN AVG DEP HDD CDD  WTR  SNW DPTH SPD SPD DIR MIN PSBL S-S WX    SPD DR
================================================================================

 1  95  55  75   3   0  10 0.00  0.0    0  6.4 17 130   M    M   0        23 140
 2 100  56  78   6   0  13 0.10  0.0    0  8.8 41 360   M    M   0 3      55 350
 3  89  61  75   4   0  10 0.21  0.0    0  9.7 24 350   M    M   2 13     31 340
 4  93  56  75   4   0  10 0.00  0.0    0  6.0 14 110   M    M   0        18 140
 5  94  55  75   4   0  10 0.00  0.0    0  5.9 16 100   M    M   0        24 110
 6 100  51  76   6   0  11 0.00  0.0    0  5.8 17 140   M    M   0        22 120
 7 100  55  78   8   0  13 0.00  0.0    0  7.9 23 120   M    M   0        30 120
 8 101  53  77   7   0  12 0.00  0.0    0  6.4 16 120   M    M   0        21 120
 9  81  59  70   1   0   5 0.00  0.0    0 13.1 36  10   M    M   1        47 360
10  59  51  55 -14  10   0 0.09  0.0    0  9.4 15  90   M    M  10 1      18  90
11  74  47  61  -8   4   0    T  0.0    0  4.0 10 360   M    M   5 1      13 220
12  92  44  68   0   0   3 0.00  0.0    0  5.1 15 140   M    M   0 1      19 130
13  93  48  71   3   0   6 0.00  0.0    0  7.4 20 110   M    M   0        25  90
14  88  57  73   5   0   8 0.00  0.0    0  5.5 28 300   M    M   1        34 300
15  88  51  70   3   0   5 0.00  0.0    0  9.9 29  40   M    M   1        38  40
16  90  50  70   3   0   5 0.00  0.0    0  7.2 17 360   M    M   1        23 360
17  90  51  71   5   0   6 0.00  0.0    0  7.8 25  90   M    M   0        32 110
18  95  45  70   4   0   5 0.00  0.0    0  4.0 20 150   M    M   0        28 140
19  96  56  76  10   0  11 0.00  0.0    0  5.4 13 120   M    M   0        21 190
20  97  56  77  12   0  12 0.00  0.0    0  7.2 15 290   M    M   0        18 270
21  76  53  65   1   0   0 0.02  0.0    0 14.3 28  70   M    M   6        36  30
22  60  50  55  -9  10   0 0.07  0.0    0  6.9 14 140   M    M   9 1      17 140
23  90  51  71   7   0   6 0.00  0.0    0  8.7 23 280   M    M   3 1      31 280
24  88  48  68   5   0   3 0.00  0.0    0  6.7 15 100   M    M   0        18 110
================================================================================
SM 2129 1259        24 164  0.49  0.0    179.5          M       39
================================================================================
AV 88.7 52.5                               7.5 FASTST   M    M   2    MAX(MPH)
                                 MISC ---->    41 360                 55 350
================================================================================
NOTES:
# LAST OF SEVERAL OCCURRENCES

COLUMN 17 PEAK WIND IN M.P.H.

PRELIMINARY LOCAL CLIMATOLOGICAL DATA (WS FORM: F-6) , PAGE 2

                                          STATION:   PUEBLO CO
                                          MONTH:     SEPTEMBER
                                          YEAR:      2022
                                          LATITUDE:   38 16 N
                                          LONGITUDE: 104 31 W

[TEMPERATURE DATA]      [PRECIPITATION DATA]       SYMBOLS USED IN COLUMN 16

AVERAGE MONTHLY: 70.6   TOTAL FOR MONTH:   0.49    1 = FOG OR MIST
DPTR FM NORMAL:   2.7   DPTR FM NORMAL:   -0.05    2 = FOG REDUCING VISIBILITY
HIGHEST:   101 ON  8    GRTST 24HR  0.31 ON  2- 3      TO 1/4 MILE OR LESS
LOWEST:     44 ON 12                               3 = THUNDER
                        SNOW, ICE PELLETS, HAIL    4 = ICE PELLETS
                        TOTAL MONTH:   0.0 INCH    5 = HAIL
                        GRTST 24HR  0.0            6 = FREEZING RAIN OR DRIZZLE
                        GRTST DEPTH:  0            7 = DUSTSTORM OR SANDSTORM:
                                                       VSBY 1/2 MILE OR LESS
                                                   8 = SMOKE OR HAZE
[NO. OF DAYS WITH]      [WEATHER - DAYS WITH]      9 = BLOWING SNOW
                                                   X = TORNADO
MAX 32 OR BELOW:   0    0.01 INCH OR MORE:   5
MAX 90 OR ABOVE:  15    0.10 INCH OR MORE:   2
MIN 32 OR BELOW:   0    0.50 INCH OR MORE:   0
MIN  0 OR BELOW:   0    1.00 INCH OR MORE:   0

[HDD (BASE 65) ]
TOTAL THIS MO.    24    CLEAR  (SCALE 0-3)  20
DPTR FM NORMAL   -17    PTCLDY (SCALE 4-7)   2
TOTAL FM JUL 1    24    CLOUDY (SCALE 8-10)  2
DPTR FM NORMAL   -21

[CDD (BASE 65) ]
TOTAL THIS MO.   164
DPTR FM NORMAL    54    [PRESSURE DATA]
TOTAL FM JAN 1  1339    HIGHEST SLP M ON M
DPTR FM NORMAL   274    LOWEST  SLP 29.59 ON  8

[REMARKS]
