000
CXUS56 KOTX 280910
CF6PUW
PRELIMINARY LOCAL CLIMATOLOGICAL DATA (WS FORM: F-6)

                                          STATION:   PULLMAN_MOSCOW  AIRPORT
                                          MONTH:     SEPTEMBER
                                          YEAR:      2022
                                          LATITUDE:   46 44 N
                                          LONGITUDE: 117  7 W

  TEMPERATURE IN F:       :PCPN:    SNOW:  WIND      :SUNSHINE: SKY     :PK WND
================================================================================
1   2   3   4   5  6A  6B    7    8   9   10  11  12  13   14  15   16   17  18
                                     12Z  AVG MX 2MIN
DY MAX MIN AVG DEP HDD CDD  WTR  SNW DPTH SPD SPD DIR MIN PSBL S-S WX    SPD DR
================================================================================

 1  90  54  72   8   0   7 0.00    M    M  3.7 13 240   M    M   0 8      20 260
 2  96  58  77  13   0  12 0.00    M    M  8.9 20  90   M    M   0 8      25 100
 3  80  50  65   2   0   0 0.04    M    M  5.5 25  70   M    M   1 38     42  70
 4  83  44  64   1   1   0 0.00    M    M  4.3 15 280   M    M   0 8      20 280
 5  78  48  63   0   2   0 0.00    M    M  5.9 17 250   M    M   0        23 240
 6  89  45  67   4   0   2    T    M    M  4.2 15  90   M    M   0 8      19 110
 7  85  51  68   6   0   3 0.00    M    M  5.5 20 250   M    M   0 8      25 250
 8  73  46  60  -2   5   0 0.00    M    M  8.7 18 260   M    M   1 8      24 260
 9  76  38  57  -5   8   0 0.00    M    M  2.6 12 100   M    M   0 8      16  90
10  80  50  65   3   0   0 0.00    M    M  5.5 20 100   M    M   6 8      24  90
11  81  57  69   8   0   4 0.00    M    M  5.8 14 100   M    M  10 8      19 100
12  74  50  62   1   3   0 0.00    M    M  2.7 16 250   M    M   9 8      20 270
13  77  47  62   1   3   0 0.00    M    M  3.0 12 290   M    M  10 8      14 280
14  71  46  59  -1   6   0 0.01    M    M  2.9 13 280   M    M   4 138    16 280
15  72  42  57  -3   8   0 0.00    M    M  1.4  8 330   M    M   2 18     12 350
16  69  43  56  -4   9   0 0.00    M    M  4.9 20 280   M    M   4 8      28 280
17  72  35  54  -6  11   0    T    M    M  5.0 21  20   M    M   1        26  20
18  67  47  57  -2   8   0 0.00    M    M  3.3 12 160   M    M   2        15 170
19  74  41  58  -1   7   0 0.00    M    M  2.8 13 250   M    M   0 8      17 250
20  77  38  58  -1   7   0 0.00    M    M  3.4 16 360   M    M   0 8      21 360
21  75  45  60   2   5   0    T    M    M  4.1 24  30   M    M   1 8      26  30
22  65  49  57  -1   8   0 0.46    M    M 10.6 24 240   M    M   5 18     33 250
23  69  43  56  -2   9   0 0.00    M    M  3.9 15 240   M    M   1        20 230
24  75  48  62   5   3   0 0.00    M    M  4.0 12  90   M    M   0        14  90
25  80  47  64   7   1   0 0.00    M    M  2.7 13  90   M    M   0        16 100
26  85  54  70  14   0   5 0.00    M    M  7.4 16  90   M    M   0        20  90
27  89  52  71  15   0   6 0.00    M    M  8.7 22 100   M    M   0 8      26 100
================================================================================
SM 2102 1268       104  39  0.51    M    131.4          M       57
================================================================================
AV 77.9 47.0                               4.9 FASTST   M    M   2    MAX(MPH)
                                 MISC ---->    25  70                 42  70
================================================================================
NOTES:
# LAST OF SEVERAL OCCURRENCES

COLUMN 17 PEAK WIND IN M.P.H.

PRELIMINARY LOCAL CLIMATOLOGICAL DATA (WS FORM: F-6) , PAGE 2

                                          STATION:   PULLMAN_MOSCOW  AIRPORT
                                          MONTH:     SEPTEMBER
                                          YEAR:      2022
                                          LATITUDE:   46 44 N
                                          LONGITUDE: 117  7 W

[TEMPERATURE DATA]      [PRECIPITATION DATA]       SYMBOLS USED IN COLUMN 16

AVERAGE MONTHLY: 62.4   TOTAL FOR MONTH:   0.51    1 = FOG OR MIST
DPTR FM NORMAL:   2.1   DPTR FM NORMAL:   -0.04    2 = FOG REDUCING VISIBILITY
HIGHEST:    96 ON  2    GRTST 24HR  0.46 ON 22-22      TO 1/4 MILE OR LESS
LOWEST:     35 ON 17                               3 = THUNDER
                        SNOW, ICE PELLETS, HAIL    4 = ICE PELLETS
                        TOTAL MONTH:  M            5 = HAIL
                        GRTST 24HR    M  ON   M    6 = FREEZING RAIN OR DRIZZLE
                        GRTST DEPTH:  M  ON   M    7 = DUSTSTORM OR SANDSTORM:
                                                       VSBY 1/2 MILE OR LESS
                                                   8 = SMOKE OR HAZE
[NO. OF DAYS WITH]      [WEATHER - DAYS WITH]      9 = BLOWING SNOW
                                                   X = TORNADO
MAX 32 OR BELOW:   0    0.01 INCH OR MORE:   3
MAX 90 OR ABOVE:   2    0.10 INCH OR MORE:   1
MIN 32 OR BELOW:   0    0.50 INCH OR MORE:   0
MIN  0 OR BELOW:   0    1.00 INCH OR MORE:   0

[HDD (BASE 65) ]
TOTAL THIS MO.   104    CLEAR  (SCALE 0-3)  20
DPTR FM NORMAL   -55    PTCLDY (SCALE 4-7)   4
TOTAL FM JUL 1   127    CLOUDY (SCALE 8-10)  3
DPTR FM NORMAL  -130

[CDD (BASE 65) ]
TOTAL THIS MO.    39
DPTR FM NORMAL     7    [PRESSURE DATA]
TOTAL FM JAN 1   402    HIGHEST SLP M ON M
DPTR FM NORMAL   120    LOWEST  SLP 29.69 ON 17

[REMARKS]
