000
CXUS54 KOUN 280810
CF6PWA
PRELIMINARY LOCAL CLIMATOLOGICAL DATA (WS FORM: F-6)

                                          STATION:   BETHANY/WILEY POST
                                          MONTH:     SEPTEMBER
                                          YEAR:      2022
                                          LATITUDE:   35 31 N
                                          LONGITUDE:  97 38 W

  TEMPERATURE IN F:       :PCPN:    SNOW:  WIND      :SUNSHINE: SKY     :PK WND
================================================================================
1   2   3   4   5  6A  6B    7    8   9   10  11  12  13   14  15   16   17  18
                                     12Z  AVG MX 2MIN
DY MAX MIN AVG DEP HDD CDD  WTR  SNW DPTH SPD SPD DIR MIN PSBL S-S WX    SPD DR
================================================================================

 1  77  70  74  -5   0   9 1.26  0.0    0  7.6 17 200   M    M   6 12     20 200
 2  94  72  83   4   0  18 0.00  0.0    0  6.5 14 200   M    M   4        18 190
 3  95  70  83   5   0  18 0.00  0.0    0  3.2 12  80   M    M   0        14  20
 4  90  70  80   2   0  15 0.03  0.0    0  6.4 16  20   M    M   1 3      22  10
 5  90  62  76  -2   0  11 0.00  0.0    0  3.0 13 100   M    M   0        16 100
 6  92  65  79   1   0  14 0.00  0.0    0  4.9 12  60   M    M   0        17  60
 7  93  66  80   3   0  15 0.00  0.0    0  8.8 17  40   M    M   0        22  40
 8  88  63  76  -1   0  11 0.00  0.0    M  4.4 13 130   M    M   0        16 140
 9  88  63  76  -1   0  11 0.00  0.0    0  8.2 15 190   M    M   0        20 190
10  89  60  75  -1   0  10 0.09    M    M 10.8 29 350   M    M   3 1      35 350
11  78  56  67  -9   0   2 0.17    M    M  9.8 24 360   M    M   3 1      30  10
12  83  51  67  -9   0   2 0.00    M    M  5.6 13 210   M    M   0        18 230
13  89  60  75   0   0  10 0.00    M    M 12.7 21 170   M    M   0        26 160
14  89  67  78   3   0  13 0.00    M    M 14.7 23 160   M    M   0        28 160
15  88  65  77   2   0  12 0.00    M    M 14.4 22 160   M    M   0        27 160
16  91  68  80   6   0  15 0.00    M    M 17.4 24 170   M    M   0        30 160
17  94  70  82   8   0  17 0.00    M    M 17.2 24 190   M    M   0        37 190
18  94  74  84  10   0  19 0.00    M    M 14.6 21 210   M    M   1        27 180
19  95  72  84  11   0  19 0.00    M    M 12.1 20 210   M    M   1        25 200
20  95  72  84  11   0  19 0.00    M    M 11.8 20 200   M    M   1        25 200
21  97  74  86  14   0  21 0.00    M    M 10.5 17 210   M    M   2        22 210
22  81  59  70  -2   0   5 0.00    M    M 12.3 18 350   M    M   1        22 360
23  93  55  74   2   0   9 0.00    M    M 10.6 20 230   M    M   0        25 220
24  85  68  77   6   0  12 0.01    M    M  6.2 17 180   M    M   2        23 170
25  88  62  75   4   0  10 0.00    M    M 10.5 24  20   M    M   0        30  20
26  85  50  68  -2   0   3 0.00    M    M  3.6 12 310   M    M   0        15 310
27  91  55  73   3   0   8 0.00    M    M 11.1 21 200   M    M   0        27 210
================================================================================
SM 2412 1739         0 328  1.56  0.0    258.9          M       25
================================================================================
AV 89.3 64.4                               9.6 FASTST   M    M   1    MAX(MPH)
                                 MISC ---->    29 350                 37 190
================================================================================
NOTES:
# LAST OF SEVERAL OCCURRENCES

COLUMN 17 PEAK WIND IN M.P.H.

PRELIMINARY LOCAL CLIMATOLOGICAL DATA (WS FORM: F-6) , PAGE 2

                                          STATION:   BETHANY/WILEY POST
                                          MONTH:     SEPTEMBER
                                          YEAR:      2022
                                          LATITUDE:   35 31 N
                                          LONGITUDE:  97 38 W

[TEMPERATURE DATA]      [PRECIPITATION DATA]       SYMBOLS USED IN COLUMN 16

AVERAGE MONTHLY: 76.9   TOTAL FOR MONTH:   1.56    1 = FOG OR MIST
DPTR FM NORMAL:   2.1   DPTR FM NORMAL:   -1.13    2 = FOG REDUCING VISIBILITY
HIGHEST:    97 ON 21    GRTST 24HR  1.26 ON  1- 1      TO 1/4 MILE OR LESS
LOWEST:     50 ON 26                               3 = THUNDER
                        SNOW, ICE PELLETS, HAIL    4 = ICE PELLETS
                        TOTAL MONTH:   0.0 INCH    5 = HAIL
                        GRTST 24HR  0.0            6 = FREEZING RAIN OR DRIZZLE
                        GRTST DEPTH:  0            7 = DUSTSTORM OR SANDSTORM:
                                                       VSBY 1/2 MILE OR LESS
                                                   8 = SMOKE OR HAZE
[NO. OF DAYS WITH]      [WEATHER - DAYS WITH]      9 = BLOWING SNOW
                                                   X = TORNADO
MAX 32 OR BELOW:   0    0.01 INCH OR MORE:   5
MAX 90 OR ABOVE:  14    0.10 INCH OR MORE:   2
MIN 32 OR BELOW:   0    0.50 INCH OR MORE:   1
MIN  0 OR BELOW:   0    1.00 INCH OR MORE:   1

[HDD (BASE 65) ]
TOTAL THIS MO.     0    CLEAR  (SCALE 0-3)  25
DPTR FM NORMAL    -8    PTCLDY (SCALE 4-7)   2
TOTAL FM JUL 1     0    CLOUDY (SCALE 8-10)  0
DPTR FM NORMAL    -8

[CDD (BASE 65) ]
TOTAL THIS MO.   328
DPTR FM NORMAL    53    [PRESSURE DATA]
TOTAL FM JAN 1  2626    HIGHEST SLP M ON M
DPTR FM NORMAL   562    LOWEST  SLP 29.74 ON  9

[REMARKS]
