000
CXUS56 KSGX 251045
CF6RAL
PRELIMINARY LOCAL CLIMATOLOGICAL DATA (WS FORM: F-6)

                                          STATION:   RIVERSIDE MUNI AIRPORT CA
                                          MONTH:     SEPTEMBER
                                          YEAR:      2022
                                          LATITUDE:   33 57 N
                                          LONGITUDE: 117 27 W

  TEMPERATURE IN F:       :PCPN:    SNOW:  WIND      :SUNSHINE: SKY     :PK WND
================================================================================
1   2   3   4   5  6A  6B    7    8   9   10  11  12  13   14  15   16   17  18
                                     12Z  AVG MX 2MIN
DY MAX MIN AVG DEP HDD CDD  WTR  SNW DPTH SPD SPD DIR MIN PSBL S-S WX    SPD DR
================================================================================

 1 109  74  92  13   0  27 0.00    M    M  5.1 21 270   M    M   0        23 270
 2 106  75  91  12   0  26 0.00    M    M  3.9 17 270   M    M   0        21 270
 3 107  78  93  14   0  28 0.00    M    M  6.3 24 250   M    M   0        30 240
 4 110  80  95  16   0  30 0.00    M    M  5.7 24 270   M    M   0        29 270
 5 108  77  93  14   0  28 0.00    M    M  5.3 22 270   M    M   0        27 270
 6 107  75  91  12   0  26 0.00    M    M  4.8 21 270   M    M   0        26 270
 7 107  75  91  13   0  26 0.00    M    M  5.1 22 270   M    M   0        29 260
 8 100  75  88  10   0  23 0.03    M    M  5.1 14 240   M    M   1 3      18 270
 9  93  72  83   5   0  18 0.11    M    M 10.0 25 100   M    M   4        35 110
10  82  70  76  -2   0  11 0.00    M    M  4.6 13 270   M    M   7 18     15 270
11  93  72  83   5   0  18    T    M    M  4.2 20 270   M    M   6 3      23 250
12  89  72  81   3   0  16 0.00    M    M  5.1 17 270   M    M   5 3      24 250
13  87  70  79   2   0  14 0.00    M    M  4.8 17 270   M    M   4        22 270
14  86  64  75  -2   0  10 0.00    M    M  5.0 18 270   M    M   0        24 270
15  85  65  75  -2   0  10 0.00    M    M  4.7 18 270   M    M   3        24 250
16  86  61  74  -3   0   9 0.00    M    M  5.1 18 270   M    M   0        22 270
17  82  62  72  -4   0   7 0.00    M    M  4.4 16 270   M    M   2 18     21 270
18  83  62  73  -3   0   8 0.00    M    M  4.5 18 270   M    M   4 8      23 260
19  85  59  72  -4   0   7 0.00    M    M  4.6 21 270   M    M   2        25 280
20  87  60  74  -2   0   9 0.00    M    M  4.8 20 270   M    M   2        23 270
21  86  61  74  -2   0   9 0.00    M    M  4.6 17 260   M    M   0        22 270
22  93  58  76   1   0  11 0.00    M    M  3.1 15 260   M    M   0        20 270
23  98  63  81   6   0  16 0.00    M    M  3.4 17 270   M    M   0         M   M
24  97  68  83   8   0  18 0.00    M    M  4.7 18 260   M    M   0        25 270
================================================================================
SM 2266 1648         0 405  0.14    M    118.9          M       40
================================================================================
AV 94.4 68.7                               5.0 FASTST   M    M   2    MAX(MPH)
                                 MISC ---->    25 100                 35 110
================================================================================
NOTES:
# LAST OF SEVERAL OCCURRENCES

COLUMN 17 PEAK WIND IN M.P.H.

PRELIMINARY LOCAL CLIMATOLOGICAL DATA (WS FORM: F-6) , PAGE 2

                                          STATION:   RIVERSIDE MUNI AIRPORT CA
                                          MONTH:     SEPTEMBER
                                          YEAR:      2022
                                          LATITUDE:   33 57 N
                                          LONGITUDE: 117 27 W

[TEMPERATURE DATA]      [PRECIPITATION DATA]       SYMBOLS USED IN COLUMN 16

AVERAGE MONTHLY: 81.5   TOTAL FOR MONTH:   0.14    1 = FOG OR MIST
DPTR FM NORMAL:   4.3   DPTR FM NORMAL:    0.06    2 = FOG REDUCING VISIBILITY
HIGHEST:   110 ON  4    GRTST 24HR  0.11 ON  9- 9      TO 1/4 MILE OR LESS
LOWEST:     58 ON 22                               3 = THUNDER
                        SNOW, ICE PELLETS, HAIL    4 = ICE PELLETS
                        TOTAL MONTH:  M            5 = HAIL
                        GRTST 24HR    M  ON   M    6 = FREEZING RAIN OR DRIZZLE
                        GRTST DEPTH:  M  ON   M    7 = DUSTSTORM OR SANDSTORM:
                                                       VSBY 1/2 MILE OR LESS
                                                   8 = SMOKE OR HAZE
[NO. OF DAYS WITH]      [WEATHER - DAYS WITH]      9 = BLOWING SNOW
                                                   X = TORNADO
MAX 32 OR BELOW:   0    0.01 INCH OR MORE:   2
MAX 90 OR ABOVE:  13    0.10 INCH OR MORE:   1
MIN 32 OR BELOW:   0    0.50 INCH OR MORE:   0
MIN  0 OR BELOW:   0    1.00 INCH OR MORE:   0

[HDD (BASE 65) ]
TOTAL THIS MO.     0    CLEAR  (SCALE 0-3)  17
DPTR FM NORMAL     0    PTCLDY (SCALE 4-7)   7
TOTAL FM JUL 1     0    CLOUDY (SCALE 8-10)  0
DPTR FM NORMAL     0

[CDD (BASE 65) ]
TOTAL THIS MO.   405
DPTR FM NORMAL   109    [PRESSURE DATA]
TOTAL FM JAN 1  2088    HIGHEST SLP M ON M
DPTR FM NORMAL   476    LOWEST  SLP 29.51 ON  9

[REMARKS]
