000
CXUS53 KUNR 280930
CF6RAP
PRELIMINARY LOCAL CLIMATOLOGICAL DATA (WS FORM: F-6)

                                          STATION:   RAPID CITY AIRPORT SD
                                          MONTH:     SEPTEMBER
                                          YEAR:      2022
                                          LATITUDE:   44  2 N
                                          LONGITUDE: 103  4 W

  TEMPERATURE IN F:       :PCPN:    SNOW:  WIND      :SUNSHINE: SKY     :PK WND
================================================================================
1   2   3   4   5  6A  6B    7    8   9   10  11  12  13   14  15   16   17  18
                                     12Z  AVG MX 2MIN
DY MAX MIN AVG DEP HDD CDD  WTR  SNW DPTH SPD SPD DIR MIN PSBL S-S WX    SPD DR
================================================================================

 1  98  54  76   9   0  11 0.00    M    M  5.0 15 350   M    M   0        22 130
 2  87  56  72   6   0   7 0.00    M    M  9.1 21 360   M    M   0        29 340
 3  89  51  70   4   0   5 0.00    M    M 10.5 22 160   M    M   0        30 170
 4  98  59  79  13   0  14 0.00    M    M 12.3 26 170   M    M   0        33 170
 5  94  57  76  10   0  11 0.00    M    M  4.5 12 160   M    M   0 8      15 190
 6  94  59  77  12   0  12 0.00    M    M  8.3 18 120   M    M   0 8      24 120
 7  94  58  76  11   0  11 0.00    M    M  5.3 14 150   M    M   0        17 170
 8  90  53  72   8   0   7 0.13    M    M 16.1 36  10   M    M   2 1      47  10
 9  57  45  51 -13  14   0 0.07    M    M 10.1 30 330   M    M   9 1      39 330
10  68  38  53 -11  12   0 0.00    M    M  4.1 12 140   M    M   0        15 330
11  77  37  57  -6   8   0 0.00    M    M  3.4 13 140   M    M   0        18 160
12  87  41  64   1   1   0 0.00    M    M  6.2 15 360   M    M   0 8      20  20
13  81  52  67   4   0   2 0.00    M    M  6.9 14 120   M    M   0 8      19 140
14  89  52  71   9   0   6    T    M    M  8.9 29 340   M    M   0        38 340
15  75  55  65   3   0   0    T    M    M 12.4 24 360   M    M   4        34  10
16  77  53  65   4   0   0 0.05    M    M  5.9 16 340   M    M   6 13     20 330
17  75  50  63   2   2   0    T    M    M  5.3 16 350   M    M   1        22 340
18  85  55  70  10   0   5    T    M    M  8.6 23 180   M    M   1        33 170
19  95  55  75  15   0  10 0.00    M    M  9.4 18 260   M    M   0        24 280
20  77  53  65   5   0   0 0.00    M    M 14.3 32 330   M    M   0        43 340
21  61  47  54  -5  11   0 0.14    M    M  7.3 17 360   M    M   6 1      22  10
22  59  47  53  -6  12   0    T    M    M 16.0 31 170   M    M   6        40 180
23  74  40  57  -1   8   0 0.00    M    M 10.9 29 310   M    M   3 1      37 310
24  76  46  61   3   4   0 0.00    M    M 13.8 32 330   M    M   0        49 360
25  75  40  58   1   7   0 0.00    M    M 10.8 24  10   M    M   0        34 350
26  81  36  59   2   6   0 0.00    M    M  8.9 24 330   M    M   0        34  20
27  75  42  59   3   6   0 0.00    M    M  7.3 17 130   M    M   0        24 120
================================================================================
SM 2188 1331        91 101  0.39    M    241.6          M       38
================================================================================
AV 81.0 49.3                               8.9 FASTST   M    M   1    MAX(MPH)
                                 MISC ---->    36  10                 49 360
================================================================================
NOTES:
# LAST OF SEVERAL OCCURRENCES

COLUMN 17 PEAK WIND IN M.P.H.

PRELIMINARY LOCAL CLIMATOLOGICAL DATA (WS FORM: F-6) , PAGE 2

                                          STATION:   RAPID CITY AIRPORT SD
                                          MONTH:     SEPTEMBER
                                          YEAR:      2022
                                          LATITUDE:   44  2 N
                                          LONGITUDE: 103  4 W

[TEMPERATURE DATA]      [PRECIPITATION DATA]       SYMBOLS USED IN COLUMN 16

AVERAGE MONTHLY: 65.2   TOTAL FOR MONTH:   0.39    1 = FOG OR MIST
DPTR FM NORMAL:   3.2   DPTR FM NORMAL:   -0.71    2 = FOG REDUCING VISIBILITY
HIGHEST:    98 ON  4, 1  GRTST 24HR  0.20 ON  8- 9      TO 1/4 MILE OR LESS
LOWEST:     36 ON 26                               3 = THUNDER
                        SNOW, ICE PELLETS, HAIL    4 = ICE PELLETS
                        TOTAL MONTH:  M            5 = HAIL
                        GRTST 24HR    M  ON   M    6 = FREEZING RAIN OR DRIZZLE
                        GRTST DEPTH:  M  ON   M    7 = DUSTSTORM OR SANDSTORM:
                                                       VSBY 1/2 MILE OR LESS
                                                   8 = SMOKE OR HAZE
[NO. OF DAYS WITH]      [WEATHER - DAYS WITH]      9 = BLOWING SNOW
                                                   X = TORNADO
MAX 32 OR BELOW:   0    0.01 INCH OR MORE:   4
MAX 90 OR ABOVE:   7    0.10 INCH OR MORE:   2
MIN 32 OR BELOW:   0    0.50 INCH OR MORE:   0
MIN  0 OR BELOW:   0    1.00 INCH OR MORE:   0

[HDD (BASE 65) ]
TOTAL THIS MO.    91    CLEAR  (SCALE 0-3)  22
DPTR FM NORMAL   -53    PTCLDY (SCALE 4-7)   4
TOTAL FM JUL 1    91    CLOUDY (SCALE 8-10)  1
DPTR FM NORMAL   -91

[CDD (BASE 65) ]
TOTAL THIS MO.   101
DPTR FM NORMAL    40    [PRESSURE DATA]
TOTAL FM JAN 1   805    HIGHEST SLP M ON M
DPTR FM NORMAL   202    LOWEST  SLP 29.66 ON 14

[REMARKS]
