000
CXUS56 KMFR 270930
CF6RBG
PRELIMINARY LOCAL CLIMATOLOGICAL DATA (WS FORM: F-6)

                                          STATION:   ROSEBURG OR
                                          MONTH:     SEPTEMBER
                                          YEAR:      2022
                                          LATITUDE:   43 13 N
                                          LONGITUDE: 123 22 W

  TEMPERATURE IN F:       :PCPN:    SNOW:  WIND      :SUNSHINE: SKY     :PK WND
================================================================================
1   2   3   4   5  6A  6B    7    8   9   10  11  12  13   14  15   16   17  18
                                     12Z  AVG MX 2MIN
DY MAX MIN AVG DEP HDD CDD  WTR  SNW DPTH SPD SPD DIR MIN PSBL S-S WX    SPD DR
================================================================================

 1  94  57  76   6   0  11 0.00    M    M  2.0 16  20   M    M   0        21  20
 2  86  59  73   4   0   8 0.00    M    M  4.4 15 330   M    M   1        23 340
 3  85  62  74   5   0   9 0.00    M    M  3.1 13 360   M    M   5        17 350
 4  91  56  74   5   0   9 0.00    M    M  3.9 16  10   M    M   0        23  10
 5  85  62  74   5   0   9 0.00    M    M  6.2 18  20   M    M   4        26  20
 6  94  54  74   5   0   9 0.00    M    M  2.3 12  20   M    M   0        15  10
 7  91  62  77   9   0  12 0.00    M    M  4.6 16 360   M    M   0        22 360
 8  86  55  71   3   0   6 0.00    M    M  7.7 22  20   M    M   0        29  20
 9  93  51  72   4   0   7 0.00    M    M  2.7 15  10   M    M   0 8      19 360
10  99  54  77   9   0  12 0.00    M    M  3.0 10  20   M    M   0 8      14  10
11  80  63  72   4   0   7    T    M    M  4.2 10  30   M    M   0        15 320
12  79  62  71   4   0   6 0.02    M    M  5.1 13 310   M    M   6        20 330
13  78  60  69   2   0   4 0.00    M    M  3.3 13 320   M    M   8        19 350
14  79  56  68   1   0   3 0.00    M    M  3.3 14  10   M    M   6        19  20
15  77  57  67   0   0   2 0.00    M    M  5.0 14 330   M    M   4        20 350
16  75  53  64  -2   1   0 0.00    M    M  3.6 15  10   M    M   5        23  10
17  68  48  58  -8   7   0    T    M    M  2.2 12  10   M    M   2        16 310
18  75  55  65  -1   0   0    T    M    M  3.0 15  10   M    M   6        19  20
19  79  53  66   0   0   1 0.01    M    M  2.8 13 330   M    M   3        18 320
20  73  59  66   1   0   1 0.33    M    M  1.7 21  10   M    M   6 1      24  10
21  68  58  63  -2   2   0 0.45    M    M  2.5 10 360   M    M   8 1      14  20
22  77  56  67   3   0   2 0.00    M    M  2.0 10  10   M    M   4        18  50
23  79  51  65   1   0   0 0.00    M    M  2.3 10  20   M    M   3 12     13  20
24  83  48  66   2   0   1 0.00    M    M  1.1  8 340   M    M   0 1      12 350
25  88  51  70   6   0   5 0.00    M    M  1.5  8  10   M    M   0        12  10
26  92  55  74  11   0   9 0.00    M    M  1.2 14 360   M    M   0 1      17  10
================================================================================
SM 2154 1457        10 133  0.81    M     84.7          M       71
================================================================================
AV 82.8 56.0                               3.3 FASTST   M    M   3    MAX(MPH)
                                 MISC ---->    22  20                 29  20
================================================================================
NOTES:
# LAST OF SEVERAL OCCURRENCES

COLUMN 17 PEAK WIND IN M.P.H.

PRELIMINARY LOCAL CLIMATOLOGICAL DATA (WS FORM: F-6) , PAGE 2

                                          STATION:   ROSEBURG OR
                                          MONTH:     SEPTEMBER
                                          YEAR:      2022
                                          LATITUDE:   43 13 N
                                          LONGITUDE: 123 22 W

[TEMPERATURE DATA]      [PRECIPITATION DATA]       SYMBOLS USED IN COLUMN 16

AVERAGE MONTHLY: 69.4   TOTAL FOR MONTH:   0.81    1 = FOG OR MIST
DPTR FM NORMAL:   2.7   DPTR FM NORMAL:    0.14    2 = FOG REDUCING VISIBILITY
HIGHEST:    99 ON 10    GRTST 24HR  0.61 ON 20-21      TO 1/4 MILE OR LESS
LOWEST:     48 ON 24,17                             3 = THUNDER
                        SNOW, ICE PELLETS, HAIL    4 = ICE PELLETS
                        TOTAL MONTH:  M            5 = HAIL
                        GRTST 24HR    M  ON   M    6 = FREEZING RAIN OR DRIZZLE
                        GRTST DEPTH:  M  ON   M    7 = DUSTSTORM OR SANDSTORM:
                                                       VSBY 1/2 MILE OR LESS
                                                   8 = SMOKE OR HAZE
[NO. OF DAYS WITH]      [WEATHER - DAYS WITH]      9 = BLOWING SNOW
                                                   X = TORNADO
MAX 32 OR BELOW:   0    0.01 INCH OR MORE:   4
MAX 90 OR ABOVE:   7    0.10 INCH OR MORE:   2
MIN 32 OR BELOW:   0    0.50 INCH OR MORE:   0
MIN  0 OR BELOW:   0    1.00 INCH OR MORE:   0

[HDD (BASE 65) ]
TOTAL THIS MO.    10    CLEAR  (SCALE 0-3)  14
DPTR FM NORMAL   -30    PTCLDY (SCALE 4-7)  12
TOTAL FM JUL 1    10    CLOUDY (SCALE 8-10)  0
DPTR FM NORMAL   -42

[CDD (BASE 65) ]
TOTAL THIS MO.   133
DPTR FM NORMAL    49    [PRESSURE DATA]
TOTAL FM JAN 1   804    HIGHEST SLP M ON M
DPTR FM NORMAL   208    LOWEST  SLP 29.56 ON  9

[REMARKS]
