000
CXUS56 KSTO 271301
CF6RBL
PRELIMINARY LOCAL CLIMATOLOGICAL DATA (WS FORM: F-6)

                                          STATION:   RED BLUFF
                                          MONTH:     SEPTEMBER
                                          YEAR:      2022
                                          LATITUDE:   40  8 N
                                          LONGITUDE: 122-15 E

  TEMPERATURE IN F:       :PCPN:    SNOW:  WIND      :SUNSHINE: SKY     :PK WND
================================================================================
1   2   3   4   5  6A  6B    7    8   9   10  11  12  13   14  15   16   17  18
                                     12Z  AVG MX 2MIN
DY MAX MIN AVG DEP HDD CDD  WTR  SNW DPTH SPD SPD DIR MIN PSBL S-S WX    SPD DR
================================================================================

 1 108  65  87   9   0  22 0.00    M    M  6.9 13 170   M    M   0        17 150
 2 107  69  88  10   0  23 0.00    M    M  9.7 23 170   M    M   0 8      29 160
 3 101  65  83   5   0  18 0.00    M    M  4.3 12 140   M    M   0        17 130
 4 108  69  89  11   0  24 0.00    M    M  6.0 14 350   M    M   0        17 340
 5 113  71  92  14   0  27 0.00    M    M  6.1 17 350   M    M   0        21  10
 6 114  76  95  18   0  30 0.00    M    M  4.6 20 170   M    M   0        23 170
 7 107  75  91  14   0  26 0.00  0.0    M  4.0 14 200   M    M   0        16 210
 8 113  79  96  19   0  31 0.00  0.0    M  7.6 18 360   M    M   0        22 350
 9 112  82  97  20   0  32 0.00    M    M  9.2 22 350   M    M   0        27 360
10  97  73  85   8   0  20 0.00    M    M  6.3 16 170   M    M   0 8      19 170
11  90  69  80   3   0  15 0.00    M    M  2.1  7 280   M    M   1         8 280
12  92  70  81   5   0  16 0.00    M    M  6.1 17 150   M    M   3        23 150
13  84  63  74  -2   0   9 0.00    M    M  9.9 17 180   M    M   0        23 150
14  80  59  70  -6   0   5 0.00    M    M  7.2 17 160   M    M   1        23 180
15  83  56  70  -6   0   5 0.00    M    M  2.8 15 180   M    M   0        18 170
16  85  56  71  -5   0   6 0.00    M    M  4.2 14 150   M    M   0        18 150
17  79  61  70  -5   0   5 0.00    M    M 11.1 24 140   M    M   1 8      30 140
18  69  58  64 -11   1   0 0.41    M    M  7.7 29 150   M    M   8 13     38 150
19  74  60  67  -8   0   2 0.14    M    M  3.9 21 130   M    M   8 13     25 130
20  77  60  69  -6   0   4 0.05    M    M  3.6 12  30   M    M   4 3      14  50
21  75  59  67  -7   0   2 0.01    M    M  4.8 17 170   M    M   5 3      24 160
22  85  56  71  -3   0   6 0.00    M    M  7.2 13 340   M    M   0        18 350
23  93  59  76   2   0  11 0.00    M    M  4.6 10 320   M    M   0 8      13 330
24  96  60  78   4   0  13 0.00    M    M  5.5 13 120   M    M   0        17  90
25  98  58  78   5   0  13 0.00    M    M  4.2  9  10   M    M   0        12 120
26  96  63  80   7   0  15 0.00    M    M  4.6 10 130   M    M   0        16 120
================================================================================
SM 2436 1691         1 380  0.61  0.0    154.2          M       31
================================================================================
AV 93.7 65.0                               5.9 FASTST   M    M   1    MAX(MPH)
                                 MISC ---->    29 150                 38 150
================================================================================
NOTES:
# LAST OF SEVERAL OCCURRENCES

COLUMN 17 PEAK WIND IN M.P.H.

PRELIMINARY LOCAL CLIMATOLOGICAL DATA (WS FORM: F-6) , PAGE 2

                                          STATION:   RED BLUFF
                                          MONTH:     SEPTEMBER
                                          YEAR:      2022
                                          LATITUDE:   40  8 N
                                          LONGITUDE: 122-15 E

[TEMPERATURE DATA]      [PRECIPITATION DATA]       SYMBOLS USED IN COLUMN 16

AVERAGE MONTHLY: 79.4   TOTAL FOR MONTH:   0.61    1 = FOG OR MIST
DPTR FM NORMAL:   3.4   DPTR FM NORMAL:    0.47    2 = FOG REDUCING VISIBILITY
HIGHEST:   114 ON  6    GRTST 24HR  0.49 ON 18-19      TO 1/4 MILE OR LESS
LOWEST:     56 ON 22,16                             3 = THUNDER
                        SNOW, ICE PELLETS, HAIL    4 = ICE PELLETS
                        TOTAL MONTH:   0.0 INCH    5 = HAIL
                        GRTST 24HR  0.0            6 = FREEZING RAIN OR DRIZZLE
                        GRTST DEPTH:  M  ON   M    7 = DUSTSTORM OR SANDSTORM:
                                                       VSBY 1/2 MILE OR LESS
                                                   8 = SMOKE OR HAZE
[NO. OF DAYS WITH]      [WEATHER - DAYS WITH]      9 = BLOWING SNOW
                                                   X = TORNADO
MAX 32 OR BELOW:   0    0.01 INCH OR MORE:   4
MAX 90 OR ABOVE:  16    0.10 INCH OR MORE:   2
MIN 32 OR BELOW:   0    0.50 INCH OR MORE:   0
MIN  0 OR BELOW:   0    1.00 INCH OR MORE:   0

[HDD (BASE 65) ]
TOTAL THIS MO.     1    CLEAR  (SCALE 0-3)  22
DPTR FM NORMAL     1    PTCLDY (SCALE 4-7)   3
TOTAL FM JUL 1     1    CLOUDY (SCALE 8-10)  1
DPTR FM NORMAL     1

[CDD (BASE 65) ]
TOTAL THIS MO.   380
DPTR FM NORMAL    96    [PRESSURE DATA]
TOTAL FM JAN 1  2183    HIGHEST SLP M ON M
DPTR FM NORMAL   382    LOWEST  SLP 29.41 ON  9

[REMARKS]
