000
CXUS54 KCRP 271210
CF6RKP
PRELIMINARY LOCAL CLIMATOLOGICAL DATA (WS FORM: F-6)

                                          STATION:   ROCKPORT
                                          MONTH:     SEPTEMBER
                                          YEAR:      2022
                                          LATITUDE:   28  4 N
                                          LONGITUDE:  97  3 W

  TEMPERATURE IN F:       :PCPN:    SNOW:  WIND      :SUNSHINE: SKY     :PK WND
================================================================================
1   2   3   4   5  6A  6B    7    8   9   10  11  12  13   14  15   16   17  18
                                     12Z  AVG MX 2MIN
DY MAX MIN AVG DEP HDD CDD  WTR  SNW DPTH SPD SPD DIR MIN PSBL S-S WX    SPD DR
================================================================================

 1  94  82  88   4   0  23 0.00  0.0    0  8.3 15 140   M    M   1        19 120
 2  93  83  88   4   0  23    T  0.0    0  9.7 15 130   M    M   1        19 120
 3  87  75  81  -3   0  16 2.54  0.0    0  6.5 16 120   M    M   5 1      22 140
 4  79  75  77  -7   0  12 1.10  0.0    0  4.7 15  40   M    M   5 1      20  20
 5  83  75  79  -5   0  14    T  0.0    0  4.1  9 140   M    M   4        14 160
 6  86  73  80  -4   0  15 1.30  0.0    0  4.9 20 190   M    M   3 1      36 200
 7  91  76  84   0   0  19    M  0.0    0  5.3 12 140   M    M   1        16 130
 8  94  76  85   1   0  20    T  0.0    0  5.2 31  50   M    M   2 3      42  50
 9  90  75  83   0   0  18 0.00  0.0    0  5.8 14 120   M    M   2 3      18 130
10  92  75  84   1   0  19 0.00  0.0    0  6.6 14 130   M    M   0        18 110
11  93  74  84   1   0  19 0.00  0.0    0  5.6 13 140   M    M   1        16 150
12  92  77  85   2   0  20    M  0.0    0  7.1 12 120   M    M   1        16  20
13  89  75  82  -1   0  17    T  0.0    0  6.6 24 110   M    M   1 3      32 120
14  90  81  86   4   0  21 0.00  0.0    0 11.3 16 120   M    M   0        23 110
15  92  80  86   4   0  21 0.06  0.0    0  6.9 13 130   M    M   1        18 170
16  90  76  83   1   0  18 0.58  0.0    0  7.9 16  90   M    M   2 1      20 150
17  91  81  86   4   0  21 0.15  0.0    0 10.5 17 120   M    M   1 1      23 130
18  91  83  87   5   0  22 0.00  0.0    0 10.6 16 130   M    M   1        22 140
19  91  80  86   4   0  21    T  0.0    0  8.1 15 130   M    M   2        20 110
20  91  81  86   4   0  21 0.00  0.0    0  7.7 17 130   M    M   1        24 140
21  91  75  83   2   0  18 0.00  0.0    0  7.6 14 120   M    M   1        19 110
22  95  75  85   4   0  20 0.00  0.0    0  4.6 10 140   M    M   0        14 110
23  94  76  85   4   0  20 0.00  0.0    0  8.2 21 140   M    M   1        29 130
24  91  81  86   5   0  21 0.00  0.0    0  8.9 16 100   M    M   1        23 130
25  91  78  85   4   0  20 0.00  0.0    0  4.7 14 130   M    M   2        18 150
26  99  75  87   7   0  22 0.04  0.0    M  6.1 23  10   M    M   1 38     34  40
================================================================================
SM 2360 2013         0 501  5.77  0.0    183.5          M       41
================================================================================
AV 90.8 77.4                               7.1 FASTST   M    M   2    MAX(MPH)
                                 MISC ---->    31  50                 42  50
================================================================================
NOTES:
# LAST OF SEVERAL OCCURRENCES

COLUMN 17 PEAK WIND IN M.P.H.

PRELIMINARY LOCAL CLIMATOLOGICAL DATA (WS FORM: F-6) , PAGE 2

                                          STATION:   ROCKPORT
                                          MONTH:     SEPTEMBER
                                          YEAR:      2022
                                          LATITUDE:   28  4 N
                                          LONGITUDE:  97  3 W

[TEMPERATURE DATA]      [PRECIPITATION DATA]       SYMBOLS USED IN COLUMN 16

AVERAGE MONTHLY: 84.1   TOTAL FOR MONTH:   5.77    1 = FOG OR MIST
DPTR FM NORMAL:   1.6   DPTR FM NORMAL:    2.04    2 = FOG REDUCING VISIBILITY
HIGHEST:    99 ON 26    GRTST 24HR  2.55 ON  3- 4      TO 1/4 MILE OR LESS
LOWEST:     73 ON  6                               3 = THUNDER
                        SNOW, ICE PELLETS, HAIL    4 = ICE PELLETS
                        TOTAL MONTH:   0.0 INCH    5 = HAIL
                        GRTST 24HR  0.0            6 = FREEZING RAIN OR DRIZZLE
                        GRTST DEPTH:  0            7 = DUSTSTORM OR SANDSTORM:
                                                       VSBY 1/2 MILE OR LESS
                                                   8 = SMOKE OR HAZE
[NO. OF DAYS WITH]      [WEATHER - DAYS WITH]      9 = BLOWING SNOW
                                                   X = TORNADO
MAX 32 OR BELOW:   0    0.01 INCH OR MORE:   7
MAX 90 OR ABOVE:  21    0.10 INCH OR MORE:   5
MIN 32 OR BELOW:   0    0.50 INCH OR MORE:   4
MIN  0 OR BELOW:   0    1.00 INCH OR MORE:   3

[HDD (BASE 65) ]
TOTAL THIS MO.     0    CLEAR  (SCALE 0-3)  22
DPTR FM NORMAL     0    PTCLDY (SCALE 4-7)   4
TOTAL FM JUL 1     0    CLOUDY (SCALE 8-10)  0
DPTR FM NORMAL     0

[CDD (BASE 65) ]
TOTAL THIS MO.   501
DPTR FM NORMAL    43    [PRESSURE DATA]
TOTAL FM JAN 1  3619    HIGHEST SLP M ON M
DPTR FM NORMAL   425    LOWEST  SLP 29.72 ON  8

[REMARKS]
