000
CXUS55 KRIW 281010
CF6RKS
PRELIMINARY LOCAL CLIMATOLOGICAL DATA (WS FORM: F-6)

                                          STATION:   ROCK SPRINGS WY
                                          MONTH:     SEPTEMBER
                                          YEAR:      2022
                                          LATITUDE:   41 35 N
                                          LONGITUDE: 109  4 W

  TEMPERATURE IN F:       :PCPN:    SNOW:  WIND      :SUNSHINE: SKY     :PK WND
================================================================================
1   2   3   4   5  6A  6B    7    8   9   10  11  12  13   14  15   16   17  18
                                     12Z  AVG MX 2MIN
DY MAX MIN AVG DEP HDD CDD  WTR  SNW DPTH SPD SPD DIR MIN PSBL S-S WX    SPD DR
================================================================================

 1  90  55  73  10   0   8 0.00    M    M  8.8 22 290   M    M   0        32 320
 2  88  56  72  10   0   7 0.00    M    M  5.0 16  80   M    M   0        21  90
 3  91  55  73  11   0   8 0.00    M    M  6.1 15 250   M    M   0        22 260
 4  93  55  74  12   0   9 0.00    M    M  7.9 24 260   M    M   0        36 280
 5  92  60  76  15   0  11 0.00    M    M  8.3 24 310   M    M   0        42 280
 6  91  59  75  14   0  10 0.00    M    M  9.0 23 340   M    M   0        35 350
 7  93  57  75  14   0  10 0.00    M    M  5.8 21 270   M    M   0        28 260
 8  88  52  70  10   0   5 0.00    M    M 13.4 35 250   M    M   1        43 240
 9  70  41  56  -4   9   0 0.00    M    M 16.6 35  60   M    M   1        46  50
10  67  35  51  -9  14   0 0.00    M    M  6.3 24  60   M    M   2        32  60
11  79  39  59   0   6   0 0.00    M    M  5.0 13 270   M    M   0        19 250
12  82  46  64   5   1   0 0.00    M    M  4.3 13  20   M    M   0        19 320
13  72  50  61   3   4   0    T    M    M 10.0 32 220   M    M   4        40 230
14  67  49  58   0   7   0 0.07    M    M  9.7 23 240   M    M   9        28 260
15  66  49  58   0   7   0 0.01    M    M  7.6 18 230   M    M   8 3      23 220
16  64  45  55  -2  10   0 0.01    M    M  9.7 24 300   M    M   4        35 250
17  70  37  54  -3  11   0 0.06    M    M  4.1 31 260   M    M   4 13     44 230
18  74  42  58   2   7   0    T    M    M 12.2 30 210   M    M   1        39 200
19  80  48  64   8   1   0 0.00    M    M  7.0 23 210   M    M   0        32 260
20  80  46  63   7   2   0    T    M    M 12.0 28 200   M    M   3        38 170
21  73  48  61   6   4   0    T    M    M 11.2 22 180   M    M   1        29  90
22  70  48  59   4   6   0    T    M    M 15.0 36 260   M    M   3        47 260
23  68  43  56   2   9   0 0.00    M    M 15.4 33 250   M    M   0        40 250
24  73  41  57   3   8   0 0.00    M    M 10.5 22 280   M    M   0        36 290
25  74  46  60   6   5   0 0.00    M    M  3.5 10 330   M    M   0        16 330
26  78  41  60   7   5   0 0.00    M    M  1.8 12 300   M    M   0        19 250
27  78  44  61   8   4   0 0.00    M    M  5.5 18 260   M    M   0        24 250
================================================================================
SM 2111 1287       120  68  0.15    M    231.7          M       41
================================================================================
AV 78.2 47.7                               8.6 FASTST   M    M   2    MAX(MPH)
                                 MISC ---->    36 260                 47 260
================================================================================
NOTES:
# LAST OF SEVERAL OCCURRENCES

COLUMN 17 PEAK WIND IN M.P.H.

PRELIMINARY LOCAL CLIMATOLOGICAL DATA (WS FORM: F-6) , PAGE 2

                                          STATION:   ROCK SPRINGS WY
                                          MONTH:     SEPTEMBER
                                          YEAR:      2022
                                          LATITUDE:   41 35 N
                                          LONGITUDE: 109  4 W

[TEMPERATURE DATA]      [PRECIPITATION DATA]       SYMBOLS USED IN COLUMN 16

AVERAGE MONTHLY: 62.9   TOTAL FOR MONTH:   0.15    1 = FOG OR MIST
DPTR FM NORMAL:   5.0   DPTR FM NORMAL:   -0.55    2 = FOG REDUCING VISIBILITY
HIGHEST:    93 ON  7, 4  GRTST 24HR  0.08 ON 14-15      TO 1/4 MILE OR LESS
LOWEST:     35 ON 10                               3 = THUNDER
                        SNOW, ICE PELLETS, HAIL    4 = ICE PELLETS
                        TOTAL MONTH:  M            5 = HAIL
                        GRTST 24HR    M  ON   M    6 = FREEZING RAIN OR DRIZZLE
                        GRTST DEPTH:  M  ON   M    7 = DUSTSTORM OR SANDSTORM:
                                                       VSBY 1/2 MILE OR LESS
                                                   8 = SMOKE OR HAZE
[NO. OF DAYS WITH]      [WEATHER - DAYS WITH]      9 = BLOWING SNOW
                                                   X = TORNADO
MAX 32 OR BELOW:   0    0.01 INCH OR MORE:   4
MAX 90 OR ABOVE:   6    0.10 INCH OR MORE:   0
MIN 32 OR BELOW:   0    0.50 INCH OR MORE:   0
MIN  0 OR BELOW:   0    1.00 INCH OR MORE:   0

[HDD (BASE 65) ]
TOTAL THIS MO.   120    CLEAR  (SCALE 0-3)  22
DPTR FM NORMAL   -82    PTCLDY (SCALE 4-7)   3
TOTAL FM JUL 1   125    CLOUDY (SCALE 8-10)  2
DPTR FM NORMAL  -136

[CDD (BASE 65) ]
TOTAL THIS MO.    68
DPTR FM NORMAL    60    [PRESSURE DATA]
TOTAL FM JAN 1   537    HIGHEST SLP M ON M
DPTR FM NORMAL   220    LOWEST  SLP 29.72 ON  8

[REMARKS]
