000
CXUS52 KFFC 281010
CF6RMG
PRELIMINARY LOCAL CLIMATOLOGICAL DATA (WS FORM: F-6)

                                          STATION:   ROME
                                          MONTH:     SEPTEMBER
                                          YEAR:      2022
                                          LATITUDE:   34 20 N
                                          LONGITUDE:  85 10 W

  TEMPERATURE IN F:       :PCPN:    SNOW:  WIND      :SUNSHINE: SKY     :PK WND
================================================================================
1   2   3   4   5  6A  6B    7    8   9   10  11  12  13   14  15   16   17  18
                                     12Z  AVG MX 2MIN
DY MAX MIN AVG DEP HDD CDD  WTR  SNW DPTH SPD SPD DIR MIN PSBL S-S WX    SPD DR
================================================================================

 1  92  62  77  -1   0  12 0.00    M    M  2.7  9  30   M    M   0        12  30
 2  90  69  80   3   0  15 0.00    M    M  5.0 15  80   M    M   3        20  70
 3  90  75  83   6   0  18 0.00    M    M  4.4 15 140   M    M   6 3      20 140
 4  79  71  75  -2   0  10 3.03    M    M  4.1 14 230   M    M   9 123    19 230
 5  81  73  77   0   0  12 0.17    M    M  2.3 14 290   M    M   9 12     19 300
 6  88  70  79   3   0  14 0.16    M    M  2.1 25 320   M    M   5 123    36 320
 7  87  68  78   2   0  13 0.00    M    M  5.2 13 340   M    M   3 1      16 320
 8  88  67  78   2   0  13 0.00    M    M  5.2 15  10   M    M   3        18  10
 9  83  70  77   1   0  12 0.02    M    M  5.6 15 100   M    M   7        23 100
10  77  69  73  -3   0   8 0.19    M    M  4.3 17 110   M    M  10 1      27 130
11  86  72  79   4   0  14 1.28    M    M  4.9 21 240   M    M   8 13     36 240
12  82  59  71  -4   0   6 0.00    M    M  4.9 12 270   M    M   4 1      17 230
13  83  53  68  -7   0   3 0.00    M    M  2.0 12 310   M    M   0 1      17 290
14  84  58  71  -3   0   6 0.00    M    M  3.6 14  10   M    M   0        18  20
15  85  60  73  -1   0   8 0.00  0.0    M  3.0 10  50   M    M   2        14  70
16  85  60  73  -1   0   8 0.00  0.0    M  2.3 10  60   M    M   3        14  70
17  84  63  74   0   0   9 0.00  0.0    M  2.3 10 130   M    M   4        14 120
18  87  60  74   1   0   9 0.00  0.0    M  2.1  9  10   M    M   2 1      13  70
19  89  59  74   1   0   9 0.00  0.0    M  1.5 10 320   M    M   0 1      15 360
20  94  66  80   7   0  15 0.04    M    M  3.5 15  20   M    M   2 18     20 350
21  94  65  80   8   0  15 0.00  0.0    M  1.8  8 330   M    M   1 12     11 240
22  94  66  80   8   0  15 0.00    M    0  6.6 18 350   M    M   1 1      26 350
23  81  57  69  -3   0   4 0.00    M    M  5.0 14 340   M    M   0        20 340
24  84  52  68  -3   0   3 0.00    M    M  2.3  9 170   M    M   0        12 150
25  82  61  72   1   0   7 0.02    M    M  2.7 13 270   M    M   4 1      19 250
26  82  55  69  -1   0   4 0.00    M    M  4.2 16 270   M    M   1 12     23 270
27  77  47  62  -8   3   0 0.00    M    M  5.7 20  10   M    M   0        32  30
================================================================================
SM 2308 1707         3 262  4.91  0.0     99.3          M       87
================================================================================
AV 85.5 63.2                               3.7 FASTST   M    M   3    MAX(MPH)
                                 MISC ---->    25 320               # 36 320
================================================================================
NOTES:
# LAST OF SEVERAL OCCURRENCES

COLUMN 17 PEAK WIND IN M.P.H.

PRELIMINARY LOCAL CLIMATOLOGICAL DATA (WS FORM: F-6) , PAGE 2

                                          STATION:   ROME
                                          MONTH:     SEPTEMBER
                                          YEAR:      2022
                                          LATITUDE:   34 20 N
                                          LONGITUDE:  85 10 W

[TEMPERATURE DATA]      [PRECIPITATION DATA]       SYMBOLS USED IN COLUMN 16

AVERAGE MONTHLY: 74.4   TOTAL FOR MONTH:   4.91    1 = FOG OR MIST
DPTR FM NORMAL:   0.1   DPTR FM NORMAL:    1.88    2 = FOG REDUCING VISIBILITY
HIGHEST:    94 ON 22,21  GRTST 24HR  3.03 ON  4- 4      TO 1/4 MILE OR LESS
LOWEST:     47 ON 27                               3 = THUNDER
                        SNOW, ICE PELLETS, HAIL    4 = ICE PELLETS
                        TOTAL MONTH:   0.0 INCH    5 = HAIL
                        GRTST 24HR  0.0            6 = FREEZING RAIN OR DRIZZLE
                        GRTST DEPTH:  0            7 = DUSTSTORM OR SANDSTORM:
                                                       VSBY 1/2 MILE OR LESS
                                                   8 = SMOKE OR HAZE
[NO. OF DAYS WITH]      [WEATHER - DAYS WITH]      9 = BLOWING SNOW
                                                   X = TORNADO
MAX 32 OR BELOW:   0    0.01 INCH OR MORE:   8
MAX 90 OR ABOVE:   6    0.10 INCH OR MORE:   5
MIN 32 OR BELOW:   0    0.50 INCH OR MORE:   2
MIN  0 OR BELOW:   0    1.00 INCH OR MORE:   2

[HDD (BASE 65) ]
TOTAL THIS MO.     3    CLEAR  (SCALE 0-3)  15
DPTR FM NORMAL     0    PTCLDY (SCALE 4-7)   8
TOTAL FM JUL 1     3    CLOUDY (SCALE 8-10)  4
DPTR FM NORMAL     0

[CDD (BASE 65) ]
TOTAL THIS MO.   262
DPTR FM NORMAL     8    [PRESSURE DATA]
TOTAL FM JAN 1  2071    HIGHEST SLP M ON M
DPTR FM NORMAL   316    LOWEST  SLP 29.74 ON  8

[REMARKS]
