000
CXUS55 KABQ 271010
CF6ROW
PRELIMINARY LOCAL CLIMATOLOGICAL DATA (WS FORM: F-6)

                                          STATION:   ROSWELL NM
                                          MONTH:     SEPTEMBER
                                          YEAR:      2022
                                          LATITUDE:   33 17 N
                                          LONGITUDE: 104 32 W

  TEMPERATURE IN F:       :PCPN:    SNOW:  WIND      :SUNSHINE: SKY     :PK WND
================================================================================
1   2   3   4   5  6A  6B    7    8   9   10  11  12  13   14  15   16   17  18
                                     12Z  AVG MX 2MIN
DY MAX MIN AVG DEP HDD CDD  WTR  SNW DPTH SPD SPD DIR MIN PSBL S-S WX    SPD DR
================================================================================

 1  83  67  75  -4   0  10    T  0.0    0  5.0 13 170   M    M   5        19 150
 2  87  65  76  -2   0  11 0.00  0.0    0  3.8  9 140   M    M   5 128    13 160
 3  90  66  78   0   0  13 0.12  0.0    0  5.3 20 150   M    M   2 13     25 140
 4  92  65  79   1   0  14 0.00  0.0    0  5.4 10 230   M    M   0        15  60
 5  93  64  79   1   0  14 0.00  0.0    0  8.4 18 170   M    M   0        27 180
 6  94  61  78   1   0  13 0.00  0.0    0  4.4 13  80   M    M   0        19  80
 7  94  61  78   1   0  13 0.00  0.0    0  4.9 12 360   M    M   0        14  10
 8  92  62  77   0   0  12 0.00  0.0    0  7.1 16 180   M    M   0        21 170
 9  95  62  79   3   0  14 0.00  0.0    0  8.4 17 160   M    M   0        22 140
10  91  66  79   3   0  14 0.00  0.0    0  8.9 26  10   M    M   2        35  10
11  75  61  68  -8   0   3 0.00  0.0    0  7.2 16  50   M    M   7        21  40
12  91  58  75  -1   0  10 0.00  0.0    0  6.0 14 230   M    M   0 8      20 140
13  92  63  78   3   0  13    T  0.0    0  6.0 41 260   M    M   1        58 260
14  89  64  77   2   0  12    T  0.0    0  7.4 28 200   M    M   3 3      35 200
15  91  60  76   1   0  11    T  0.0    0  4.6 13 150   M    M   1 1      16 170
16  97  59  78   4   0  13 0.00  0.0    0  7.8 17 170   M    M   1        25 190
17  97  66  82   8   0  17 0.00  0.0    0 12.6 24 160   M    M   0        33 140
18  95  63  79   5   0  14 0.00  0.0    0  8.0 25 280   M    M   1        34 260
19  92  69  81   8   0  16 0.01  0.0    0  6.0 23 240   M    M   1 3      30 240
20  94  66  80   7   0  15 0.00  0.0    0  5.4 17 130   M    M   1        24 110
21  96  66  81   8   0  16 0.00  0.0    0  7.7 16 160   M    M   0        20 160
22  90  64  77   5   0  12 0.00  0.0    0  8.8 17 180   M    M   0        24 160
23  94  60  77   5   0  12 0.00  0.0    0  7.8 21 170   M    M   0        28 200
24  96  62  79   7   0  14 0.00  0.0    0  5.7 13  50   M    M   1        18 110
25  93  67  80   9   0  15 0.00  0.0    0 10.9 22  10   M    M   2        29  70
26  85  60  73   2   0   8 0.00  0.0    0  8.1 16 130   M    M   0        22 200
================================================================================
SM 2378 1647         0 329  0.13  0.0    181.6          M       33
================================================================================
AV 91.5 63.3                               7.0 FASTST   M    M   1    MAX(MPH)
                                 MISC ---->    41 260                 58 260
================================================================================
NOTES:
# LAST OF SEVERAL OCCURRENCES

COLUMN 17 PEAK WIND IN M.P.H.

PRELIMINARY LOCAL CLIMATOLOGICAL DATA (WS FORM: F-6) , PAGE 2

                                          STATION:   ROSWELL NM
                                          MONTH:     SEPTEMBER
                                          YEAR:      2022
                                          LATITUDE:   33 17 N
                                          LONGITUDE: 104 32 W

[TEMPERATURE DATA]      [PRECIPITATION DATA]       SYMBOLS USED IN COLUMN 16

AVERAGE MONTHLY: 77.4   TOTAL FOR MONTH:   0.13    1 = FOG OR MIST
DPTR FM NORMAL:   2.4   DPTR FM NORMAL:   -1.24    2 = FOG REDUCING VISIBILITY
HIGHEST:    97 ON 17,16  GRTST 24HR  0.12 ON  3- 3      TO 1/4 MILE OR LESS
LOWEST:     58 ON 12                               3 = THUNDER
                        SNOW, ICE PELLETS, HAIL    4 = ICE PELLETS
                        TOTAL MONTH:   0.0 INCH    5 = HAIL
                        GRTST 24HR  0.0            6 = FREEZING RAIN OR DRIZZLE
                        GRTST DEPTH:  0            7 = DUSTSTORM OR SANDSTORM:
                                                       VSBY 1/2 MILE OR LESS
                                                   8 = SMOKE OR HAZE
[NO. OF DAYS WITH]      [WEATHER - DAYS WITH]      9 = BLOWING SNOW
                                                   X = TORNADO
MAX 32 OR BELOW:   0    0.01 INCH OR MORE:   2
MAX 90 OR ABOVE:  21    0.10 INCH OR MORE:   1
MIN 32 OR BELOW:   0    0.50 INCH OR MORE:   0
MIN  0 OR BELOW:   0    1.00 INCH OR MORE:   0

[HDD (BASE 65) ]
TOTAL THIS MO.     0    CLEAR  (SCALE 0-3)  23
DPTR FM NORMAL     0    PTCLDY (SCALE 4-7)   3
TOTAL FM JUL 1     0    CLOUDY (SCALE 8-10)  0
DPTR FM NORMAL     0

[CDD (BASE 65) ]
TOTAL THIS MO.   329
DPTR FM NORMAL    61    [PRESSURE DATA]
TOTAL FM JAN 1  2532    HIGHEST SLP M ON M
DPTR FM NORMAL   388    LOWEST  SLP 29.57 ON  9

[REMARKS]
