000
CXUS54 KFWD 260730
CF6RPH
PRELIMINARY LOCAL CLIMATOLOGICAL DATA (WS FORM: F-6)

                                          STATION:   GRAHAM
                                          MONTH:     SEPTEMBER
                                          YEAR:      2022
                                          LATITUDE:   33  6 N
                                          LONGITUDE:  98 30 W

  TEMPERATURE IN F:       :PCPN:    SNOW:  WIND      :SUNSHINE: SKY     :PK WND
================================================================================
1   2   3   4   5  6A  6B    7    8   9   10  11  12  13   14  15   16   17  18
                                     12Z  AVG MX 2MIN
DY MAX MIN AVG DEP HDD CDD  WTR  SNW DPTH SPD SPD DIR MIN PSBL S-S WX    SPD DR
================================================================================

 1  85  71  78  -2   0  13    T    M    M  4.3 10 200   M    M   8         M   M
 2  90  71  81   1   0  16 0.01    M    M  3.0  9 140   M    M   2 8      18 120
 3  94  69  82   2   0  17 0.00    M    M  2.5  7 100   M    M   0 1       M   M
 4  95  67  81   1   0  16 0.03    M    M  2.5  9 110   M    M   2        25  99
 5  93  65  79   0   0  14 0.00    M    M  2.0  7 220   M    M   1        16 140
 6  95  65  80   1   0  15 0.00    M    M  2.0  7  40   M    M   1         M   M
 7  94  65  80   2   0  15 0.00    M    M  4.7 10  10   M    M   1        18  10
 8  91  64  78   0   0  13 0.00    M    M  3.5  8  80   M    M   1         M   M
 9  91  66  79   1   0  14 0.00    M    M  4.8  9 100   M    M   1         M   M
10  90  63  77   0   0  12 0.00    M    M  4.0  9  50   M    M   0         M   M
11  82  63  73  -4   0   8 0.00    M    M  8.5 15 350   M    M   3        23 360
12  87  58  73  -4   0   8 0.00    M    M  2.6  7  99   M    M   2         M   M
13  94  68  81   5   0  16 0.00    M    M  6.2 12 150   M    M   1        17 140
14  92  69  81   5   0  16 0.00    M    M  7.4 10 100   M    M   1        20 120
15  91  65  78   3   0  13 0.00    M    M  7.0 10 110   M    M   1        18 130
16  94  69  82   7   0  17 0.00    M    M  7.3 12 150   M    M   1        18 170
17  96  73  85  10   0  20 0.00    M    M  7.2 14 200   M    M   1 8      18  99
18  97  75  86  12   0  21 0.00    M    M  7.0 10 120   M    M   0        18 120
19  97  68  83   9   0  18 0.00    M    M  5.0 12 120   M    M   1        18 120
20  97  72  85  12   0  20 0.00    M    M  6.1 12 230   M    M   1        17 140
21  97  73  85  12   0  20 0.00    M    M  4.7 10 190   M    M   2         M   M
22  95  64  80   7   0  15 0.00    M    M  4.8 10 280   M    M   2         M   M
23  96  62  79   7   0  14 0.00    M    M  4.0 12 220   M    M   1        18 220
24  96  68  82  10   0  17 0.00    M    M  5.1 12 150   M    M   0         M   M
25  97  70  84  12   0  19 0.00    M    M  4.1 10  30   M    M   6        23  99
================================================================================
SM 2326 1683         0 387  0.04    M    120.3          M       40
================================================================================
AV 93.0 67.3                               4.8 FASTST   M    M   2    MAX(MPH)
                                 MISC ---->    15 350                 25  99
================================================================================
NOTES:
# LAST OF SEVERAL OCCURRENCES

COLUMN 17 PEAK WIND IN M.P.H.

PRELIMINARY LOCAL CLIMATOLOGICAL DATA (WS FORM: F-6) , PAGE 2

                                          STATION:   GRAHAM
                                          MONTH:     SEPTEMBER
                                          YEAR:      2022
                                          LATITUDE:   33  6 N
                                          LONGITUDE:  98 30 W

[TEMPERATURE DATA]      [PRECIPITATION DATA]       SYMBOLS USED IN COLUMN 16

AVERAGE MONTHLY: 80.2   TOTAL FOR MONTH:   0.04    1 = FOG OR MIST
DPTR FM NORMAL:   4.1   DPTR FM NORMAL:   -2.82    2 = FOG REDUCING VISIBILITY
HIGHEST:    97 ON 25,21  GRTST 24HR  0.03 ON  4- 4      TO 1/4 MILE OR LESS
LOWEST:     58 ON 12                               3 = THUNDER
                        SNOW, ICE PELLETS, HAIL    4 = ICE PELLETS
                        TOTAL MONTH:  M            5 = HAIL
                        GRTST 24HR    M  ON   M    6 = FREEZING RAIN OR DRIZZLE
                        GRTST DEPTH:  M  ON   M    7 = DUSTSTORM OR SANDSTORM:
                                                       VSBY 1/2 MILE OR LESS
                                                   8 = SMOKE OR HAZE
[NO. OF DAYS WITH]      [WEATHER - DAYS WITH]      9 = BLOWING SNOW
                                                   X = TORNADO
MAX 32 OR BELOW:   0    0.01 INCH OR MORE:   2
MAX 90 OR ABOVE:  22    0.10 INCH OR MORE:   0
MIN 32 OR BELOW:   0    0.50 INCH OR MORE:   0
MIN  0 OR BELOW:   0    1.00 INCH OR MORE:   0

[HDD (BASE 65) ]
TOTAL THIS MO.     0    CLEAR  (SCALE 0-3)  22
DPTR FM NORMAL    -8    PTCLDY (SCALE 4-7)   2
TOTAL FM JUL 1     0    CLOUDY (SCALE 8-10)  1
DPTR FM NORMAL    -8

[CDD (BASE 65) ]
TOTAL THIS MO.   387
DPTR FM NORMAL   103    [PRESSURE DATA]
TOTAL FM JAN 1  2956    HIGHEST SLP M ON M
DPTR FM NORMAL   799    LOWEST  SLP M ON M

[REMARKS]
