000
CXUS53 KARX 280900
CF6RST
PRELIMINARY LOCAL CLIMATOLOGICAL DATA (WS FORM: F-6)

                                          STATION:   ROCHESTER MN
                                          MONTH:     SEPTEMBER
                                          YEAR:      2022
                                          LATITUDE:   43 55 N
                                          LONGITUDE:  92 30 W

  TEMPERATURE IN F:       :PCPN:    SNOW:  WIND      :SUNSHINE: SKY     :PK WND
================================================================================
1   2   3   4   5  6A  6B    7    8   9   10  11  12  13   14  15   16   17  18
                                     12Z  AVG MX 2MIN
DY MAX MIN AVG DEP HDD CDD  WTR  SNW DPTH SPD SPD DIR MIN PSBL S-S WX    SPD DR
================================================================================

 1  81  58  70   4   0   5 0.00  0.0    0  9.2 15 190   M    M   0        21 180
 2  82  64  73   7   0   8 0.27  0.0    0 12.9 23 180   M    M   1 138    32 180
 3  74  57  66   1   0   1 0.00  0.0    0 12.1 21  10   M    M   1        25 360
 4  72  52  62  -3   3   0 0.00  0.0    0  7.1 12  70   M    M   1        17  60
 5  74  54  64  -1   1   0 0.00  0.0    0  6.5 10 140   M    M   7        14 140
 6  77  56  67   3   0   2 0.00  0.0    0  5.4 12 190   M    M   4        14 200
 7  83  60  72   8   0   7 0.00  0.0    0  4.9  9 290   M    M   3        13 260
 8  79  58  69   5   0   4 0.00  0.0    0 14.1 28 190   M    M   0        36 190
 9  74  58  66   2   0   1 0.07  0.0    0 11.3 17 330   M    M   5 1      23 190
10  65  51  58  -5   7   0 0.46  0.0    0  7.0 15  10   M    M   6 1      19  10
11  71  47  59  -4   6   0 0.00  0.0    0  8.1 18 350   M    M   0        24 340
12  71  48  60  -3   5   0 0.00  0.0    0  9.6 20 360   M    M   0        27 340
13  76  49  63   1   2   0 0.00  0.0    0  4.7  9 270   M    M   0        12 280
14  75  48  62   0   3   0 0.00  0.0    0  9.4 15 140   M    M   0        22 140
15  80  58  69   7   0   4 0.00  0.0    0 12.3 23 190   M    M   0        35 200
16  77  58  68   7   0   3    T  0.0    0  8.8 16 220   M    M   4        23 190
17  76  60  68   7   0   3    T  0.0    0 11.5 21 190   M    M   2        29 180
18  73  56  65   5   0   0 0.01  0.0    0  8.1 15 330   M    M   5 13     21 270
19  77  48  63   3   2   0    T  0.0    0  8.1 15 160   M    M   2 123    22 160
20  90  63  77  17   0  12 0.00  0.0    0 10.0 21 190   M    M   0 1      30 190
21  71  49  60   1   5   0 0.00  0.0    0 13.8 24 300   M    M   2        34 340
22  63  42  53  -6  12   0 0.00  0.0    0  6.5 16  30   M    M   1        23  40
23  54  44  49  -9  16   0 0.14  0.0    0 10.4 17 120   M    M   6 1      25 170
24  71  50  61   3   4   0 0.00  0.0    0 10.3 25 300   M    M   9 1      37 300
25  70  48  59   1   6   0 0.00  0.0    0 14.3 30 320   M    M   2        41 330
26  62  41  52  -5  13   0 0.00  0.0    0 14.1 29 320   M    M   0        41 320
27  58  40  49  -8  16   0 0.02  0.0    0  8.9 22 360   M    M   2        28  10
================================================================================
SM 1976 1417       101  50  0.97  0.0    259.4          M       63
================================================================================
AV 73.2 52.5                               9.6 FASTST   M    M   2    MAX(MPH)
                                 MISC ---->    30 320               # 41 330
================================================================================
NOTES:
# LAST OF SEVERAL OCCURRENCES

COLUMN 17 PEAK WIND IN M.P.H.

PRELIMINARY LOCAL CLIMATOLOGICAL DATA (WS FORM: F-6) , PAGE 2

                                          STATION:   ROCHESTER MN
                                          MONTH:     SEPTEMBER
                                          YEAR:      2022
                                          LATITUDE:   43 55 N
                                          LONGITUDE:  92 30 W

[TEMPERATURE DATA]      [PRECIPITATION DATA]       SYMBOLS USED IN COLUMN 16

AVERAGE MONTHLY: 62.8   TOTAL FOR MONTH:   0.97    1 = FOG OR MIST
DPTR FM NORMAL:   1.1   DPTR FM NORMAL:   -2.29    2 = FOG REDUCING VISIBILITY
HIGHEST:    90 ON 20    GRTST 24HR  0.53 ON  9-10      TO 1/4 MILE OR LESS
LOWEST:     40 ON 27                               3 = THUNDER
                        SNOW, ICE PELLETS, HAIL    4 = ICE PELLETS
                        TOTAL MONTH:   0.0 INCH    5 = HAIL
                        GRTST 24HR  0.0            6 = FREEZING RAIN OR DRIZZLE
                        GRTST DEPTH:  0            7 = DUSTSTORM OR SANDSTORM:
                                                       VSBY 1/2 MILE OR LESS
                                                   8 = SMOKE OR HAZE
[NO. OF DAYS WITH]      [WEATHER - DAYS WITH]      9 = BLOWING SNOW
                                                   X = TORNADO
MAX 32 OR BELOW:   0    0.01 INCH OR MORE:   6
MAX 90 OR ABOVE:   1    0.10 INCH OR MORE:   3
MIN 32 OR BELOW:   0    0.50 INCH OR MORE:   0
MIN  0 OR BELOW:   0    1.00 INCH OR MORE:   0

[HDD (BASE 65) ]
TOTAL THIS MO.   101    CLEAR  (SCALE 0-3)  19
DPTR FM NORMAL   -39    PTCLDY (SCALE 4-7)   7
TOTAL FM JUL 1   109    CLOUDY (SCALE 8-10)  1
DPTR FM NORMAL   -75

[CDD (BASE 65) ]
TOTAL THIS MO.    50
DPTR FM NORMAL    -1    [PRESSURE DATA]
TOTAL FM JAN 1   585    HIGHEST SLP M ON M
DPTR FM NORMAL    60    LOWEST  SLP 29.73 ON 20

[REMARKS]
