000
CXUS55 KABQ 281010
CF6RTN
PRELIMINARY LOCAL CLIMATOLOGICAL DATA (WS FORM: F-6)

                                          STATION:   RATON AIRPORT NM
                                          MONTH:     SEPTEMBER
                                          YEAR:      2022
                                          LATITUDE:   36 45 N
                                          LONGITUDE: 104 30 W

  TEMPERATURE IN F:       :PCPN:    SNOW:  WIND      :SUNSHINE: SKY     :PK WND
================================================================================
1   2   3   4   5  6A  6B    7    8   9   10  11  12  13   14  15   16   17  18
                                     12Z  AVG MX 2MIN
DY MAX MIN AVG DEP HDD CDD  WTR  SNW DPTH SPD SPD DIR MIN PSBL S-S WX    SPD DR
================================================================================

 1  85  52  69   3   0   4    T    M    M  6.4 16  50   M    M   1        21  50
 2  89  47  68   2   0   3    T    M    M  6.9 16 120   M    M   0        24  90
 3  81  53  67   2   0   2    T    M    M 10.0 28  90   M    M   3        38  90
 4  87  46  67   2   0   2 0.00    M    M  5.2 13 170   M    M   0        18 160
 5  91  46  69   4   0   4 0.00    M    M  7.5 18  70   M    M   0        27  80
 6  91  44  68   3   0   3 0.00    M    M  6.3 18  90   M    M   0        24  90
 7  93  48  71   7   0   6 0.00    M    M  6.8 17  70   M    M   0        22  70
 8  90  48  69   5   0   4 0.00    M    M  6.4 14 190   M    M   0        20 200
 9  86  48  67   3   0   2    T    M    M  9.8 24 170   M    M   2 3      37 120
10  70  50  60  -4   5   0 0.01    M    M  8.2 20  70   M    M   8 1      25  70
11  73  50  62  -1   3   0 0.00    M    M  6.1 13 200   M    M   5        17 170
12  87  44  66   3   0   1 0.16    M    M  6.1 20 190   M    M   1 18     37 270
13  85  44  65   2   0   0 0.00    M    M  8.5 25 190   M    M   1        36 160
14  82  50  66   4   0   1 0.00    M    M  8.2 22 160   M    M   2        30 180
15  83  44  64   2   1   0 0.00    M    M  8.0 21 270   M    M   0        30 270
16  86  42  64   2   1   0 0.00    M    M  9.1 23 170   M    M   1        32 190
17  87  42  65   4   0   0 0.00    M    M  9.2 23 250   M    M   0        35 210
18  89  45  67   6   0   2 0.00    M    M  6.9 23 180   M    M   0        31 180
19  87  58  73  12   0   8 0.01    M    M  7.4 25 170   M    M   2        34 180
20  90  48  69   9   0   4 0.00    M    M  6.5 31 230   M    M   1        42 230
21  82  54  68   8   0   3    T    M    M  9.6 23  50   M    M   4        30  40
22  81  53  67   7   0   2 0.21    M    M  8.3 31 250   M    M   8 3      45 230
23  84  48  66   7   0   1 0.00    M    M  7.2 20 260   M    M   0 1      32 220
24  83  44  64   5   1   0 0.00    M    M  7.7 16 140   M    M   1        21 140
25  77  47  62   3   3   0 0.00    M    M  8.5 20 360   M    M   1        27 360
26  85  43  64   6   1   0 0.00    M    M  6.2 16 340   M    M   0        23 360
27  84  41  63   5   2   0 0.00    M    M  7.7 20  70   M    M   3        25  80
================================================================================
SM 2288 1279        17  52  0.39    M    204.7          M       44
================================================================================
AV 84.7 47.4                               7.6 FASTST   M    M   2    MAX(MPH)
                                 MISC ---->  # 31 230                 45 230
================================================================================
NOTES:
# LAST OF SEVERAL OCCURRENCES

COLUMN 17 PEAK WIND IN M.P.H.

PRELIMINARY LOCAL CLIMATOLOGICAL DATA (WS FORM: F-6) , PAGE 2

                                          STATION:   RATON AIRPORT NM
                                          MONTH:     SEPTEMBER
                                          YEAR:      2022
                                          LATITUDE:   36 45 N
                                          LONGITUDE: 104 30 W

[TEMPERATURE DATA]      [PRECIPITATION DATA]       SYMBOLS USED IN COLUMN 16

AVERAGE MONTHLY: 66.1   TOTAL FOR MONTH:   0.39    1 = FOG OR MIST
DPTR FM NORMAL:   3.9   DPTR FM NORMAL:   -1.27    2 = FOG REDUCING VISIBILITY
HIGHEST:    93 ON  7    GRTST 24HR  0.43 ON 31- 1      TO 1/4 MILE OR LESS
LOWEST:     41 ON 27                               3 = THUNDER
                        SNOW, ICE PELLETS, HAIL    4 = ICE PELLETS
                        TOTAL MONTH:  M            5 = HAIL
                        GRTST 24HR    M  ON   M    6 = FREEZING RAIN OR DRIZZLE
                        GRTST DEPTH:  M  ON   M    7 = DUSTSTORM OR SANDSTORM:
                                                       VSBY 1/2 MILE OR LESS
                                                   8 = SMOKE OR HAZE
[NO. OF DAYS WITH]      [WEATHER - DAYS WITH]      9 = BLOWING SNOW
                                                   X = TORNADO
MAX 32 OR BELOW:   0    0.01 INCH OR MORE:   4
MAX 90 OR ABOVE:   5    0.10 INCH OR MORE:   2
MIN 32 OR BELOW:   0    0.50 INCH OR MORE:   0
MIN  0 OR BELOW:   0    1.00 INCH OR MORE:   0

[HDD (BASE 65) ]
TOTAL THIS MO.    17    CLEAR  (SCALE 0-3)  23
DPTR FM NORMAL   -84    PTCLDY (SCALE 4-7)   4
TOTAL FM JUL 1    32    CLOUDY (SCALE 8-10)  0
DPTR FM NORMAL   -87

[CDD (BASE 65) ]
TOTAL THIS MO.    52
DPTR FM NORMAL    28    [PRESSURE DATA]
TOTAL FM JAN 1   596    HIGHEST SLP M ON M
DPTR FM NORMAL   167    LOWEST  SLP 29.69 ON  9

[REMARKS]
