000
CXUS51 KBTV 280700
CF6RUT
PRELIMINARY LOCAL CLIMATOLOGICAL DATA (WS FORM: F-6)

                                          STATION:   RUTLAND VT
                                          MONTH:     SEPTEMBER
                                          YEAR:      2022
                                          LATITUDE:   43 31 N
                                          LONGITUDE:  72 57 W

  TEMPERATURE IN F:       :PCPN:    SNOW:  WIND      :SUNSHINE: SKY     :PK WND
================================================================================
1   2   3   4   5  6A  6B    7    8   9   10  11  12  13   14  15   16   17  18
                                     12Z  AVG MX 2MIN
DY MAX MIN AVG DEP HDD CDD  WTR  SNW DPTH SPD SPD DIR MIN PSBL S-S WX    SPD DR
================================================================================

 1  67  48  58   M   7   0 0.10    M    M  7.4 14 270   M    M   4        23 270
 2  74  45  60   M   5   0 0.00    M    M  5.3 12 130   M    M   0 1       M   M
 3  80  52  66   M   0   1 0.00    M    M  6.0 13 120   M    M   0 1       M   M
 4  78  57  68   M   0   3 0.00    M    M  5.6 14 360   M    M   2         M   M
 5  64  56  60   M   5   0 0.58    M    M  2.8  8 150   M    M  10 1       M   M
 6  64  59  62   M   3   0 1.27    M    M  5.7 12 150   M    M  10 12     18 160
 7  73  56  65   M   0   0 0.00    M    M  3.8  9 130   M    M   8         M   M
 8  76  52  64   M   1   0 0.00    M    M  5.6 10 130   M    M   2         M   M
 9  79  53  66   M   0   1 0.00    M    M  6.2 12 120   M    M   0         M   M
10  80  55  68   M   0   3 0.00    M    M  5.1 10 120   M    M   0         M   M
11  74  59  67   M   0   2 0.00    M    M  3.6 10 240   M    M   5         M   M
12  79  60  70   M   0   5 0.00    M    M  2.4  6 160   M    M   6         M   M
13  73  61  67   M   0   2 0.31    M    M  6.5 15 130   M    M  10 12     16  99
14  74  56  65   M   0   0 0.01    M    M  6.2 12 280   M    M   8        17 280
15  62  42  52   M  13   0 0.00    M    M  7.8 14 330   M    M   4        21 330
16  65  40  53   M  12   0 0.00    M    M  5.0 13 360   M    M   3        17  99
17  68  43  56   M   9   0 0.00    M    M  5.3  9 270   M    M   1         M   M
18  71  52  62   M   3   0 0.01    M    M  3.8  9 120   M    M   8         M   M
19  73  59  66   M   0   1 0.86    M    M  5.7 13 120   M    M  10 12      M   M
20  70  54  62   M   3   0 0.53    M    M  3.6 12 340   M    M   9 1      17 330
21  68  53  61   M   4   0 0.00    M    M  3.5 13 110   M    M   6 1       M   M
22  67  48  58   M   7   0 0.77    M    M  7.3 17 330   M    M  10 1      27 330
23  51  39  45   M  20   0    T    M    M 10.6 17 340   M    M   6        28 340
24  63  36  50   M  15   0 0.00    M    M  4.3 12 280   M    M   1        17 300
25  60  44  52   M  13   0 0.08    M    M  5.3 10 210   M    M   7        16 210
26  67  50  59   M   6   0 0.08    M    M  6.5 12 160   M    M   7         M   M
27  62  46  54   M  11   0 0.03    M    M  5.8 12 180   M    M  10        16 180
================================================================================
SM 1882 1375       137  18  4.63    M    146.7          M      147
================================================================================
AV 69.7 50.9                               5.4 FASTST   M    M   5    MAX(MPH)
                                 MISC ---->  # 17 330                 28 340
================================================================================
NOTES:
# LAST OF SEVERAL OCCURRENCES

COLUMN 17 PEAK WIND IN M.P.H.

PRELIMINARY LOCAL CLIMATOLOGICAL DATA (WS FORM: F-6) , PAGE 2

                                          STATION:   RUTLAND VT
                                          MONTH:     SEPTEMBER
                                          YEAR:      2022
                                          LATITUDE:   43 31 N
                                          LONGITUDE:  72 57 W

[TEMPERATURE DATA]      [PRECIPITATION DATA]       SYMBOLS USED IN COLUMN 16

AVERAGE MONTHLY: 60.3   TOTAL FOR MONTH:   4.63    1 = FOG OR MIST
DPTR FM NORMAL:   0.0   DPTR FM NORMAL:    4.63    2 = FOG REDUCING VISIBILITY
HIGHEST:    80 ON 10, 3  GRTST 24HR  1.27 ON  6- 6      TO 1/4 MILE OR LESS
LOWEST:     36 ON 24                               3 = THUNDER
                        SNOW, ICE PELLETS, HAIL    4 = ICE PELLETS
                        TOTAL MONTH:  M            5 = HAIL
                        GRTST 24HR    M  ON   M    6 = FREEZING RAIN OR DRIZZLE
                        GRTST DEPTH:  M  ON   M    7 = DUSTSTORM OR SANDSTORM:
                                                       VSBY 1/2 MILE OR LESS
                                                   8 = SMOKE OR HAZE
[NO. OF DAYS WITH]      [WEATHER - DAYS WITH]      9 = BLOWING SNOW
                                                   X = TORNADO
MAX 32 OR BELOW:   0    0.01 INCH OR MORE:  12
MAX 90 OR ABOVE:   0    0.10 INCH OR MORE:   6
MIN 32 OR BELOW:   0    0.50 INCH OR MORE:   5
MIN  0 OR BELOW:   0    1.00 INCH OR MORE:   1

[HDD (BASE 65) ]
TOTAL THIS MO.   137    CLEAR  (SCALE 0-3)   9
DPTR FM NORMAL     M    PTCLDY (SCALE 4-7)  11
TOTAL FM JUL 1   153    CLOUDY (SCALE 8-10)  7
DPTR FM NORMAL     M

[CDD (BASE 65) ]
TOTAL THIS MO.    18
DPTR FM NORMAL     M    [PRESSURE DATA]
TOTAL FM JAN 1   485    HIGHEST SLP M ON M
DPTR FM NORMAL     M    LOWEST  SLP M ON M

[REMARKS]
