000
CXUS54 KTSA 280850
CF6RVS
PRELIMINARY LOCAL CLIMATOLOGICAL DATA (WS FORM: F-6)

                                          STATION:   TULSA-RIVERSIDE  OKLAHOMA
                                          MONTH:     SEPTEMBER
                                          YEAR:      2022
                                          LATITUDE:   36  2 N
                                          LONGITUDE:  95 59 W

  TEMPERATURE IN F:       :PCPN:    SNOW:  WIND      :SUNSHINE: SKY     :PK WND
================================================================================
1   2   3   4   5  6A  6B    7    8   9   10  11  12  13   14  15   16   17  18
                                     12Z  AVG MX 2MIN
DY MAX MIN AVG DEP HDD CDD  WTR  SNW DPTH SPD SPD DIR MIN PSBL S-S WX    SPD DR
================================================================================

 1  85  69  77  -2   0  12 0.78  0.0    M  3.9 15 130   M    M   5 1      22 210
 2  89  69  79   0   0  14 0.99  0.0    M  3.2 10  30   M    M   6 13     13  50
 3  91  67  79   1   0  14 0.00  0.0    M  2.9 12  30   M    M   0 1      17 300
 4  89  67  78   0   0  13 0.00  0.0    M  2.8 12  30   M    M   0        18  10
 5  89  67  78   0   0  13    T  0.0    M  3.7 12  70   M    M   1        17  70
 6  92  68  80   2   0  15 0.00  0.0    M  2.3  9  30   M    M   0 1      14 100
 7  89  67  78   1   0  13 0.00  0.0    M  5.1 15  30   M    M   1        20  40
 8  89  64  77   0   0  12 0.00  0.0    M  2.1 12 100   M    M   0 1      16 120
 9  90  63  77   1   0  12 0.00  0.0    M  3.3  9 120   M    M   0        15 150
10  91  63  77   1   0  12    T  0.0    M  3.4 15 360   M    M   2        25 340
11  80  56  68  -8   0   3 0.00  0.0    M  6.2 16  30   M    M   3        24 360
12  85  50  68  -8   0   3 0.00  0.0    M  2.1 10 220   M    M   0        15 200
13  92  55  74  -1   0   9 0.00  0.0    M  3.6 15 130   M    M   0        26 120
14  91  59  75   0   0  10 0.00  0.0    M  4.8 15 150   M    M   0        22 150
15  89  58  74   0   0   9 0.00  0.0    M  5.4 14 190   M    M   0        22 170
16  94  60  77   3   0  12 0.00  0.0    M  8.3 18 170   M    M   0        32 190
17  98  72  85  11   0  20 0.00  0.0    M 10.1 18 190   M    M   1        29 180
18  98  71  85  12   0  20 0.00  0.0    M  7.3 17 200   M    M   1        24 190
19 100  69  85  12   0  20 0.00  0.0    M  4.7 15 170   M    M   0        22 160
20  99  69  84  11   0  19 0.00  0.0    M  4.8 16 210   M    M   0        21 180
21 101  70  86  14   0  21 0.00  0.0    M  4.7 15 220   M    M   1        24  30
22  81  62  72   0   0   7 0.00  0.0    M 12.2 21  20   M    M   4        30  20
23  96  57  77   6   0  12 0.00  0.0    M  5.3 15 180   M    M   0        22 180
24  82  69  76   5   0  11 0.03  0.0    M  3.2 10 200   M    M   5        14 170
25  88  58  73   2   0   8 0.00  0.0    M  6.0 22  30   M    M   1        31  30
26  86  51  69  -1   0   4 0.00  0.0    M  2.8 15  30   M    M   0        21  10
27  91  51  71   1   0   6 0.00  0.0    M  3.4 14 190   M    M   0        22 190
================================================================================
SM 2445 1701         0 324  1.80  0.0    127.6          M       31
================================================================================
AV 90.6 63.0                               4.7 FASTST   M    M   1    MAX(MPH)
                                 MISC ---->    22  30                 32 190
================================================================================
NOTES:
# LAST OF SEVERAL OCCURRENCES

COLUMN 17 PEAK WIND IN M.P.H.

PRELIMINARY LOCAL CLIMATOLOGICAL DATA (WS FORM: F-6) , PAGE 2

                                          STATION:   TULSA-RIVERSIDE  OKLAHOMA
                                          MONTH:     SEPTEMBER
                                          YEAR:      2022
                                          LATITUDE:   36  2 N
                                          LONGITUDE:  95 59 W

[TEMPERATURE DATA]      [PRECIPITATION DATA]       SYMBOLS USED IN COLUMN 16

AVERAGE MONTHLY: 76.8   TOTAL FOR MONTH:   1.80    1 = FOG OR MIST
DPTR FM NORMAL:   2.1   DPTR FM NORMAL:   -1.49    2 = FOG REDUCING VISIBILITY
HIGHEST:   101 ON 21    GRTST 24HR  1.77 ON  1- 2      TO 1/4 MILE OR LESS
LOWEST:     50 ON 12                               3 = THUNDER
                        SNOW, ICE PELLETS, HAIL    4 = ICE PELLETS
                        TOTAL MONTH:   0.0 INCH    5 = HAIL
                        GRTST 24HR  0.0            6 = FREEZING RAIN OR DRIZZLE
                        GRTST DEPTH:  M  ON   M    7 = DUSTSTORM OR SANDSTORM:
                                                       VSBY 1/2 MILE OR LESS
                                                   8 = SMOKE OR HAZE
[NO. OF DAYS WITH]      [WEATHER - DAYS WITH]      9 = BLOWING SNOW
                                                   X = TORNADO
MAX 32 OR BELOW:   0    0.01 INCH OR MORE:   3
MAX 90 OR ABOVE:  14    0.10 INCH OR MORE:   2
MIN 32 OR BELOW:   0    0.50 INCH OR MORE:   2
MIN  0 OR BELOW:   0    1.00 INCH OR MORE:   0

[HDD (BASE 65) ]
TOTAL THIS MO.     0    CLEAR  (SCALE 0-3)  23
DPTR FM NORMAL    -7    PTCLDY (SCALE 4-7)   4
TOTAL FM JUL 1     0    CLOUDY (SCALE 8-10)  0
DPTR FM NORMAL    -7

[CDD (BASE 65) ]
TOTAL THIS MO.   324
DPTR FM NORMAL    55    [PRESSURE DATA]
TOTAL FM JAN 1  2370    HIGHEST SLP M ON M
DPTR FM NORMAL   325    LOWEST  SLP 29.79 ON  9

[REMARKS]
