000
CXUS55 KPIH 281100
CF6RXE
PRELIMINARY LOCAL CLIMATOLOGICAL DATA (WS FORM: F-6)

                                          STATION:   REXBURG
                                          MONTH:     SEPTEMBER
                                          YEAR:      2022
                                          LATITUDE:   43 49 N
                                          LONGITUDE: 111 48 W

  TEMPERATURE IN F:       :PCPN:    SNOW:  WIND      :SUNSHINE: SKY     :PK WND
================================================================================
1   2   3   4   5  6A  6B    7    8   9   10  11  12  13   14  15   16   17  18
                                     12Z  AVG MX 2MIN
DY MAX MIN AVG DEP HDD CDD  WTR  SNW DPTH SPD SPD DIR MIN PSBL S-S WX    SPD DR
================================================================================

 1  94  55  75  13   0  10 0.00    M    M  7.6 20 200   M    M   0        28 170
 2  92  50  71   9   0   6 0.00    M    M  3.1  9 250   M    M   0        13 260
 3  97  48  73  11   0   8 0.00    M    M  5.5 12 180   M    M   0        17 220
 4  95  54  75  13   0  10 0.00    M    M  9.2 21 200   M    M   1        32 240
 5  95  52  74  13   0   9 0.00    M    M  8.2 20 200   M    M   3        27 190
 6  97  50  74  13   0   9 0.00    M    M  3.9 13 200   M    M   1        19 200
 7  98  56  77  17   0  12 0.00    M    M  5.0 17 310   M    M   0 8      34 280
 8  87  56  72  12   0   7    T    M    M 10.4 30 230   M    M   3 8      44 210
 9  74  43  59  -1   6   0 0.00    M    M  7.0 17  20   M    M   0        25  20
10  75  38  57  -3   8   0 0.00    M    M  3.6 12  50   M    M   0 8      17 250
11  83  40  62   3   3   0 0.00    M    M  4.2 13 230   M    M   0        20 220
12  87  41  64   5   1   0 0.00    M    M  2.3  8 240   M    M   0 8      12 220
13  75  47  61   3   4   0    T    M    M  4.2 21 230   M    M   4        30 220
14  74  52  63   5   2   0 0.01    M    M  4.6 12 210   M    M   5        17 240
15  70  46  58   0   7   0 0.30    M    M  4.3 16 220   M    M   3 13     24 220
16  68  49  59   2   6   0 0.01    M    M  5.9 14 100   M    M   7 12     24  20
17  67  46  57   0   8   0 0.00    M    M  5.0 14  60   M    M   2        21  60
18  80  46  63   6   2   0    T    M    M  6.3 18 210   M    M   1        28 230
19  82  45  64   8   1   0 0.00    M    M  6.9 21 240   M    M   0        27 240
20  84  42  63   7   2   0 0.00    M    M  4.5 14 210   M    M   0        21 220
21  82  48  65  10   0   0 0.69    M    M  8.1 25 150   M    M   3 13     37 150
22  65  51  58   3   7   0 0.02    M    M 12.9 30 220   M    M   6 3      45 210
23  69  47  58   3   7   0 0.00    M    M 10.9 18 200   M    M   1        26 200
24  73  40  57   3   8   0 0.00    M    M  4.2 13 240   M    M   0        19 240
25  77  41  59   5   6   0 0.00    M    M  3.0  9 210   M    M   0 8      13 210
26  82  43  63  10   2   0 0.00    M    M  2.2  7  30   M    M   0         9 250
27  81  44  63  10   2   0 0.00    M    M  2.3 10 220   M    M   0        14 200
================================================================================
SM 2203 1270        82  71  1.03    M    155.3          M       40
================================================================================
AV 81.6 47.0                               5.8 FASTST   M    M   1    MAX(MPH)
                                 MISC ---->  # 30 230                 45 210
================================================================================
NOTES:
# LAST OF SEVERAL OCCURRENCES

COLUMN 17 PEAK WIND IN M.P.H.

PRELIMINARY LOCAL CLIMATOLOGICAL DATA (WS FORM: F-6) , PAGE 2

                                          STATION:   REXBURG
                                          MONTH:     SEPTEMBER
                                          YEAR:      2022
                                          LATITUDE:   43 49 N
                                          LONGITUDE: 111 48 W

[TEMPERATURE DATA]      [PRECIPITATION DATA]       SYMBOLS USED IN COLUMN 16

AVERAGE MONTHLY: 64.3   TOTAL FOR MONTH:   1.03    1 = FOG OR MIST
DPTR FM NORMAL:   6.4   DPTR FM NORMAL:    0.34    2 = FOG REDUCING VISIBILITY
HIGHEST:    98 ON  7    GRTST 24HR  0.71 ON 21-22      TO 1/4 MILE OR LESS
LOWEST:     38 ON 10                               3 = THUNDER
                        SNOW, ICE PELLETS, HAIL    4 = ICE PELLETS
                        TOTAL MONTH:  M            5 = HAIL
                        GRTST 24HR    M  ON   M    6 = FREEZING RAIN OR DRIZZLE
                        GRTST DEPTH:  M  ON   M    7 = DUSTSTORM OR SANDSTORM:
                                                       VSBY 1/2 MILE OR LESS
                                                   8 = SMOKE OR HAZE
[NO. OF DAYS WITH]      [WEATHER - DAYS WITH]      9 = BLOWING SNOW
                                                   X = TORNADO
MAX 32 OR BELOW:   0    0.01 INCH OR MORE:   5
MAX 90 OR ABOVE:   7    0.10 INCH OR MORE:   2
MIN 32 OR BELOW:   0    0.50 INCH OR MORE:   1
MIN  0 OR BELOW:   0    1.00 INCH OR MORE:   0

[HDD (BASE 65) ]
TOTAL THIS MO.    82    CLEAR  (SCALE 0-3)  22
DPTR FM NORMAL  -120    PTCLDY (SCALE 4-7)   5
TOTAL FM JUL 1    82    CLOUDY (SCALE 8-10)  0
DPTR FM NORMAL  -181

[CDD (BASE 65) ]
TOTAL THIS MO.    71
DPTR FM NORMAL    62    [PRESSURE DATA]
TOTAL FM JAN 1   641    HIGHEST SLP M ON M
DPTR FM NORMAL   386    LOWEST  SLP 29.67 ON  8

[REMARKS]
