000
CXUS52 KFFC 281010
CF6RYY
PRELIMINARY LOCAL CLIMATOLOGICAL DATA (WS FORM: F-6)

                                          STATION:   MARIETTA
                                          MONTH:     SEPTEMBER
                                          YEAR:      2022
                                          LATITUDE:   34  0 N
                                          LONGITUDE:  84 36 W

  TEMPERATURE IN F:       :PCPN:    SNOW:  WIND      :SUNSHINE: SKY     :PK WND
================================================================================
1   2   3   4   5  6A  6B    7    8   9   10  11  12  13   14  15   16   17  18
                                     12Z  AVG MX 2MIN
DY MAX MIN AVG DEP HDD CDD  WTR  SNW DPTH SPD SPD DIR MIN PSBL S-S WX    SPD DR
================================================================================

 1  91  62  77   M   0  12 0.00    M    M  1.8 15 260   M    M   3 38      M   M
 2  87  72  80   M   0  15 0.00    M    M  6.1 12 110   M    M   7        16 110
 3  88  73  81   M   0  16 0.00    M    M  6.5 12 110   M    M   5        18 110
 4  82  72  77   M   0  12 0.30    M    M  5.7  9 110   M    M   8         M   M
 5  85  72  79   M   0  14 0.24    M    M  4.6 12 340   M    M   7 1      18 220
 6  86  70  78   M   0  13 0.00    M    M  4.7 10 270   M    M   3         M   M
 7  84  68  76   M   0  11 0.00    M    M  5.7  9 300   M    M   2        16 300
 8  85  67  76   M   0  11 0.00    M    M  4.7 12 100   M    M   3         M   M
 9  80  70  75   M   0  10 0.00    M    M 10.0 16 100   M    M   7        28 100
10  88  67  78   M   0  13 0.10    M    M  8.0 17 100   M    M  10 1      28 100
11  83  69  76   M   0  11 0.38    M    M  5.2 10 240   M    M   8 1      18 240
12  82  64  73   M   0   8 0.04    M    M  5.6 13 270   M    M   6 1      20 300
13  79  55  67   M   0   2 0.00    M    M  4.7 12 320   M    M   0        17 330
14  83  58  71   M   0   6 0.00    M    M  2.2  7 270   M    M   1         M   M
15  84  62  73   M   0   8 0.00  0.0    M  2.8  8 120   M    M   1         M   M
16  83  59  71   M   0   6 0.00  0.0    M  3.7 10 100   M    M   4         M   M
17  83  60  72   M   0   7 0.00  0.0    M  3.0 12  90   M    M   5 8       M   M
18  85  60  73   M   0   8 0.00  0.0    M  2.3  7 110   M    M   2         M   M
19  85  60  73   M   0   8 0.00  0.0    M  2.3  9 340   M    M   0         M   M
20  90  66  78   M   0  13 0.07    M    M  3.1  9 290   M    M   2 3      18 100
21  92  66  79   M   0  14 0.00  0.0    M  1.1  6 230   M    M   0         M   M
22  93  67  80   M   0  15 0.06    M    0  6.1 16 300   M    M   1        21 270
23  81  53  67   M   0   2 0.00    M    M  2.9 10 130   M    M   0         M   M
24  81  52  67   M   0   2 0.00    M    M  2.3  7 230   M    M   0         M   M
25  81  62  72   M   0   7    T    M    M  4.6 12 280   M    M   4        17 270
26  80  62  71   M   0   6 0.00    M    M  6.1 14 280   M    M   2 1      18 320
27  73  48  61   M   4   0 0.00    M    M  4.7 12 320   M    M   0        21 330
================================================================================
SM 2274 1716         4 250  1.19  0.0    120.5          M       91
================================================================================
AV 84.2 63.6                               4.5 FASTST   M    M   3    MAX(MPH)
                                 MISC ---->    17 100               # 28 100
================================================================================
NOTES:
# LAST OF SEVERAL OCCURRENCES

COLUMN 17 PEAK WIND IN M.P.H.

PRELIMINARY LOCAL CLIMATOLOGICAL DATA (WS FORM: F-6) , PAGE 2

                                          STATION:   MARIETTA
                                          MONTH:     SEPTEMBER
                                          YEAR:      2022
                                          LATITUDE:   34  0 N
                                          LONGITUDE:  84 36 W

[TEMPERATURE DATA]      [PRECIPITATION DATA]       SYMBOLS USED IN COLUMN 16

AVERAGE MONTHLY: 73.9   TOTAL FOR MONTH:   1.19    1 = FOG OR MIST
DPTR FM NORMAL:   0.0   DPTR FM NORMAL:    1.19    2 = FOG REDUCING VISIBILITY
HIGHEST:    93 ON 22    GRTST 24HR  0.38 ON 11-11      TO 1/4 MILE OR LESS
LOWEST:     48 ON 27                               3 = THUNDER
                        SNOW, ICE PELLETS, HAIL    4 = ICE PELLETS
                        TOTAL MONTH:   0.0 INCH    5 = HAIL
                        GRTST 24HR  0.0            6 = FREEZING RAIN OR DRIZZLE
                        GRTST DEPTH:  0            7 = DUSTSTORM OR SANDSTORM:
                                                       VSBY 1/2 MILE OR LESS
                                                   8 = SMOKE OR HAZE
[NO. OF DAYS WITH]      [WEATHER - DAYS WITH]      9 = BLOWING SNOW
                                                   X = TORNADO
MAX 32 OR BELOW:   0    0.01 INCH OR MORE:   7
MAX 90 OR ABOVE:   4    0.10 INCH OR MORE:   4
MIN 32 OR BELOW:   0    0.50 INCH OR MORE:   0
MIN  0 OR BELOW:   0    1.00 INCH OR MORE:   0

[HDD (BASE 65) ]
TOTAL THIS MO.     4    CLEAR  (SCALE 0-3)  15
DPTR FM NORMAL     M    PTCLDY (SCALE 4-7)  11
TOTAL FM JUL 1     4    CLOUDY (SCALE 8-10)  1
DPTR FM NORMAL     M

[CDD (BASE 65) ]
TOTAL THIS MO.   250
DPTR FM NORMAL     M    [PRESSURE DATA]
TOTAL FM JAN 1  1921    HIGHEST SLP M ON M
DPTR FM NORMAL     M    LOWEST  SLP M ON M

[REMARKS]
