000
CXUS55 KABQ 271010
CF6SAF
PRELIMINARY LOCAL CLIMATOLOGICAL DATA (WS FORM: F-6)

                                          STATION:   SANTA FE NM
                                          MONTH:     SEPTEMBER
                                          YEAR:      2022
                                          LATITUDE:   35 37 N
                                          LONGITUDE: 106  5 W

  TEMPERATURE IN F:       :PCPN:    SNOW:  WIND      :SUNSHINE: SKY     :PK WND
================================================================================
1   2   3   4   5  6A  6B    7    8   9   10  11  12  13   14  15   16   17  18
                                     12Z  AVG MX 2MIN
DY MAX MIN AVG DEP HDD CDD  WTR  SNW DPTH SPD SPD DIR MIN PSBL S-S WX    SPD DR
================================================================================

 1  84  53  69   0   0   4 0.00    M    M  7.0 22  90   M    M   0        30  80
 2  91  51  71   3   0   6    T    M    M  9.0 30  60   M    M   0        41  60
 3  82  55  69   1   0   4 0.00    M    M  8.4 29 140   M    M   2 3      37 130
 4  84  49  67  -1   0   2 0.00    M    M  6.2 15  10   M    M   1        20 360
 5  90  53  72   4   0   7    T    M    M  6.6 18  30   M    M   1 3      25  30
 6  90  50  70   2   0   5 0.00    M    M  6.2 17 120   M    M   0        22 120
 7  91  52  72   5   0   7 0.00    M    M  8.7 18 360   M    M   0        23  10
 8  86  53  70   3   0   5 0.00    M    M  6.2 16 240   M    M   0        23 250
 9  87  57  72   5   0   7 0.46    M    M 10.9 32  30   M    M   3 13     39  40
10  79  55  67   1   0   2    T    M    M  9.6 25  40   M    M   1        33  50
11  77  53  65  -1   0   0 0.05    M    M 10.2 35 230   M    M   2 3      45 240
12  82  48  65  -1   0   0 0.00    M    M  7.0 17 130   M    M   0 8      23 120
13  79  49  64  -2   1   0 0.03    M    M  8.1 32 150   M    M   3 3      43 160
14  76  49  63  -2   2   0    T    M    M  7.1 23 250   M    M   4        34 270
15  78  45  62  -3   3   0 0.00    M    M  6.9 20 240   M    M   1        28 230
16  81  51  66   1   0   1 0.00    M    M  7.4 20 230   M    M   1        27 250
17  82  47  65   1   0   0 0.00    M    M  7.0 22 210   M    M   0        32 210
18  84  47  66   2   0   1 0.05    M    M  6.7 33 160   M    M   2 1      42 170
19  84  50  67   3   0   2 0.00    M    M  4.9 14 230   M    M   1        19 230
20  84  53  69   6   0   4 0.03    M    M  5.9 18 140   M    M   2        25 150
21  82  58  70   7   0   5    T    M    M  7.4 21 240   M    M   5        28 280
22  84  54  69   7   0   4 0.07    M    M 11.0 32 230   M    M   3 1      46 240
23  80  50  65   3   0   0 0.00    M    M  7.4 18 270   M    M   4 12     27 250
24  81  48  65   3   0   0    T    M    M  9.6 17 350   M    M   0        23  10
25  80  50  65   4   0   0 0.00    M    M 12.1 23 160   M    M   1        42 130
26  80  49  65   4   0   0    T    M    M  6.9 15 250   M    M   0        21 260
================================================================================
SM 2158 1329         6  66  0.69    M    204.4          M       37
================================================================================
AV 83.0 51.1                               7.9 FASTST   M    M   1    MAX(MPH)
                                 MISC ---->    35 230                 46 240
================================================================================
NOTES:
# LAST OF SEVERAL OCCURRENCES

COLUMN 17 PEAK WIND IN M.P.H.

PRELIMINARY LOCAL CLIMATOLOGICAL DATA (WS FORM: F-6) , PAGE 2

                                          STATION:   SANTA FE NM
                                          MONTH:     SEPTEMBER
                                          YEAR:      2022
                                          LATITUDE:   35 37 N
                                          LONGITUDE: 106  5 W

[TEMPERATURE DATA]      [PRECIPITATION DATA]       SYMBOLS USED IN COLUMN 16

AVERAGE MONTHLY: 67.1   TOTAL FOR MONTH:   0.69    1 = FOG OR MIST
DPTR FM NORMAL:   1.9   DPTR FM NORMAL:   -0.47    2 = FOG REDUCING VISIBILITY
HIGHEST:    91 ON  7, 2  GRTST 24HR  0.46 ON  9- 9      TO 1/4 MILE OR LESS
LOWEST:     45 ON 15                               3 = THUNDER
                        SNOW, ICE PELLETS, HAIL    4 = ICE PELLETS
                        TOTAL MONTH:  M            5 = HAIL
                        GRTST 24HR    M  ON   M    6 = FREEZING RAIN OR DRIZZLE
                        GRTST DEPTH:  M  ON   M    7 = DUSTSTORM OR SANDSTORM:
                                                       VSBY 1/2 MILE OR LESS
                                                   8 = SMOKE OR HAZE
[NO. OF DAYS WITH]      [WEATHER - DAYS WITH]      9 = BLOWING SNOW
                                                   X = TORNADO
MAX 32 OR BELOW:   0    0.01 INCH OR MORE:   6
MAX 90 OR ABOVE:   4    0.10 INCH OR MORE:   1
MIN 32 OR BELOW:   0    0.50 INCH OR MORE:   0
MIN  0 OR BELOW:   0    1.00 INCH OR MORE:   0

[HDD (BASE 65) ]
TOTAL THIS MO.     6    CLEAR  (SCALE 0-3)  22
DPTR FM NORMAL   -44    PTCLDY (SCALE 4-7)   4
TOTAL FM JUL 1    10    CLOUDY (SCALE 8-10)  0
DPTR FM NORMAL   -44

[CDD (BASE 65) ]
TOTAL THIS MO.    66
DPTR FM NORMAL    10    [PRESSURE DATA]
TOTAL FM JAN 1   705    HIGHEST SLP M ON M
DPTR FM NORMAL    24    LOWEST  SLP 29.60 ON  9

[REMARKS]
