000
CXUS56 KSGX 271045
CF6SAN
PRELIMINARY LOCAL CLIMATOLOGICAL DATA (WS FORM: F-6)

                                          STATION:   SAN DIEGO INTL AIRPORT CA
                                          MONTH:     SEPTEMBER
                                          YEAR:      2022
                                          LATITUDE:   32 43 N
                                          LONGITUDE: 117 10 W

  TEMPERATURE IN F:       :PCPN:    SNOW:  WIND      :SUNSHINE: SKY     :PK WND
================================================================================
1   2   3   4   5  6A  6B    7    8   9   10  11  12  13   14  15   16   17  18
                                     12Z  AVG MX 2MIN
DY MAX MIN AVG DEP HDD CDD  WTR  SNW DPTH SPD SPD DIR MIN PSBL S-S WX    SPD DR
================================================================================

 1  85  70  78   5   0  13 0.00    M    M  5.4 10 160   M    M   3 18     22 180
 2  89  72  81   8   0  16 0.00    M    M  4.2 12 270   M    M   2        21 200
 3  95  74  85  12   0  20 0.00    M    M  4.1 12 320   M    M   3 8      15 230
 4  91  78  85  12   0  20    T    M    M  6.5 17 200   M    M   7        24 170
 5  89  74  82   9   0  17 0.00    M    M  5.5 12 280   M    M   2        19 220
 6  86  73  80   7   0  15 0.00    M    M  3.8 10 220   M    M   2        20 210
 7  89  73  81   9   0  16 0.00    M    M  4.2 12 270   M    M   3 1      16 180
 8  94  75  85  13   0  20 0.02    M    M  4.5 16 320   M    M   6 18     20 310
 9  89  70  80   8   0  15 0.63    M    M  5.9 14 190   M    M   9 1      23  10
10  80  72  76   4   0  11    T    M    M  5.0 15 190   M    M   9        28 190
11  84  74  79   7   0  14 0.00    M    M  4.8 14 270   M    M   7        20 210
12  81  73  77   5   0  12    T    M    M  5.8 16 290   M    M   7        19 280
13  80  70  75   3   0  10 0.00    M    M  5.7 15 280   M    M   4        21 200
14  76  69  73   1   0   8 0.00    M    M  4.6 10 210   M    M   7        24 190
15  75  67  71  -1   0   6 0.00    M    M  4.9 12 270   M    M   4        20 210
16  76  66  71  -1   0   6 0.00    M    M  5.0 13 260   M    M   4        20 200
17  75  66  71  -1   0   6 0.00    M    M  5.4 12 240   M    M   7        22 180
18  73  65  69  -3   0   4 0.00    M    M  5.1 13 260   M    M   6        22 230
19  76  65  71  -1   0   6 0.00    M    M  6.3 16 280   M    M   4 8      21 270
20  78  64  71   0   0   6 0.00    M    M  6.8 16 320   M    M   4        23 300
21  78  67  73   2   0   8 0.00    M    M  8.7 18 320   M    M   3        24 320
22  79  62  71   0   0   6 0.00    M    M  5.8 15 290   M    M   2        20 300
23  81  67  74   3   0   9 0.00    M    M  5.7 14 290   M    M   2 8      17 320
24  81  68  75   4   0  10 0.00    M    M  5.8 16 300   M    M   3        22 300
25  80  69  75   4   0  10 0.00    M    M  6.4 16 300   M    M   2        22 300
26  80  68  74   3   0   9 0.00    M    M  5.8 16 290   M    M   2        21 300
================================================================================
SM 2140 1811         0 293  0.65    M    141.7          M      114
================================================================================
AV 82.3 69.7                               5.4 FASTST   M    M   4    MAX(MPH)
                                 MISC ---->    18 320                 28 190
================================================================================
NOTES:
# LAST OF SEVERAL OCCURRENCES

COLUMN 17 PEAK WIND IN M.P.H.

PRELIMINARY LOCAL CLIMATOLOGICAL DATA (WS FORM: F-6) , PAGE 2

                                          STATION:   SAN DIEGO INTL AIRPORT CA
                                          MONTH:     SEPTEMBER
                                          YEAR:      2022
                                          LATITUDE:   32 43 N
                                          LONGITUDE: 117 10 W

[TEMPERATURE DATA]      [PRECIPITATION DATA]       SYMBOLS USED IN COLUMN 16

AVERAGE MONTHLY: 76.0   TOTAL FOR MONTH:   0.65    1 = FOG OR MIST
DPTR FM NORMAL:   4.0   DPTR FM NORMAL:    0.56    2 = FOG REDUCING VISIBILITY
HIGHEST:    95 ON  3    GRTST 24HR  0.63 ON  9- 9      TO 1/4 MILE OR LESS
LOWEST:     62 ON 22                               3 = THUNDER
                        SNOW, ICE PELLETS, HAIL    4 = ICE PELLETS
                        TOTAL MONTH:  M            5 = HAIL
                        GRTST 24HR    M  ON   M    6 = FREEZING RAIN OR DRIZZLE
                        GRTST DEPTH:  M  ON   M    7 = DUSTSTORM OR SANDSTORM:
                                                       VSBY 1/2 MILE OR LESS
                                                   8 = SMOKE OR HAZE
[NO. OF DAYS WITH]      [WEATHER - DAYS WITH]      9 = BLOWING SNOW
                                                   X = TORNADO
MAX 32 OR BELOW:   0    0.01 INCH OR MORE:   2
MAX 90 OR ABOVE:   3    0.10 INCH OR MORE:   1
MIN 32 OR BELOW:   0    0.50 INCH OR MORE:   1
MIN  0 OR BELOW:   0    1.00 INCH OR MORE:   0

[HDD (BASE 65) ]
TOTAL THIS MO.     0    CLEAR  (SCALE 0-3)  11
DPTR FM NORMAL     0    PTCLDY (SCALE 4-7)  13
TOTAL FM JUL 1     0    CLOUDY (SCALE 8-10)  2
DPTR FM NORMAL    -1

[CDD (BASE 65) ]
TOTAL THIS MO.   293
DPTR FM NORMAL   111    [PRESSURE DATA]
TOTAL FM JAN 1   837    HIGHEST SLP M ON M
DPTR FM NORMAL    95    LOWEST  SLP 29.49 ON  9

[REMARKS]
