000
CXUS53 KMKX 280810
CF6SBM
PRELIMINARY LOCAL CLIMATOLOGICAL DATA (WS FORM: F-6)

                                          STATION:   SHEBOYGAN WI
                                          MONTH:     SEPTEMBER
                                          YEAR:      2022
                                          LATITUDE:   43 46 N
                                          LONGITUDE:  87 51 W

  TEMPERATURE IN F:       :PCPN:    SNOW:  WIND      :SUNSHINE: SKY     :PK WND
================================================================================
1   2   3   4   5  6A  6B    7    8   9   10  11  12  13   14  15   16   17  18
                                     12Z  AVG MX 2MIN
DY MAX MIN AVG DEP HDD CDD  WTR  SNW DPTH SPD SPD DIR MIN PSBL S-S WX    SPD DR
================================================================================

 1  85  57  71   6   0   6 0.00    M    M  7.5 18 190   M    M   1        24 170
 2  84  67  76  11   0  11 0.01    M    M  9.1 20 170   M    M   2 3      26 210
 3  72  57  65   1   0   0    T    M    M 11.5 23  40   M    M   7 1      32  30
 4  73  54  64   0   1   0 0.00    M    M 10.0 21  40   M    M   6        28  50
 5  72  55  64   0   1   0 0.00    M    M  7.2 18  60   M    M   6        24  20
 6  76  54  65   1   0   0 0.00    M    M  3.3  9  60   M    M   8 1      14 110
 7  85  53  69   6   0   4 0.00    M    M  3.4 12 340   M    M   1 1      16 330
 8  85  57  71   8   0   6 0.00    M    M  6.9 18 180   M    M   1 18     23 180
 9  84  55  70   7   0   5 0.00    M    M  8.2 18 170   M    M   0 1      26 170
10  79  57  68   6   0   3 0.07    M    M  6.8 16  40   M    M   7 1      19  30
11  62  58  60  -2   5   0 1.48    M    M 12.5 22 350   M    M  10 1      33 360
12  69  59  64   2   1   0 0.23    M    M  8.7 22  30   M    M   9 1      35 340
13  76  56  66   4   0   1 0.03    M    M  7.2 13 320   M    M   3 1      19 350
14  68  54  61   0   4   0 0.00    M    M  6.9 14  60   M    M   5        19  50
15  77  48  63   2   2   0 0.00    M    M  5.0 14 170   M    M   1 128    18 170
16  81  58  70  10   0   5 0.00    M    M  6.6 16 170   M    M   1 1      25 180
17  83  60  72  12   0   7 0.00    M    M  8.1 18 190   M    M   1 1      26 200
18  80  64  72  12   0   7    T    M    M  6.8 17 250   M    M   3        26 260
19  79  55  67   8   0   2 0.00    M    M  4.5  9 290   M    M   0 1      13 330
20  77  54  66   7   0   1 1.50    M    M  7.0 28 180   M    M   2 13     34 180
21  74  55  65   6   0   0 0.00    M    M 10.4 22 300   M    M   2 1      31 310
22  62  40  51  -7  14   0 0.00    M    M  7.6 18 350   M    M   2        30 330
23  64  37  51  -7  14   0    T    M    M  5.8 17 180   M    M   4        23 180
24  59  51  55  -2  10   0 0.07    M    M  5.5 13 240   M    M  10 1      17 260
25  66  52  59   2   6   0 0.23    M    M  8.7 21 300   M    M   8 13     32 350
26  60  47  54  -3  11   0 0.01    M    M 13.3 24 310   M    M   7        38 320
27  56  44  50  -6  15   0 0.00    M    M 10.8 23 330   M    M   7        32 320
================================================================================
SM 1988 1458        84  58  3.63    M    209.3          M      114
================================================================================
AV 73.6 54.0                               7.8 FASTST   M    M   4    MAX(MPH)
                                 MISC ---->    28 180                 38 320
================================================================================
NOTES:
# LAST OF SEVERAL OCCURRENCES

COLUMN 17 PEAK WIND IN M.P.H.

PRELIMINARY LOCAL CLIMATOLOGICAL DATA (WS FORM: F-6) , PAGE 2

                                          STATION:   SHEBOYGAN WI
                                          MONTH:     SEPTEMBER
                                          YEAR:      2022
                                          LATITUDE:   43 46 N
                                          LONGITUDE:  87 51 W

[TEMPERATURE DATA]      [PRECIPITATION DATA]       SYMBOLS USED IN COLUMN 16

AVERAGE MONTHLY: 63.8   TOTAL FOR MONTH:   3.63    1 = FOG OR MIST
DPTR FM NORMAL:   2.9   DPTR FM NORMAL:    1.21    2 = FOG REDUCING VISIBILITY
HIGHEST:    85 ON  8, 7  GRTST 24HR  1.54 ON 10-11      TO 1/4 MILE OR LESS
LOWEST:     37 ON 23                               3 = THUNDER
                        SNOW, ICE PELLETS, HAIL    4 = ICE PELLETS
                        TOTAL MONTH:  M            5 = HAIL
                        GRTST 24HR    M  ON   M    6 = FREEZING RAIN OR DRIZZLE
                        GRTST DEPTH:  M  ON   M    7 = DUSTSTORM OR SANDSTORM:
                                                       VSBY 1/2 MILE OR LESS
                                                   8 = SMOKE OR HAZE
[NO. OF DAYS WITH]      [WEATHER - DAYS WITH]      9 = BLOWING SNOW
                                                   X = TORNADO
MAX 32 OR BELOW:   0    0.01 INCH OR MORE:   9
MAX 90 OR ABOVE:   0    0.10 INCH OR MORE:   4
MIN 32 OR BELOW:   0    0.50 INCH OR MORE:   2
MIN  0 OR BELOW:   0    1.00 INCH OR MORE:   2

[HDD (BASE 65) ]
TOTAL THIS MO.    84    CLEAR  (SCALE 0-3)  13
DPTR FM NORMAL   -60    PTCLDY (SCALE 4-7)  10
TOTAL FM JUL 1    96    CLOUDY (SCALE 8-10)  4
DPTR FM NORMAL  -108

[CDD (BASE 65) ]
TOTAL THIS MO.    58
DPTR FM NORMAL    24    [PRESSURE DATA]
TOTAL FM JAN 1   563    HIGHEST SLP M ON M
DPTR FM NORMAL   163    LOWEST  SLP 29.64 ON 12

[REMARKS]
