000
CXUS53 KIWX 280810
CF6SBN
PRELIMINARY LOCAL CLIMATOLOGICAL DATA (WS FORM: F-6)

                                          STATION:   SOUTH BEND
                                          MONTH:     SEPTEMBER
                                          YEAR:      2022
                                          LATITUDE:   41 42 N
                                          LONGITUDE:  86 19 W

  TEMPERATURE IN F:       :PCPN:    SNOW:  WIND      :SUNSHINE: SKY     :PK WND
================================================================================
1   2   3   4   5  6A  6B    7    8   9   10  11  12  13   14  15   16   17  18
                                     12Z  AVG MX 2MIN
DY MAX MIN AVG DEP HDD CDD  WTR  SNW DPTH SPD SPD DIR MIN PSBL S-S WX    SPD DR
================================================================================

 1  87  64  76   8   0  11 0.00  0.0    0  4.5 10 250   M    M   1        14 270
 2  86  67  77   9   0  12 0.00  0.0    0  5.1 15 200   M    M   1        19 160
 3  89  67  78  10   0  13 0.00  0.0    0  3.8 12 350   M    M   1        15 350
 4  77  66  72   4   0   7 0.02  0.0    0  6.7 14  40   M    M   7 1      20  80
 5  79  63  71   4   0   6 0.00  0.0    0  5.5 12  40   M    M   8 1      16  40
 6  82  64  73   6   0   8 0.00  0.0    0  4.8 13 320   M    M   7        17  20
 7  81  59  70   3   0   5 0.00  0.0    0  6.1 17 360   M    M   4        22  10
 8  84  53  69   3   0   4 0.00  0.0    0  1.6 13 170   M    M   2 12     18 170
 9  86  53  70   4   0   5 0.00  0.0    0  5.1 17 150   M    M   1        24 190
10  88  61  75   9   0  10 0.00  0.0    0  4.7 15 210   M    M   1        21 220
11  72  61  67   1   0   2 0.71  0.0    0  8.7 22 250   M    M   8 1      28 250
12  61  52  57  -8   8   0 0.12  0.0    0  8.3 21 190   M    M   9 1      26 190
13  69  50  60  -5   5   0 0.04  0.0    0  5.1 14 300   M    M   8 128    19 280
14  79  53  66   2   0   1 0.00  0.0    0  4.2 14 310   M    M   2 128    17 310
15  80  54  67   3   0   2 0.00  0.0    0  2.9 10 170   M    M   3 12     14 210
16  81  56  69   5   0   4 0.00  0.0    M  5.2 15 160   M    M   0 1      19 230
17  85  62  74  11   0   9 0.00  0.0    M  8.7 21 210   M    M   1        31 230
18  85  67  76  13   0  11    T  0.0    0  8.6 16 220   M    M   2        24 210
19  80  56  68   5   0   3 0.39  0.0    0  6.8 24 320   M    M   3 13     35 320
20  83  53  68   6   0   3 0.00  0.0    M  8.5 33  10   M    M   1 13     47  10
21  83  64  74  12   0   9 0.22  0.0    M 10.4 28 230   M    M   2 38     39 230
22  65  48  57  -4   8   0 0.00  0.0    0 13.7 24 350   M    M   4 8      36  10
23  64  41  53  -8  12   0 0.00  0.0    0  5.0 12 160   M    M   2        15 160
24  72  55  64   3   1   0    T  0.0    0  7.0 17 220   M    M   8        23 210
25  67  53  60   0   5   0 0.81  0.0    0 10.7 30 310   M    M  10 18     41 320
26  62  49  56  -4   9   0 0.03  0.0    0 12.9 25 290   M    M   6        33 270
27  59  46  53  -7  12   0 0.06  0.0    0 11.0 24 320   M    M   9 1      34 290
================================================================================
SM 2086 1537        60 125  2.40  0.0    185.6          M      111
================================================================================
AV 77.3 56.9                               6.9 FASTST   M    M   4    MAX(MPH)
                                 MISC ---->    33  10                 47  10
================================================================================
NOTES:
# LAST OF SEVERAL OCCURRENCES

COLUMN 17 PEAK WIND IN M.P.H.

PRELIMINARY LOCAL CLIMATOLOGICAL DATA (WS FORM: F-6) , PAGE 2

                                          STATION:   SOUTH BEND
                                          MONTH:     SEPTEMBER
                                          YEAR:      2022
                                          LATITUDE:   41 42 N
                                          LONGITUDE:  86 19 W

[TEMPERATURE DATA]      [PRECIPITATION DATA]       SYMBOLS USED IN COLUMN 16

AVERAGE MONTHLY: 67.1   TOTAL FOR MONTH:   2.40    1 = FOG OR MIST
DPTR FM NORMAL:   2.8   DPTR FM NORMAL:   -0.77    2 = FOG REDUCING VISIBILITY
HIGHEST:    89 ON  3    GRTST 24HR  0.81 ON 25-25      TO 1/4 MILE OR LESS
LOWEST:     41 ON 23                               3 = THUNDER
                        SNOW, ICE PELLETS, HAIL    4 = ICE PELLETS
                        TOTAL MONTH:   0.0 INCH    5 = HAIL
                        GRTST 24HR  0.0            6 = FREEZING RAIN OR DRIZZLE
                        GRTST DEPTH:  0            7 = DUSTSTORM OR SANDSTORM:
                                                       VSBY 1/2 MILE OR LESS
                                                   8 = SMOKE OR HAZE
[NO. OF DAYS WITH]      [WEATHER - DAYS WITH]      9 = BLOWING SNOW
                                                   X = TORNADO
MAX 32 OR BELOW:   0    0.01 INCH OR MORE:   9
MAX 90 OR ABOVE:   0    0.10 INCH OR MORE:   5
MIN 32 OR BELOW:   0    0.50 INCH OR MORE:   2
MIN  0 OR BELOW:   0    1.00 INCH OR MORE:   0

[HDD (BASE 65) ]
TOTAL THIS MO.    60    CLEAR  (SCALE 0-3)  15
DPTR FM NORMAL   -34    PTCLDY (SCALE 4-7)   7
TOTAL FM JUL 1    60    CLOUDY (SCALE 8-10)  5
DPTR FM NORMAL   -55

[CDD (BASE 65) ]
TOTAL THIS MO.   125
DPTR FM NORMAL    53    [PRESSURE DATA]
TOTAL FM JAN 1   995    HIGHEST SLP M ON M
DPTR FM NORMAL   286    LOWEST  SLP 29.66 ON 25

[REMARKS]
