000
CXUS51 KAKQ 280710
CF6SBY
PRELIMINARY LOCAL CLIMATOLOGICAL DATA (WS FORM: F-6)

                                          STATION:   SALISBURY MD
                                          MONTH:     SEPTEMBER
                                          YEAR:      2022
                                          LATITUDE:   38 20 N
                                          LONGITUDE:  75 30 W

  TEMPERATURE IN F:       :PCPN:    SNOW:  WIND      :SUNSHINE: SKY     :PK WND
================================================================================
1   2   3   4   5  6A  6B    7    8   9   10  11  12  13   14  15   16   17  18
                                     12Z  AVG MX 2MIN
DY MAX MIN AVG DEP HDD CDD  WTR  SNW DPTH SPD SPD DIR MIN PSBL S-S WX    SPD DR
================================================================================

 1  87  63  75   1   0  10 0.00  0.0    0  3.2 14 250   M    M   1        21 240
 2  85  63  74   0   0   9 0.00  0.0    0  5.5 15  70   M    M   0        20 100
 3  86  63  75   2   0  10 0.00  0.0    0  3.4 14 130   M    M   1 1      17 120
 4  89  64  77   4   0  12 0.00  0.0    0  3.5 14 150   M    M   1 1      18 160
 5  88  66  77   4   0  12 0.00  0.0    0  4.2 13 150   M    M   1        17 180
 6  84  72  78   5   0  13 0.24  0.0    0  9.7 20 320   M    M   9 18     24 300
 7  75  69  72   0   0   7 0.07  0.0    0  9.4 16  40   M    M  10 1      24  30
 8  77  61  69  -3   0   4 0.00  0.0    0  6.1 15  30   M    M   4 1      20  10
 9  80  60  70  -2   0   5 0.00  0.0    0  6.3 17  50   M    M   1        22  50
10  83  58  71  -1   0   6 0.00  0.0    0  4.7 13 100   M    M   1 1      19 100
11  80  71  76   5   0  11 1.64  0.0    0  6.0 14 160   M    M   9 138    18 130
12  88  71  80   9   0  15 1.18  0.0    0  5.9 18 300   M    M   7 13     24 300
13  82  66  74   3   0   9 0.20  0.0    0  5.1 13 270   M    M   5 123    15 260
14  81  61  71   1   0   6 0.00  0.0    0  4.4 13 320   M    M   0        16 330
15  81  56  69  -1   0   4 0.00  0.0    0  3.6 14  20   M    M   1        18  30
16  80  52  66  -4   0   1 0.00  0.0    0  1.8  9 360   M    M   0        13  20
17  82  53  68  -2   0   3 0.00  0.0    0  3.2 12 140   M    M   0        14 160
18  83  57  70   1   0   5 0.00  0.0    0  4.7 16 210   M    M   0        21 190
19  86  62  74   5   0   9 0.00  0.0    0  4.7 17 250   M    M   1 1      21 250
20  84  61  73   5   0   8 0.00  0.0    0  4.3 15 310   M    M   1 1      24 300
21  84  58  71   3   0   6 0.00  0.0    0  3.6 10 190   M    M   0        14 270
22  86  59  73   5   0   8 0.09  0.0    0  9.9 28 320   M    M   3 1      35 320
23  68  48  58  -9   7   0 0.00  0.0    0 10.4 24 330   M    M   0        33 320
24  71  44  58  -9   7   0 0.00  0.0    0  4.4 14 260   M    M   1        18 250
25  81  54  68   1   0   3    T  0.0    0 10.1 24 220   M    M   3        40 190
26  79  59  69   3   0   4 0.00  0.0    0  7.1 20 230   M    M   1 1      26 210
27  76  54  65  -1   0   0 0.00  0.0    0  4.4 17 280   M    M   1        23 280
================================================================================
SM 2206 1625        14 180  3.42  0.0    149.6          M       62
================================================================================
AV 81.7 60.2                               5.5 FASTST   M    M   2    MAX(MPH)
                                 MISC ---->    28 320                 40 190
================================================================================
NOTES:
# LAST OF SEVERAL OCCURRENCES

COLUMN 17 PEAK WIND IN M.P.H.

PRELIMINARY LOCAL CLIMATOLOGICAL DATA (WS FORM: F-6) , PAGE 2

                                          STATION:   SALISBURY MD
                                          MONTH:     SEPTEMBER
                                          YEAR:      2022
                                          LATITUDE:   38 20 N
                                          LONGITUDE:  75 30 W

[TEMPERATURE DATA]      [PRECIPITATION DATA]       SYMBOLS USED IN COLUMN 16

AVERAGE MONTHLY: 70.9   TOTAL FOR MONTH:   3.42    1 = FOG OR MIST
DPTR FM NORMAL:   0.7   DPTR FM NORMAL:   -0.58    2 = FOG REDUCING VISIBILITY
HIGHEST:    89 ON  4    GRTST 24HR  1.64 ON 11-11      TO 1/4 MILE OR LESS
LOWEST:     44 ON 24                               3 = THUNDER
                        SNOW, ICE PELLETS, HAIL    4 = ICE PELLETS
                        TOTAL MONTH:   0.0 INCH    5 = HAIL
                        GRTST 24HR  0.0            6 = FREEZING RAIN OR DRIZZLE
                        GRTST DEPTH:  0            7 = DUSTSTORM OR SANDSTORM:
                                                       VSBY 1/2 MILE OR LESS
                                                   8 = SMOKE OR HAZE
[NO. OF DAYS WITH]      [WEATHER - DAYS WITH]      9 = BLOWING SNOW
                                                   X = TORNADO
MAX 32 OR BELOW:   0    0.01 INCH OR MORE:   6
MAX 90 OR ABOVE:   0    0.10 INCH OR MORE:   4
MIN 32 OR BELOW:   0    0.50 INCH OR MORE:   2
MIN  0 OR BELOW:   0    1.00 INCH OR MORE:   2

[HDD (BASE 65) ]
TOTAL THIS MO.    14    CLEAR  (SCALE 0-3)  21
DPTR FM NORMAL    -5    PTCLDY (SCALE 4-7)   3
TOTAL FM JUL 1    14    CLOUDY (SCALE 8-10)  3
DPTR FM NORMAL    -5

[CDD (BASE 65) ]
TOTAL THIS MO.   180
DPTR FM NORMAL    18    [PRESSURE DATA]
TOTAL FM JAN 1  1469    HIGHEST SLP M ON M
DPTR FM NORMAL   214    LOWEST  SLP 29.62 ON 22

[REMARKS]
