000
CXUS56 KSTO 281300
CF6SCK
PRELIMINARY LOCAL CLIMATOLOGICAL DATA (WS FORM: F-6)

                                          STATION:   STOCKTON AIRPORT CA
                                          MONTH:     SEPTEMBER
                                          YEAR:      2022
                                          LATITUDE:   37 54 N
                                          LONGITUDE: 121 15 W

  TEMPERATURE IN F:       :PCPN:    SNOW:  WIND      :SUNSHINE: SKY     :PK WND
================================================================================
1   2   3   4   5  6A  6B    7    8   9   10  11  12  13   14  15   16   17  18
                                     12Z  AVG MX 2MIN
DY MAX MIN AVG DEP HDD CDD  WTR  SNW DPTH SPD SPD DIR MIN PSBL S-S WX    SPD DR
================================================================================

 1 104  61  83   7   0  18 0.00    M    M  6.1 14 290   M    M   0        17 290
 2 104  67  86  10   0  21 0.00    M    M  8.5 16 280   M    M   0 8      20 280
 3 104  63  84   8   0  19 0.00    M    M  7.0 16 320   M    M   0        20 330
 4 105  65  85   9   0  20 0.00    M    M  5.2 13 300   M    M   0        20 150
 5 112  67  90  14   0  25 0.00    M    M  6.6 14 310   M    M   0        22 320
 6 115  75  95  19   0  30 0.00    M    M  5.7 15 300   M    M   0        19 300
 7 110  71  91  15   0  26 0.00  0.0    M  7.5 20 290   M    M   0 8      24 280
 8 112  77  95  20   0  30 0.00  0.0    M  9.0 16 260   M    M   0        23 300
 9 106  73  90  15   0  25 0.00    M    M  5.8 18 280   M    M   0        23 270
10  87  70  79   4   0  14    T    M    M  7.4 18 310   M    M   0        22 310
11  95  69  82   7   0  17 0.00    M    M  5.3 15 310   M    M   0        20 330
12  95  67  81   6   0  16 0.00    M    M  7.4 20 270   M    M   0        24 270
13  83  63  73  -2   0   8 0.00    M    M 15.6 28 260   M    M   0        31 260
14  82  59  71  -3   0   6 0.00    M    M  9.9 18 290   M    M   0 8      22 240
15  81  58  70  -4   0   5 0.00    M    M  8.8 16 260   M    M   0        27 280
16  86  56  71  -3   0   6 0.00    M    M  6.8 16 270   M    M   0        20 260
17  83  55  69  -5   0   4 0.00    M    M 12.1 30 260   M    M   0        34 260
18  80  58  69  -5   0   4    T    M    M 12.1 32 160   M    M   6        42 160
19  81  62  72  -2   0   7 0.06    M    M  7.3 20 120   M    M   8 1      23 120
20  80  57  69  -4   0   4 0.00    M    M  4.9 15 310   M    M   4        18 300
21  81  61  71  -2   0   6    T    M    M  6.2 15 310   M    M   3        20 290
22  85  57  71  -2   0   6 0.00    M    M  7.5 15 300   M    M   0        22 310
23  92  55  74   1   0   9 0.00    M    M  4.2  9 290   M    M   0 8      14 260
24  97  57  77   5   0  12 0.00    M    M  5.9 13 290   M    M   0        18 310
25  94  61  78   6   0  13 0.00    M    M  7.3 15 280   M    M   0        25 310
26  94  61  78   6   0  13 0.00    M    M  8.1 15 300   M    M   0        18 300
27  88  57  73   1   0   8 0.00    M    M  6.6 13 310   M    M   0        20 330
================================================================================
SM 2536 1702         0 372  0.06  0.0    204.8          M       21
================================================================================
AV 93.9 63.0                               7.6 FASTST   M    M   1    MAX(MPH)
                                 MISC ---->    32 160                 42 160
================================================================================
NOTES:
# LAST OF SEVERAL OCCURRENCES

COLUMN 17 PEAK WIND IN M.P.H.

PRELIMINARY LOCAL CLIMATOLOGICAL DATA (WS FORM: F-6) , PAGE 2

                                          STATION:   STOCKTON AIRPORT CA
                                          MONTH:     SEPTEMBER
                                          YEAR:      2022
                                          LATITUDE:   37 54 N
                                          LONGITUDE: 121 15 W

[TEMPERATURE DATA]      [PRECIPITATION DATA]       SYMBOLS USED IN COLUMN 16

AVERAGE MONTHLY: 78.5   TOTAL FOR MONTH:   0.06    1 = FOG OR MIST
DPTR FM NORMAL:   4.2   DPTR FM NORMAL:    0.00    2 = FOG REDUCING VISIBILITY
HIGHEST:   115 ON  6    GRTST 24HR  0.06 ON 19-19      TO 1/4 MILE OR LESS
LOWEST:     55 ON 23,17                             3 = THUNDER
                        SNOW, ICE PELLETS, HAIL    4 = ICE PELLETS
                        TOTAL MONTH:   0.0 INCH    5 = HAIL
                        GRTST 24HR  0.0            6 = FREEZING RAIN OR DRIZZLE
                        GRTST DEPTH:  M  ON   M    7 = DUSTSTORM OR SANDSTORM:
                                                       VSBY 1/2 MILE OR LESS
                                                   8 = SMOKE OR HAZE
[NO. OF DAYS WITH]      [WEATHER - DAYS WITH]      9 = BLOWING SNOW
                                                   X = TORNADO
MAX 32 OR BELOW:   0    0.01 INCH OR MORE:   1
MAX 90 OR ABOVE:  15    0.10 INCH OR MORE:   0
MIN 32 OR BELOW:   0    0.50 INCH OR MORE:   0
MIN  0 OR BELOW:   0    1.00 INCH OR MORE:   0

[HDD (BASE 65) ]
TOTAL THIS MO.     0    CLEAR  (SCALE 0-3)  24
DPTR FM NORMAL     0    PTCLDY (SCALE 4-7)   2
TOTAL FM JUL 1     0    CLOUDY (SCALE 8-10)  1
DPTR FM NORMAL     0

[CDD (BASE 65) ]
TOTAL THIS MO.   372
DPTR FM NORMAL   119    [PRESSURE DATA]
TOTAL FM JAN 1  1782    HIGHEST SLP M ON M
DPTR FM NORMAL   314    LOWEST  SLP 29.45 ON  9

[REMARKS]
