000
CXUS56 KSGX 271045
CF6SDM
PRELIMINARY LOCAL CLIMATOLOGICAL DATA (WS FORM: F-6)

                                          STATION:   SAN DIEGO/BROWN
                                          MONTH:     SEPTEMBER
                                          YEAR:      2022
                                          LATITUDE:   32 34 N
                                          LONGITUDE: 116 59 W

  TEMPERATURE IN F:       :PCPN:    SNOW:  WIND      :SUNSHINE: SKY     :PK WND
================================================================================
1   2   3   4   5  6A  6B    7    8   9   10  11  12  13   14  15   16   17  18
                                     12Z  AVG MX 2MIN
DY MAX MIN AVG DEP HDD CDD  WTR  SNW DPTH SPD SPD DIR MIN PSBL S-S WX    SPD DR
================================================================================

 1  93  65  79   7   0  14 0.00    M    M  3.3  9 320   M    M   0        13 320
 2  93  70  82  10   0  17 0.00    M    M  3.1 12 270   M    M   0 18     16 280
 3 100  74  87  15   0  22 0.00    M    M  4.2 14 270   M    M   1        18 260
 4  95  76  86  14   0  21    T    M    M  5.2 17 200   M    M   0        21 200
 5  89  71  80   8   0  15 0.00    M    M  3.7 14 260   M    M   0        16 250
 6  91  67  79   7   0  14 0.00    M    M  2.9 12 280   M    M   0 1      15 290
 7  96  70  83  11   0  18 0.00    M    M  3.5 12 280   M    M   0 1      16 280
 8  96  71  84  13   0  19 0.00    M    M  4.0 14 280   M    M   0 18     17 290
 9  92  72  82  11   0  17 0.27    M    M  6.8 22  80   M    M   7 1      31  90
10  83  71  77   6   0  12    T    M    M  2.9 12 210   M    M   6        14 220
11  86  72  79   8   0  14 0.01    M    M  4.2 16 260   M    M   7        22 270
12  84  70  77   6   0  12 0.00    M    M  4.4 15 270   M    M   3        19 280
13  83  66  75   4   0  10 0.00    M    M  3.9 15 270   M    M   4 1      20 280
14  76  63  70  -1   0   5 0.00    M    M  3.2 13 260   M    M   5 18     16 260
15  78  61  70   0   0   5 0.00    M    M  4.2 13 260   M    M   4        18 280
16  78  59  69  -1   0   4 0.00    M    M  4.9 13 260   M    M   2 8      19 280
17  77  59  68  -2   0   3 0.00    M    M  3.9 14 250   M    M   7 18     17 270
18  76  63  70   0   0   5 0.00    M    M  4.5 14 270   M    M   5        19 290
19  79  61  70   0   0   5 0.00    M    M  4.6 14 280   M    M   3        17 300
20  81  60  71   1   0   6 0.00    M    M  4.9 16 270   M    M   1        22 280
21  81  65  73   3   0   8 0.00    M    M  5.4 17 270   M    M   2        24 270
22  81  55  68  -1   0   3 0.00    M    M  4.6 13 270   M    M   0        16 270
23  86  63  75   6   0  10 0.00    M    M  3.5 12 270   M    M   0 8      17 270
24  88  65  77   8   0  12 0.00    M    M  4.0 14 280   M    M   0 18     18 290
25  86  64  75   6   0  10 0.00    M    M  3.8 15 270   M    M   0 1      19 280
26  85  63  74   5   0   9 0.00    M    M  3.1 15 270   M    M   1 12     19 280
================================================================================
SM 2233 1716         0 290  0.28    M    106.7          M       58
================================================================================
AV 85.9 66.0                               4.1 FASTST   M    M   2    MAX(MPH)
                                 MISC ---->    22  80                 31  90
================================================================================
NOTES:
# LAST OF SEVERAL OCCURRENCES

COLUMN 17 PEAK WIND IN M.P.H.

PRELIMINARY LOCAL CLIMATOLOGICAL DATA (WS FORM: F-6) , PAGE 2

                                          STATION:   SAN DIEGO/BROWN
                                          MONTH:     SEPTEMBER
                                          YEAR:      2022
                                          LATITUDE:   32 34 N
                                          LONGITUDE: 116 59 W

[TEMPERATURE DATA]      [PRECIPITATION DATA]       SYMBOLS USED IN COLUMN 16

AVERAGE MONTHLY: 75.9   TOTAL FOR MONTH:   0.28    1 = FOG OR MIST
DPTR FM NORMAL:   5.3   DPTR FM NORMAL:    0.13    2 = FOG REDUCING VISIBILITY
HIGHEST:   100 ON  3    GRTST 24HR  0.27 ON  9- 9      TO 1/4 MILE OR LESS
LOWEST:     55 ON 22                               3 = THUNDER
                        SNOW, ICE PELLETS, HAIL    4 = ICE PELLETS
                        TOTAL MONTH:  M            5 = HAIL
                        GRTST 24HR    M  ON   M    6 = FREEZING RAIN OR DRIZZLE
                        GRTST DEPTH:  M  ON   M    7 = DUSTSTORM OR SANDSTORM:
                                                       VSBY 1/2 MILE OR LESS
                                                   8 = SMOKE OR HAZE
[NO. OF DAYS WITH]      [WEATHER - DAYS WITH]      9 = BLOWING SNOW
                                                   X = TORNADO
MAX 32 OR BELOW:   0    0.01 INCH OR MORE:   2
MAX 90 OR ABOVE:   8    0.10 INCH OR MORE:   1
MIN 32 OR BELOW:   0    0.50 INCH OR MORE:   0
MIN  0 OR BELOW:   0    1.00 INCH OR MORE:   0

[HDD (BASE 65) ]
TOTAL THIS MO.     0    CLEAR  (SCALE 0-3)  17
DPTR FM NORMAL     0    PTCLDY (SCALE 4-7)   9
TOTAL FM JUL 1     0    CLOUDY (SCALE 8-10)  0
DPTR FM NORMAL    -2

[CDD (BASE 65) ]
TOTAL THIS MO.   290
DPTR FM NORMAL   141    [PRESSURE DATA]
TOTAL FM JAN 1  1012    HIGHEST SLP M ON M
DPTR FM NORMAL   396    LOWEST  SLP 29.46 ON  9

[REMARKS]
