000
CXUS56 KTFX 240915
CF6SDY
23
PRELIMINARY LOCAL CLIMATOLOGICAL DATA (WS FORM: F-6)

                                          STATION:   SIDNEY APT MT
                                          MONTH:     August
                                          YEAR:      2022
                                          LATITUDE:   47.72  N
                                          LONGITUDE: 104.18  W

  TEMPERATURE IN F:       :PCPN:    SNOW:  WIND      :SUNSHINE: SKY     :PK WND
================================================================================
1   2   3   4   5  6A  6B    7    8   9   10  11  12  13   14  15   16   17  18
                                     12Z  AVG MX 2MIN
DY MAX MIN AVG DEP HDD CDD  WTR  SNW DPTH SPD SPD DIR MIN PSBL S-S WX    SPD DR
================================================================================

01  96  61  78   4   0  13  0.00  M    M  6.9  M   M   M    M   M        25  30
02  98  62  80   6   0  15  0.00  M    M 11.1  M   M   M    M   M        37  320
03  90  54  72  -2   0   7  0.00  M    M  6.8  M   M   M    M   M        18  130
04 103  55  79   5   0  14  0.00  M    M  7.4  M   M   M    M   M        29  250
05  86  61  73   0   0   8  0.00  M    M 11.5  M   M   M    M   M        23  300
06  66  56  61 -12   4   0  0.00  M    M  4.8  M   M   M    M   M        16  10
07  77  56  66  -7   0   1  0.00  M    M  6.4  M   M   M    M   M        17  190
08  96  55  75   2   0  10  0.00  M    M  9.9  M   M   M    M   M        23  190
09  85  62  73   0   0   8  0.00  M    M 11.9  M   M   M    M   M        24  40
10  90  55  72  -1   0   7  0.00  M    M  9.5  M   M   M    M   M        24  130
11  82  64  73   0   0   8  0.00  M    M  9.8  M   M   M    M   M        23  110
12  95  58  76   3   0  11  0.00  M    M  5.8  M   M   M    M   M        17  30
13  91  66  78   6   0  13  0.01  M    M  7.2  M   M   M    M   M        21  110
14  98  64  81   9   0  16  0.00  M    M  5.7  M   M   M    M   M        20  190
15  93  67  80   8   0  15  0.00  M    M  8.2  M   M   M    M   M        21  10
16  95  57  76   4   0  11  0.00  M    M  5.3  M   M   M    M   M        16  130
17  91  59  75   3   0  10  0.00  M    M  7.9  M   M   M    M   M        38  20
18  85  60  72   1   0   7  0.00  M    M  9.8  M   M   M    M   M        23  360
19  82  54  68  -3   0   3  0.00  M    M  5.9  M   M   M    M   M        21  30
20  89  54  71   0   0   6  0.00  M    M  5.8  M   M   M    M   M        23  160
21  97  58  77   7   0  12  0.00  M    M  4.4  M   M   M    M   M        13  30
22  96  60  78   8   0  13  0.00  M    M  4.5  M   M   M    M   M        15  160
23  94  58  76   6   0  11  0.00  M    M  8.4  M   M   M    M   M        35  360
================================================================================
SM 2075 1356         4  219  0.01         174.9
================================================================================
AV 90.2 59.0                              7.6                        MAX(MPH)
                                                                      38

[TEMPERATURE DATA]      [PRECIPITATION DATA]

Average Monthly:  74.6  Total for Month:  0.01
Dptr fm Normal:    2.0  Dptr fm Normal:  -0.87
