000
CXUS54 KEWX 251010
CF6SEQ
PRELIMINARY LOCAL CLIMATOLOGICAL DATA (WS FORM: F-6)

                                          STATION:   RANDOLPH AFB AUX FIELD
                                          MONTH:     SEPTEMBER
                                          YEAR:      2022
                                          LATITUDE:   29 33 N
                                          LONGITUDE:  97 55 W

  TEMPERATURE IN F:       :PCPN:    SNOW:  WIND      :SUNSHINE: SKY     :PK WND
================================================================================
1   2   3   4   5  6A  6B    7    8   9   10  11  12  13   14  15   16   17  18
                                     12Z  AVG MX 2MIN
DY MAX MIN AVG DEP HDD CDD  WTR  SNW DPTH SPD SPD DIR MIN PSBL S-S WX    SPD DR
================================================================================

 1  92  72  82   M   0  17 0.00    M    M  3.8 12  80   M    M   6         M   M
 2  93  71  82   M   0  17 0.00    M    M  3.6 10 140   M    M   3         M   M
 3  90  72  81   M   0  16 0.01    M    M  5.1 17 120   M    M   8 1       M   M
 4  86  71  79   M   0  14 0.00    M    M  3.4  9 210   M    M   5         M   M
 5  90  68  79   M   0  14 0.00    M    M  7.0 15 180   M    M   1 1      18 180
 6  92  67  80   M   0  15 0.00    M    M  4.7 10 170   M    M   1        17 140
 7  93  72  83   M   0  18 0.03    M    M  4.7 15 170   M    M   2 1       M   M
 8  94  71  83   M   0  18 0.00    M    M  4.1  9  80   M    M   1         M   M
 9  94  74  84   M   0  19 0.00    M    M  4.7 17 120   M    M   3 1      17 140
10  94  70  82   M   0  17 0.00    M    M  3.6 10 130   M    M   4 1       M   M
11  94  69  82   M   0  17 0.00    M    M  6.5 15  30   M    M   2        21  30
12  94  68  81   M   0  16 0.00    M    M  4.4 10 120   M    M   0         M   M
13  95  69  82   M   0  17 0.00    M    M  3.2 12 150   M    M   3        31 160
14  91  67  79   M   0  14 0.00    M    M  4.6 12 110   M    M   2 1       M   M
15  93  63  78   M   0  13 0.00    M    M  6.6 18 120   M    M   3        25 120
16  95  73  84   M   0  19 0.00    M    M  5.7 10 140   M    M   4 1       M   M
17  96  73  85   M   0  20 0.00    M    M  7.0 16 170   M    M   5 12     23 170
18  95  69  82   M   0  17 0.00    M    M  4.7 12 110   M    M   3 12     16 110
19  96  71  84   M   0  19 0.00    M    M  4.3 12 140   M    M   3         M   M
20  96  72  84   M   0  19 0.00  0.0    M  4.5  9 150   M    M   2 1       M   M
21  95  68  82   M   0  17 0.00  0.0    M  3.9 12 170   M    M   0         M   M
22  98  66  82   M   0  17 0.00    M    M  3.4 12 110   M    M   2        18 120
23  98  68  83   M   0  18 0.00    M    M  5.8 14 170   M    M   1         M   M
24  94  67  81   M   0  16 0.00    M    M  5.7 15 150   M    M   4        21 150
================================================================================
SM 2248 1671         0 404  0.04  0.0    115.0          M       68
================================================================================
AV 93.7 69.6                               4.8 FASTST   M    M   3    MAX(MPH)
                                 MISC ---->    18 120                 31 160
================================================================================
NOTES:
# LAST OF SEVERAL OCCURRENCES

COLUMN 17 PEAK WIND IN M.P.H.

PRELIMINARY LOCAL CLIMATOLOGICAL DATA (WS FORM: F-6) , PAGE 2

                                          STATION:   RANDOLPH AFB AUX FIELD
                                          MONTH:     SEPTEMBER
                                          YEAR:      2022
                                          LATITUDE:   29 33 N
                                          LONGITUDE:  97 55 W

[TEMPERATURE DATA]      [PRECIPITATION DATA]       SYMBOLS USED IN COLUMN 16

AVERAGE MONTHLY: 81.6   TOTAL FOR MONTH:   0.04    1 = FOG OR MIST
DPTR FM NORMAL:   0.0   DPTR FM NORMAL:    0.04    2 = FOG REDUCING VISIBILITY
HIGHEST:    98 ON 23,22  GRTST 24HR  0.03 ON  7- 7      TO 1/4 MILE OR LESS
LOWEST:     63 ON 15                               3 = THUNDER
                        SNOW, ICE PELLETS, HAIL    4 = ICE PELLETS
                        TOTAL MONTH:   0.0 INCH    5 = HAIL
                        GRTST 24HR  0.0            6 = FREEZING RAIN OR DRIZZLE
                        GRTST DEPTH:  M  ON   M    7 = DUSTSTORM OR SANDSTORM:
                                                       VSBY 1/2 MILE OR LESS
                                                   8 = SMOKE OR HAZE
[NO. OF DAYS WITH]      [WEATHER - DAYS WITH]      9 = BLOWING SNOW
                                                   X = TORNADO
MAX 32 OR BELOW:   0    0.01 INCH OR MORE:   2
MAX 90 OR ABOVE:  23    0.10 INCH OR MORE:   0
MIN 32 OR BELOW:   0    0.50 INCH OR MORE:   0
MIN  0 OR BELOW:   0    1.00 INCH OR MORE:   0

[HDD (BASE 65) ]
TOTAL THIS MO.     0    CLEAR  (SCALE 0-3)  15
DPTR FM NORMAL     M    PTCLDY (SCALE 4-7)   9
TOTAL FM JUL 1     0    CLOUDY (SCALE 8-10)  0
DPTR FM NORMAL     M

[CDD (BASE 65) ]
TOTAL THIS MO.   404
DPTR FM NORMAL     M    [PRESSURE DATA]
TOTAL FM JAN 1  2989    HIGHEST SLP M ON M
DPTR FM NORMAL     M    LOWEST  SLP M ON M

[REMARKS]
