000
CXUS53 KLSX 281400
CF6SET
PRELIMINARY LOCAL CLIMATOLOGICAL DATA (WS FORM: F-6)

                                          STATION:   ST_CHARLES MO
                                          MONTH:     SEPTEMBER
                                          YEAR:      2022
                                          LATITUDE:   38 55 N
                                          LONGITUDE:  90 26 W

  TEMPERATURE IN F:       :PCPN:    SNOW:  WIND      :SUNSHINE: SKY     :PK WND
================================================================================
1   2   3   4   5  6A  6B    7    8   9   10  11  12  13   14  15   16   17  18
                                     12Z  AVG MX 2MIN
DY MAX MIN AVG DEP HDD CDD  WTR  SNW DPTH SPD SPD DIR MIN PSBL S-S WX    SPD DR
================================================================================

 1  86  59  73  -1   0   8 0.00  0.0    0  4.3 13 160   M    M   2 12     17 150
 2  83  66  75   1   0  10 0.10  0.0    0  3.6  7 240   M    M   2 1      11 210
 3  79  65  72  -1   0   7 0.04  0.0    0  3.7 10 120   M    M   5 1      12 120
 4  75  67  71  -2   0   6 1.87  0.0    0  7.2 12  30   M    M   9 123    17  50
 5  80  71  76   3   0  11    T  0.0    0  8.8 16  40   M    M  10 1      21  50
 6  82  66  74   2   0   9 0.00  0.0    0  4.4  9 340   M    M   6        12 360
 7  84  63  74   2   0   9 0.00  0.0    0  4.6 15 350   M    M   2 1      20 350
 8  83  58  71  -1   0   6 0.00  0.0    0  1.6  8  70   M    M   2 12     11  40
 9  84  58  71  -1   0   6 0.00  0.0    0  4.2 12 110   M    M   0 1      16 100
10  88  59  74   3   0   9    T  0.0    0  2.2 18 170   M    M   5 123    24 160
11  75  54  65  -6   0   0 0.11  0.0    0  8.5 18 330   M    M   6 1      26 290
12  79  50  65  -5   0   0 0.00  0.0    0  6.7 21 310   M    M   3        29 280
13  82  51  67  -3   0   2 0.00  0.0    0  1.6  9 350   M    M   0 1      12 280
14  85  51  68  -2   0   3 0.00  0.0    0  3.4  9 130   M    M   1 12     14 160
15  85  58  72   3   0   7 0.00  0.0    0  5.1 13 120   M    M   0 1      17 130
16  87  57  72   3   0   7 0.00  0.0    0  4.1 12 170   M    M   2 1      18 170
17  89  62  76   7   0  11 0.00  0.0    0  5.9 16 170   M    M   1        22 200
18  89  63  76   8   0  11 0.20  0.0    0  7.5 18 240   M    M   2 13     26 230
19  94  71  83  15   0  18 0.00    M    M  5.3 20  30   M    M   1        24  20
20  98  68  83  15   0  18 0.00    M    M  3.5 13 250   M    M   0 12     17 260
21  95  67  81  14   0  16 0.01  0.0    0  5.6 20 360   M    M   2 1      27 360
22  74  53  64  -3   1   0 0.00  0.0    0  9.0 18 360   M    M   1        28  10
23  62  52  57  -9   8   0 0.12  0.0    0  8.0 14 100   M    M   6 1      18 120
24  86  51  69   3   0   4 0.00  0.0    0  4.2 15 280   M    M   1 12     22 280
25  80  54  67   1   0   2 0.00  0.0    0  9.6 22 310   M    M   0 1      31 310
26  73  48  61  -4   4   0 0.00  0.0    0  9.2 21 330   M    M   0        31 290
27  76  42  59  -6   6   0 0.00  0.0    0  5.3 15 340   M    M   1        19 330
================================================================================
SM 2233 1584        19 180  2.45  0.0    147.1          M       70
================================================================================
AV 82.7 58.7                               5.4 FASTST   M    M   3    MAX(MPH)
                                 MISC ---->    22 310               # 31 310
================================================================================
NOTES:
# LAST OF SEVERAL OCCURRENCES

COLUMN 17 PEAK WIND IN M.P.H.

PRELIMINARY LOCAL CLIMATOLOGICAL DATA (WS FORM: F-6) , PAGE 2

                                          STATION:   ST_CHARLES MO
                                          MONTH:     SEPTEMBER
                                          YEAR:      2022
                                          LATITUDE:   38 55 N
                                          LONGITUDE:  90 26 W

[TEMPERATURE DATA]      [PRECIPITATION DATA]       SYMBOLS USED IN COLUMN 16

AVERAGE MONTHLY: 70.7   TOTAL FOR MONTH:   2.45    1 = FOG OR MIST
DPTR FM NORMAL:   1.1   DPTR FM NORMAL:   -0.24    2 = FOG REDUCING VISIBILITY
HIGHEST:    98 ON 20    GRTST 24HR  1.87 ON  4- 4      TO 1/4 MILE OR LESS
LOWEST:     42 ON 27                               3 = THUNDER
                        SNOW, ICE PELLETS, HAIL    4 = ICE PELLETS
                        TOTAL MONTH:   0.0 INCH    5 = HAIL
                        GRTST 24HR  0.0            6 = FREEZING RAIN OR DRIZZLE
                        GRTST DEPTH:  0            7 = DUSTSTORM OR SANDSTORM:
                                                       VSBY 1/2 MILE OR LESS
                                                   8 = SMOKE OR HAZE
[NO. OF DAYS WITH]      [WEATHER - DAYS WITH]      9 = BLOWING SNOW
                                                   X = TORNADO
MAX 32 OR BELOW:   0    0.01 INCH OR MORE:   7
MAX 90 OR ABOVE:   3    0.10 INCH OR MORE:   5
MIN 32 OR BELOW:   0    0.50 INCH OR MORE:   1
MIN  0 OR BELOW:   0    1.00 INCH OR MORE:   1

[HDD (BASE 65) ]
TOTAL THIS MO.    19    CLEAR  (SCALE 0-3)  20
DPTR FM NORMAL   -10    PTCLDY (SCALE 4-7)   5
TOTAL FM JUL 1    19    CLOUDY (SCALE 8-10)  2
DPTR FM NORMAL   -11

[CDD (BASE 65) ]
TOTAL THIS MO.   180
DPTR FM NORMAL    23    [PRESSURE DATA]
TOTAL FM JAN 1  1615    HIGHEST SLP M ON M
DPTR FM NORMAL   193    LOWEST  SLP 29.82 ON 24

[REMARKS]
