000
CXUS56 KMTR 280900
CF6SFD
PRELIMINARY LOCAL CLIMATOLOGICAL DATA (WS FORM: F-6)

                                          STATION:   SAN FRANCISCO DWTN CA
                                          MONTH:     SEPTEMBER
                                          YEAR:      2022
                                          LATITUDE:   37 46 N
                                          LONGITUDE: 122 26 W

  TEMPERATURE IN F:       :PCPN:    SNOW:  WIND      :SUNSHINE: SKY     :PK WND
================================================================================
1   2   3   4   5  6A  6B    7    8   9   10  11  12  13   14  15   16   17  18
                                     12Z  AVG MX 2MIN
DY MAX MIN AVG DEP HDD CDD  WTR  SNW DPTH SPD SPD DIR MIN PSBL S-S WX    SPD DR
================================================================================

 1  66  54  60  -3   5   0 0.00    M    0    M  M   M   M    M   M         M   M
 2  68  54  61  -2   4   0 0.00    M    0    M  M   M   M    M   M         M   M
 3  75  57  66   3   0   1 0.00    M    0    M  M   M   M    M   M         M   M
 4  82  57  70   7   0   5 0.00    M    0    M  M   M   M    M   M         M   M
 5  91  61  76  13   0  11 0.00    M    0    M  M   M   M    M   M         M   M
 6  98  64  81  18   0  16 0.00    M    0    M  M   M   M    M   M         M   M
 7  81  62  72   9   0   7 0.00    M    0    M  M   M   M    M   M         M   M
 8  87  62  75  12   0  10 0.00    M    0    M  M   M   M    M   M         M   M
 9  71  57  64   1   1   0 0.00    M    0    M  M   M   M    M   M         M   M
10  69  59  64   1   1   0 0.00    M    0    M  M   M   M    M   M         M   M
11  69  61  65   2   0   0 0.00    M    0    M  M   M   M    M   M         M   M
12  66  59  63   0   2   0 0.00    M    0    M  M   M   M    M   M         M   M
13  65  58  62  -1   3   0 0.00    M    0    M  M   M   M    M   M         M   M
14  70  58  64   1   1   0 0.00    M    0    M  M   M   M    M   M         M   M
15  65  58  62  -1   3   0 0.00    M    0    M  M   M   M    M   M         M   M
16  68  58  63   0   2   0 0.00    M    0    M  M   M   M    M   M         M   M
17  65  55  60  -3   5   0 0.00    M    0    M  M   M   M    M   M         M   M
18  66  59  63   0   2   0 0.33    M    0    M  M   M   M    M   M         M   M
19  73  58  66   3   0   1 0.00    M    0    M  M   M   M    M   M         M   M
20  73  58  66   3   0   1 0.00    M    0    M  M   M   M    M   M         M   M
21  69  60  65   2   0   0 0.01    M    0    M  M   M   M    M   M         M   M
22  74  57  66   3   0   1 0.00    M    0    M  M   M   M    M   M         M   M
23  82  58  70   7   0   5 0.00    M    0    M  M   M   M    M   M         M   M
24  76  59  68   5   0   3 0.00    M    0    M  M   M   M    M   M         M   M
25  66  56  61  -2   4   0 0.00    M    0    M  M   M   M    M   M         M   M
26  61  56  59  -4   6   0 0.00    M    0    M  M   M   M    M   M         M   M
27  64  56  60  -3   5   0 0.00    M    0    M  M   M   M    M   M         M   M
================================================================================
SM 1960 1571        44  61  0.34    M        M          M        M
================================================================================
AV 72.6 58.2                                 M FASTST   M    M   M    MAX(MPH)
                                 MISC ---->     M   M                  M   M
================================================================================
NOTES:
# LAST OF SEVERAL OCCURRENCES

COLUMN 17 PEAK WIND IN M.P.H.

PRELIMINARY LOCAL CLIMATOLOGICAL DATA (WS FORM: F-6) , PAGE 2

                                          STATION:   SAN FRANCISCO DWTN CA
                                          MONTH:     SEPTEMBER
                                          YEAR:      2022
                                          LATITUDE:   37 46 N
                                          LONGITUDE: 122 26 W

[TEMPERATURE DATA]      [PRECIPITATION DATA]       SYMBOLS USED IN COLUMN 16

AVERAGE MONTHLY: 65.4   TOTAL FOR MONTH:   0.34    1 = FOG OR MIST
DPTR FM NORMAL:   2.4   DPTR FM NORMAL:    0.26    2 = FOG REDUCING VISIBILITY
HIGHEST:    98 ON  6    GRTST 24HR  0.33 ON 18-18      TO 1/4 MILE OR LESS
LOWEST:     54 ON  2, 1                             3 = THUNDER
                        SNOW, ICE PELLETS, HAIL    4 = ICE PELLETS
                        TOTAL MONTH:  M            5 = HAIL
                        GRTST 24HR    M  ON   M    6 = FREEZING RAIN OR DRIZZLE
                        GRTST DEPTH:  0            7 = DUSTSTORM OR SANDSTORM:
                                                       VSBY 1/2 MILE OR LESS
                                                   8 = SMOKE OR HAZE
[NO. OF DAYS WITH]      [WEATHER - DAYS WITH]      9 = BLOWING SNOW
                                                   X = TORNADO
MAX 32 OR BELOW:   0    0.01 INCH OR MORE:   2
MAX 90 OR ABOVE:   2    0.10 INCH OR MORE:   1
MIN 32 OR BELOW:   0    0.50 INCH OR MORE:   0
MIN  0 OR BELOW:   0    1.00 INCH OR MORE:   0

[HDD (BASE 65) ]
TOTAL THIS MO.    44    CLEAR  (SCALE 0-3)   0
DPTR FM NORMAL   -39    PTCLDY (SCALE 4-7)   0
TOTAL FM JUL 1   259    CLOUDY (SCALE 8-10) 27
DPTR FM NORMAL   -94

[CDD (BASE 65) ]
TOTAL THIS MO.    61
DPTR FM NORMAL    34    [PRESSURE DATA]
TOTAL FM JAN 1    96    HIGHEST SLP M ON M
DPTR FM NORMAL    19    LOWEST  SLP 9999.00 ON  1

[REMARKS]
