000
CXUS56 KOTX 280910
CF6SFF
PRELIMINARY LOCAL CLIMATOLOGICAL DATA (WS FORM: F-6)

                                          STATION:   SPOKANE WA FELTS AIRPORT
                                          MONTH:     SEPTEMBER
                                          YEAR:      2022
                                          LATITUDE:   47 40 N
                                          LONGITUDE: 117 20 W

  TEMPERATURE IN F:       :PCPN:    SNOW:  WIND      :SUNSHINE: SKY     :PK WND
================================================================================
1   2   3   4   5  6A  6B    7    8   9   10  11  12  13   14  15   16   17  18
                                     12Z  AVG MX 2MIN
DY MAX MIN AVG DEP HDD CDD  WTR  SNW DPTH SPD SPD DIR MIN PSBL S-S WX    SPD DR
================================================================================

 1  95  64  80  14   0  15 0.00    M    M  4.6 12 240   M    M   0        16 220
 2  99  57  78  12   0  13 0.00    M    M  2.2  9  80   M    M   0        12  90
 3  83  59  71   6   0   6 0.07    M    M  3.5 23 190   M    M   1 38     30 180
 4  88  55  72   7   0   7 0.00    M    M  5.2 15 220   M    M   0        20 200
 5  83  53  68   3   0   3 0.00    M    M  5.8 17 230   M    M   0        22 240
 6  91  48  70   6   0   5 0.00    M    M  1.9  7 250   M    M   0        11 250
 7  90  52  71   7   0   6 0.00    M    M  5.8 21 210   M    M   0        25 210
 8  79  47  63  -1   2   0 0.00    M    M  3.8 14 320   M    M   0 8      21 330
 9  78  45  62  -2   3   0 0.00    M    M  3.8 16  90   M    M   0 8      23 100
10  83  45  64   1   1   0 0.00    M    M  1.7  9 100   M    M   0 8      13 100
11  82  48  65   2   0   0 0.00    M    M  2.2  8  90   M    M   0 8      11 100
12  80  53  67   4   0   2    T    M    M  1.4  7  80   M    M   1 8      10 230
13  82  51  67   5   0   2 0.00    M    M  1.2  9 200   M    M   0 8      13 190
14  73  55  64   2   1   0 0.02    M    M  3.1 12 340   M    M   6 8      17 340
15  76  50  63   1   2   0 0.00    M    M  1.4  7 200   M    M   2 18     12 210
16  73  50  62   1   3   0 0.00    M    M  5.9 17 230   M    M   4        21 220
17  72  43  58  -3   7   0 0.00    M    M  3.0 10 350   M    M   0        16 340
18  75  50  63   2   2   0 0.02    M    M  1.1  9 240   M    M   3        14 350
19  77  48  63   3   2   0 0.00    M    M  3.5 14 360   M    M   1        26  20
20  76  44  60   0   5   0 0.00    M    M  5.5 20  80   M    M   0        24  70
21  80  45  63   3   2   0    T    M    M  4.0 21  80   M    M   1        25  60
22  73  52  63   4   2   0 0.07    M    M  7.5 17 230   M    M   7        22 240
23  72  48  60   1   5   0 0.00    M    M  5.1 15 190   M    M   0        20 190
24  78  45  62   3   3   0 0.00    M    M  1.8  6 140   M    M   0         9 290
25  81  47  64   6   1   0 0.00    M    M  1.0  7 210   M    M   0        10 180
26  87  48  68  10   0   3 0.00    M    M  1.5  7 110   M    M   0         9  80
27  92  47  70  13   0   5 0.00    M    M  2.3  7 210   M    M   0         9 210
================================================================================
SM 2198 1349        41  67  0.18    M     89.8          M       26
================================================================================
AV 81.4 50.0                               3.3 FASTST   M    M   1    MAX(MPH)
                                 MISC ---->    23 190                 30 180
================================================================================
NOTES:
# LAST OF SEVERAL OCCURRENCES

COLUMN 17 PEAK WIND IN M.P.H.

PRELIMINARY LOCAL CLIMATOLOGICAL DATA (WS FORM: F-6) , PAGE 2

                                          STATION:   SPOKANE WA FELTS AIRPORT
                                          MONTH:     SEPTEMBER
                                          YEAR:      2022
                                          LATITUDE:   47 40 N
                                          LONGITUDE: 117 20 W

[TEMPERATURE DATA]      [PRECIPITATION DATA]       SYMBOLS USED IN COLUMN 16

AVERAGE MONTHLY: 65.7   TOTAL FOR MONTH:   0.18    1 = FOG OR MIST
DPTR FM NORMAL:   3.8   DPTR FM NORMAL:   -0.41    2 = FOG REDUCING VISIBILITY
HIGHEST:    99 ON  2    GRTST 24HR  0.07 ON  3- 3      TO 1/4 MILE OR LESS
LOWEST:     43 ON 17                               3 = THUNDER
                        SNOW, ICE PELLETS, HAIL    4 = ICE PELLETS
                        TOTAL MONTH:  M            5 = HAIL
                        GRTST 24HR    M  ON   M    6 = FREEZING RAIN OR DRIZZLE
                        GRTST DEPTH:  M  ON   M    7 = DUSTSTORM OR SANDSTORM:
                                                       VSBY 1/2 MILE OR LESS
                                                   8 = SMOKE OR HAZE
[NO. OF DAYS WITH]      [WEATHER - DAYS WITH]      9 = BLOWING SNOW
                                                   X = TORNADO
MAX 32 OR BELOW:   0    0.01 INCH OR MORE:   4
MAX 90 OR ABOVE:   5    0.10 INCH OR MORE:   0
MIN 32 OR BELOW:   0    0.50 INCH OR MORE:   0
MIN  0 OR BELOW:   0    1.00 INCH OR MORE:   0

[HDD (BASE 65) ]
TOTAL THIS MO.    41    CLEAR  (SCALE 0-3)  24
DPTR FM NORMAL   -79    PTCLDY (SCALE 4-7)   3
TOTAL FM JUL 1    45    CLOUDY (SCALE 8-10)  0
DPTR FM NORMAL  -108

[CDD (BASE 65) ]
TOTAL THIS MO.    67
DPTR FM NORMAL    32    [PRESSURE DATA]
TOTAL FM JAN 1   743    HIGHEST SLP M ON M
DPTR FM NORMAL   239    LOWEST  SLP 29.71 ON 13

[REMARKS]
