000
CXUS56 KMTR 280900
CF6SFO
PRELIMINARY LOCAL CLIMATOLOGICAL DATA (WS FORM: F-6)

                                          STATION:   SAN FRANCISCO AIRPORT
                                          MONTH:     SEPTEMBER
                                          YEAR:      2022
                                          LATITUDE:   37 37 N
                                          LONGITUDE: 122 23 W

  TEMPERATURE IN F:       :PCPN:    SNOW:  WIND      :SUNSHINE: SKY     :PK WND
================================================================================
1   2   3   4   5  6A  6B    7    8   9   10  11  12  13   14  15   16   17  18
                                     12Z  AVG MX 2MIN
DY MAX MIN AVG DEP HDD CDD  WTR  SNW DPTH SPD SPD DIR MIN PSBL S-S WX    SPD DR
================================================================================

 1  72  55  64  -1   1   0 0.00    M    M 16.2 28 310   M    M   2 18     37 310
 2  68  55  62  -3   3   0 0.00    M    M 17.6 30 300   M    M   3 18     36 300
 3  76  58  67   2   0   2 0.00    M    M 13.8 28 290   M    M   1 8      33 280
 4  89  58  74   8   0   9 0.00    M    M  8.5 20 300   M    M   0        24 300
 5  97  64  81  15   0  16 0.00    M    M  7.8 22 300   M    M   1 8      28 290
 6  95  67  81  15   0  16 0.00    M    M  6.8 16 300   M    M   2 8      20 310
 7  88  64  76  10   0  11 0.00    M    M  8.9 24 300   M    M   2 8      29 310
 8  94  64  79  13   0  14 0.00    M    M 11.2 22 290   M    M   0 8      30 300
 9  77  59  68   2   0   3 0.00    M    M 13.4 25 300   M    M   2 18     31 300
10  79  60  70   4   0   5 0.00    M    M  9.1 21 190   M    M   8 18     28 180
11  77  64  71   5   0   6 0.00    M    M 12.6 24 290   M    M   8 8      31 290
12  71  60  66   0   0   1 0.00    M    M 14.5 25 290   M    M   7 18     33 280
13  71  59  65  -1   0   0 0.00    M    M 14.8 23 270   M    M   6 1      31 270
14  75  61  68   2   0   3 0.00    M    M 13.4 21 280   M    M   6 8      27 290
15  69  60  65  -1   0   0 0.00    M    M 13.1 28 270   M    M   6 18     39 270
16  71  59  65  -1   0   0 0.00    M    M 12.4 29 270   M    M   3 18     40 270
17  69  57  63  -2   2   0 0.00    M    M 11.3 29 270   M    M   7        38 280
18  70  60  65   0   0   0 0.10    M    M 15.1 29 150   M    M   8 18     36 140
19  73  58  66   1   0   1 0.01    M    M  6.5 16 200   M    M   4        20 210
20  74  58  66   1   0   1    T    M    M  6.6 15 260   M    M   6 8      20 260
21  74  60  67   2   0   2 0.16    M    M 10.4 23 290   M    M   6 18     30 290
22  79  57  68   3   0   3 0.00    M    M  9.0 25 290   M    M   1 18     31 290
23  83  58  71   6   0   6 0.00    M    M  8.0 22 290   M    M   0 8      27 300
24  84  60  72   7   0   7 0.00    M    M  8.7 21 300   M    M   1 8      27 300
25  70  58  64  -1   1   0 0.00    M    M 12.6 24 310   M    M   3        33 300
26  67  57  62  -3   3   0 0.00    M    M 11.9 25 300   M    M   5 18     32 300
27  67  57  62  -3   3   0 0.00    M    M 13.0 25 290   M    M   6        32 290
================================================================================
SM 2079 1607        13 106  0.27    M    307.2          M      104
================================================================================
AV 77.0 59.5                              11.4 FASTST   M    M   4    MAX(MPH)
                                 MISC ---->    30 300                 40 270
================================================================================
NOTES:
# LAST OF SEVERAL OCCURRENCES

COLUMN 17 PEAK WIND IN M.P.H.

PRELIMINARY LOCAL CLIMATOLOGICAL DATA (WS FORM: F-6) , PAGE 2

                                          STATION:   SAN FRANCISCO AIRPORT
                                          MONTH:     SEPTEMBER
                                          YEAR:      2022
                                          LATITUDE:   37 37 N
                                          LONGITUDE: 122 23 W

[TEMPERATURE DATA]      [PRECIPITATION DATA]       SYMBOLS USED IN COLUMN 16

AVERAGE MONTHLY: 68.3   TOTAL FOR MONTH:   0.27    1 = FOG OR MIST
DPTR FM NORMAL:   2.8   DPTR FM NORMAL:    0.22    2 = FOG REDUCING VISIBILITY
HIGHEST:    97 ON  5    GRTST 24HR  0.16 ON 20-21      TO 1/4 MILE OR LESS
LOWEST:     55 ON  2, 1                             3 = THUNDER
                        SNOW, ICE PELLETS, HAIL    4 = ICE PELLETS
                        TOTAL MONTH:  M            5 = HAIL
                        GRTST 24HR    M  ON   M    6 = FREEZING RAIN OR DRIZZLE
                        GRTST DEPTH:  M  ON   M    7 = DUSTSTORM OR SANDSTORM:
                                                       VSBY 1/2 MILE OR LESS
                                                   8 = SMOKE OR HAZE
[NO. OF DAYS WITH]      [WEATHER - DAYS WITH]      9 = BLOWING SNOW
                                                   X = TORNADO
MAX 32 OR BELOW:   0    0.01 INCH OR MORE:   3
MAX 90 OR ABOVE:   3    0.10 INCH OR MORE:   2
MIN 32 OR BELOW:   0    0.50 INCH OR MORE:   0
MIN  0 OR BELOW:   0    1.00 INCH OR MORE:   0

[HDD (BASE 65) ]
TOTAL THIS MO.    13    CLEAR  (SCALE 0-3)  13
DPTR FM NORMAL   -25    PTCLDY (SCALE 4-7)  13
TOTAL FM JUL 1    74    CLOUDY (SCALE 8-10)  1
DPTR FM NORMAL   -66

[CDD (BASE 65) ]
TOTAL THIS MO.   106
DPTR FM NORMAL    52    [PRESSURE DATA]
TOTAL FM JAN 1   259    HIGHEST SLP M ON M
DPTR FM NORMAL    95    LOWEST  SLP 29.51 ON  9

[REMARKS]
