000
CXUS54 KHGX 281410
CF6SGR
PRELIMINARY LOCAL CLIMATOLOGICAL DATA (WS FORM: F-6)

                                          STATION:   SUGAR LAND/HULL FLD
                                          MONTH:     SEPTEMBER
                                          YEAR:      2022
                                          LATITUDE:   29 37 N
                                          LONGITUDE:  95 39 W

  TEMPERATURE IN F:       :PCPN:    SNOW:  WIND      :SUNSHINE: SKY     :PK WND
================================================================================
1   2   3   4   5  6A  6B    7    8   9   10  11  12  13   14  15   16   17  18
                                     12Z  AVG MX 2MIN
DY MAX MIN AVG DEP HDD CDD  WTR  SNW DPTH SPD SPD DIR MIN PSBL S-S WX    SPD DR
================================================================================

 1  94  74  84   1   0  19 0.80  0.0    0  4.2 26 130   M    M   3 13     36 130
 2  94  74  84   1   0  19    T  0.0    0  3.4 17 180   M    M   2 3      22 180
 3  89  74  82  -1   0  17 0.08  0.0    0  4.3 15  40   M    M   3 3      20  50
 4  84  73  79  -4   0  14 0.00  0.0    M  3.7  9 200   M    M   2        12 190
 5  87  69  78  -5   0  13 0.00  0.0    0  4.7 12 210   M    M   1 12     15 200
 6  89  70  80  -2   0  15 0.00  0.0    0  4.3 20 180   M    M   1 1      25 190
 7  94  70  82   0   0  17 0.20  0.0    0  2.8 30  80   M    M   1 13     30  30
 8  92  70  81  -1   0  16    T  0.0    0  4.7 16 150   M    M   2 1      19  60
 9  92  70  81  -1   0  16 0.00  0.0    0  4.3 16 160   M    M   2 1      22 140
10  93  70  82   0   0  17 0.00  0.0    0  2.4 15 170   M    M   2        18 170
11  94  71  83   1   0  18    T  0.0    0  4.7 12 340   M    M   1        17 310
12  91  69  80  -1   0  15 0.00  0.0    0  5.3 13 360   M    M   0        17 350
13  92  70  81   0   0  16 0.00  0.0    0  3.6 14 150   M    M   1        18 140
14  90  66  78  -3   0  13 0.00  0.0    0  5.5 15 150   M    M   0        20  60
15  90  70  80  -1   0  15    T  0.0    0  8.1 15 140   M    M   4        21 120
16  94  74  84   3   0  19 0.00  0.0    0  6.4 22 140   M    M   2        30 150
17  93  76  85   5   0  20    T  0.0    0  7.5 17 170   M    M   1 3      24 180
18  95  72  84   4   0  19 0.00  0.0    0  4.8 17 160   M    M   2        23 140
19  93  72  83   3   0  18    T  0.0    0  4.9 16 180   M    M   2        20 180
20  95  72  84   4   0  19 0.00  0.0    0  3.1 13 180   M    M   1 1      15 130
21  95  70  83   3   0  18 0.00  0.0    0  4.2 12 150   M    M   0 1      16 150
22  99  69  84   5   0  19 0.00  0.0    0  3.9 10 360   M    M   0 18     16  10
23  97  72  85   6   0  20 0.00  0.0    0  4.8 16 170   M    M   0        20 160
24  95  70  83   4   0  18 0.00  0.0    0  4.8 16 170   M    M   0 1      19 170
25  95  71  83   4   0  18 0.00  0.0    0  2.6 12 150   M    M   0 1      14 160
26  95  73  84   6   0  19 0.00  0.0    0  7.6 16  20   M    M   0        22  10
27  91  57  74  -4   0   9 0.00  0.0    0  7.7 17  60   M    M   0        17  60
================================================================================
SM 2502 1908         0 456  1.08  0.0    128.3          M       33
================================================================================
AV 92.7 70.7                               4.8 FASTST   M    M   1    MAX(MPH)
                                 MISC ---->    30  80                 36 130
================================================================================
NOTES:
# LAST OF SEVERAL OCCURRENCES

COLUMN 17 PEAK WIND IN M.P.H.

PRELIMINARY LOCAL CLIMATOLOGICAL DATA (WS FORM: F-6) , PAGE 2

                                          STATION:   SUGAR LAND/HULL FLD
                                          MONTH:     SEPTEMBER
                                          YEAR:      2022
                                          LATITUDE:   29 37 N
                                          LONGITUDE:  95 39 W

[TEMPERATURE DATA]      [PRECIPITATION DATA]       SYMBOLS USED IN COLUMN 16

AVERAGE MONTHLY: 81.7   TOTAL FOR MONTH:   1.08    1 = FOG OR MIST
DPTR FM NORMAL:   0.8   DPTR FM NORMAL:   -2.94    2 = FOG REDUCING VISIBILITY
HIGHEST:    99 ON 22    GRTST 24HR  0.80 ON  1- 1      TO 1/4 MILE OR LESS
LOWEST:     57 ON 27                               3 = THUNDER
                        SNOW, ICE PELLETS, HAIL    4 = ICE PELLETS
                        TOTAL MONTH:   0.0 INCH    5 = HAIL
                        GRTST 24HR  0.0            6 = FREEZING RAIN OR DRIZZLE
                        GRTST DEPTH:  0            7 = DUSTSTORM OR SANDSTORM:
                                                       VSBY 1/2 MILE OR LESS
                                                   8 = SMOKE OR HAZE
[NO. OF DAYS WITH]      [WEATHER - DAYS WITH]      9 = BLOWING SNOW
                                                   X = TORNADO
MAX 32 OR BELOW:   0    0.01 INCH OR MORE:   3
MAX 90 OR ABOVE:  23    0.10 INCH OR MORE:   2
MIN 32 OR BELOW:   0    0.50 INCH OR MORE:   1
MIN  0 OR BELOW:   0    1.00 INCH OR MORE:   0

[HDD (BASE 65) ]
TOTAL THIS MO.     0    CLEAR  (SCALE 0-3)  26
DPTR FM NORMAL     0    PTCLDY (SCALE 4-7)   1
TOTAL FM JUL 1     0    CLOUDY (SCALE 8-10)  0
DPTR FM NORMAL     0

[CDD (BASE 65) ]
TOTAL THIS MO.   456
DPTR FM NORMAL    25    [PRESSURE DATA]
TOTAL FM JAN 1  3415    HIGHEST SLP M ON M
DPTR FM NORMAL   444    LOWEST  SLP 29.72 ON  8

[REMARKS]
