000
CXUS55 KBYZ 281000
CF6SHR
PRELIMINARY LOCAL CLIMATOLOGICAL DATA (WS FORM: F-6)

                                          STATION:   SHERIDAN WY
                                          MONTH:     SEPTEMBER
                                          YEAR:      2022
                                          LATITUDE:   44 46 N
                                          LONGITUDE: 106 58 W

  TEMPERATURE IN F:       :PCPN:    SNOW:  WIND      :SUNSHINE: SKY     :PK WND
================================================================================
1   2   3   4   5  6A  6B    7    8   9   10  11  12  13   14  15   16   17  18
                                     12Z  AVG MX 2MIN
DY MAX MIN AVG DEP HDD CDD  WTR  SNW DPTH SPD SPD DIR MIN PSBL S-S WX    SPD DR
================================================================================

 1  99  56  78  14   0  13 0.00    M    M  7.0 24 330   M    M   0        29 320
 2  92  56  74  10   0   9 0.00    M    M  5.8 13 100   M    M   0        18 150
 3 101  48  75  11   0  10 0.00    M    M  6.6 20 140   M    M   0        25 130
 4 100  60  80  16   0  15 0.00    M    M  5.6 17 360   M    M   0        27 360
 5  98  53  76  13   0  11 0.00    M    M  2.5 20  20   M    M   0        21  30
 6  92  53  73  10   0   8 0.00    M    M  5.3 21 310   M    M   0        26 310
 7 104  52  78  16   0  13 0.00    M    M  4.2 18 340   M    M   0        23 340
 8  81  52  67   5   0   2 1.24    M    M  9.1 39 310   M    M   7 138    45 310
 9  56  43  50 -12  15   0 0.60    M    M  5.2 17 360   M    M   9 1      22 360
10  70  37  54  -7  11   0 0.00    M    M  4.3 14 110   M    M   0        18 140
11  85  38  62   1   3   0 0.00    M    M  2.2  9 190   M    M   0        17  90
12  87  45  66   5   0   1 0.00    M    M  3.3 12 310   M    M   1 8      15 330
13  90  46  68   8   0   3 0.00    M    M  6.8 22 150   M    M   0 18     28 150
14  77  58  68   8   0   3 0.15    M    M 10.4 22 320   M    M   6 1      26 310
15  70  52  61   1   4   0 0.00    M    M  2.6 10 150   M    M   6        13 150
16  73  46  60   1   5   0 0.15    M    M  4.4 21 310   M    M   4 128    26 310
17  74  44  59   0   6   0 0.00    M    M  3.5  9 130   M    M   1        14 110
18  80  47  64   6   1   0 0.00    M    M  3.4 12 160   M    M   0 8      18 120
19  88  48  68  10   0   3 0.00    M    M  6.8 26 290   M    M   0 8      33 310
20  63  48  56  -1   9   0 0.00    M    M  7.3 17 300   M    M   6 3      21 300
21  60  48  54  -3  11   0 0.05    M    M  6.4 18 130   M    M   7 13     24 130
22  76  45  61   5   4   0 0.03    M    M 10.5 35 300   M    M   2 3      42 300
23  75  45  60   4   5   0    T    M    M  9.2 24 330   M    M   4        30 330
24  73  42  58   2   7   0 0.00    M    M  8.6 26 340   M    M   1        38 320
25  75  38  57   2   8   0 0.00    M    M  3.0  8 150   M    M   0        10 180
26  81  42  62   7   3   0 0.00    M    M  5.6 18 320   M    M   0        22 320
27  83  40  62   8   3   0 0.00    M    M  4.9 15 140   M    M   0        21 150
================================================================================
SM 2203 1282        95  91  2.22    M    154.5          M       54
================================================================================
AV 81.6 47.5                               5.7 FASTST   M    M   2    MAX(MPH)
                                 MISC ---->    39 310                 45 310
================================================================================
NOTES:
# LAST OF SEVERAL OCCURRENCES

COLUMN 17 PEAK WIND IN M.P.H.

PRELIMINARY LOCAL CLIMATOLOGICAL DATA (WS FORM: F-6) , PAGE 2

                                          STATION:   SHERIDAN WY
                                          MONTH:     SEPTEMBER
                                          YEAR:      2022
                                          LATITUDE:   44 46 N
                                          LONGITUDE: 106 58 W

[TEMPERATURE DATA]      [PRECIPITATION DATA]       SYMBOLS USED IN COLUMN 16

AVERAGE MONTHLY: 64.5   TOTAL FOR MONTH:   2.22    1 = FOG OR MIST
DPTR FM NORMAL:   4.9   DPTR FM NORMAL:    0.92    2 = FOG REDUCING VISIBILITY
HIGHEST:   104 ON  7    GRTST 24HR  1.78 ON  8- 9      TO 1/4 MILE OR LESS
LOWEST:     37 ON 10                               3 = THUNDER
                        SNOW, ICE PELLETS, HAIL    4 = ICE PELLETS
                        TOTAL MONTH:  M            5 = HAIL
                        GRTST 24HR    M  ON   M    6 = FREEZING RAIN OR DRIZZLE
                        GRTST DEPTH:  M  ON   M    7 = DUSTSTORM OR SANDSTORM:
                                                       VSBY 1/2 MILE OR LESS
                                                   8 = SMOKE OR HAZE
[NO. OF DAYS WITH]      [WEATHER - DAYS WITH]      9 = BLOWING SNOW
                                                   X = TORNADO
MAX 32 OR BELOW:   0    0.01 INCH OR MORE:   6
MAX 90 OR ABOVE:   8    0.10 INCH OR MORE:   4
MIN 32 OR BELOW:   0    0.50 INCH OR MORE:   2
MIN  0 OR BELOW:   0    1.00 INCH OR MORE:   1

[HDD (BASE 65) ]
TOTAL THIS MO.    95    CLEAR  (SCALE 0-3)  19
DPTR FM NORMAL   -81    PTCLDY (SCALE 4-7)   7
TOTAL FM JUL 1    99    CLOUDY (SCALE 8-10)  1
DPTR FM NORMAL  -136

[CDD (BASE 65) ]
TOTAL THIS MO.    91
DPTR FM NORMAL    59    [PRESSURE DATA]
TOTAL FM JAN 1   700    HIGHEST SLP M ON M
DPTR FM NORMAL   262    LOWEST  SLP 29.61 ON 14

[REMARKS]
