000
CXUS54 KSHV 251300
CF6SHV
PRELIMINARY LOCAL CLIMATOLOGICAL DATA (WS FORM: F-6)

                                          STATION:   SHREVEPORT
                                          MONTH:     SEPTEMBER
                                          YEAR:      2022
                                          LATITUDE:   32 28 N
                                          LONGITUDE:  93 49 W

  TEMPERATURE IN F:       :PCPN:    SNOW:  WIND      :SUNSHINE: SKY     :PK WND
================================================================================
1   2   3   4   5  6A  6B    7    8   9   10  11  12  13   14  15   16   17  18
                                     12Z  AVG MX 2MIN
DY MAX MIN AVG DEP HDD CDD  WTR  SNW DPTH SPD SPD DIR MIN PSBL S-S WX    SPD DR
================================================================================

 1  93  76  85   3   0  20 0.15  0.0    0  4.3 16 220   M    M   9 13     21 210
 2  90  76  83   1   0  18 1.07  0.0    0  3.1 29 330   M    M   8 3      40 330
 3  89  75  82   0   0  17 0.00  0.0    0  2.7 10 200   M    M   7        15 180
 4  88  73  81  -1   0  16 0.00  0.0    0  3.8 17  20   M    M   7        21  10
 5  92  71  82   1   0  17 0.01  0.0    0  3.6 13 150   M    M   5 3      16 150
 6  92  72  82   1   0  17 0.28  0.0    0  3.0 26 180   M    M   4 13     34 170
 7  91  74  83   2   0  18 0.06  0.0    0  4.0 14  60   M    M   7 3      17  60
 8  90  69  80  -1   0  15 0.00  0.0    0  5.2 14  50   M    M   3        19  50
 9  89  66  78  -2   0  13 0.00  0.0    0  3.0 12 350   M    M   2        14  40
10  89  68  79  -1   0  14 0.70  0.0    0  2.5 22  10   M    M   5 1      26  10
11  91  72  82   2   0  17 0.00  0.0    0  6.9 15  20   M    M   5 1      20  20
12  85  62  74  -6   0   9 0.00  0.0    0  4.9 12  40   M    M   1        14  40
13  87  57  72  -7   0   7 0.00  0.0    0  1.8 10  80   M    M   0 1      13 110
14  87  59  73  -6   0   8 0.00  0.0    0  3.1 14 120   M    M   0 1      22 110
15  88  62  75  -4   0  10 0.00  0.0    0  2.8 13  80   M    M   1        18  80
16  91  62  77  -1   0  12 0.00  0.0    0  3.3 10 140   M    M   1        13 160
17  92  69  81   3   0  16 0.00  0.0    0  4.9 13 160   M    M   4        16 170
18  93  70  82   4   0  17 0.00  0.0    0  2.9 10 140   M    M   1        13 140
19  95  72  84   6   0  19 0.00  0.0    0  2.3  8 200   M    M   1 1      11 200
20  97  71  84   7   0  19 0.00  0.0    0  1.2 10 140   M    M   1 1      13 140
21  97  71  84   7   0  19 0.00  0.0    0  1.8  8 140   M    M   0        11 340
22  98  70  84   8   0  19 0.00  0.0    0  4.0 14  80   M    M   1        18  70
23  91  66  79   3   0  14 0.00  0.0    0  5.8 13 100   M    M   1        17  70
24  96  72  84   8   0  19 0.00  0.0    0  4.7 12 250   M    M   2        15 210
================================================================================
SM 2191 1655         0 370  2.27  0.0     85.6          M       76
================================================================================
AV 91.3 69.0                               3.6 FASTST   M    M   3    MAX(MPH)
                                 MISC ---->    29 330                 40 330
================================================================================
NOTES:
# LAST OF SEVERAL OCCURRENCES

COLUMN 17 PEAK WIND IN M.P.H.

PRELIMINARY LOCAL CLIMATOLOGICAL DATA (WS FORM: F-6) , PAGE 2

                                          STATION:   SHREVEPORT
                                          MONTH:     SEPTEMBER
                                          YEAR:      2022
                                          LATITUDE:   32 28 N
                                          LONGITUDE:  93 49 W

[TEMPERATURE DATA]      [PRECIPITATION DATA]       SYMBOLS USED IN COLUMN 16

AVERAGE MONTHLY: 80.1   TOTAL FOR MONTH:   2.27    1 = FOG OR MIST
DPTR FM NORMAL:   0.8   DPTR FM NORMAL:   -0.38    2 = FOG REDUCING VISIBILITY
HIGHEST:    98 ON 22    GRTST 24HR  1.07 ON  2- 2      TO 1/4 MILE OR LESS
LOWEST:     57 ON 13                               3 = THUNDER
                        SNOW, ICE PELLETS, HAIL    4 = ICE PELLETS
                        TOTAL MONTH:   0.0 INCH    5 = HAIL
                        GRTST 24HR  0.0            6 = FREEZING RAIN OR DRIZZLE
                        GRTST DEPTH:  0            7 = DUSTSTORM OR SANDSTORM:
                                                       VSBY 1/2 MILE OR LESS
                                                   8 = SMOKE OR HAZE
[NO. OF DAYS WITH]      [WEATHER - DAYS WITH]      9 = BLOWING SNOW
                                                   X = TORNADO
MAX 32 OR BELOW:   0    0.01 INCH OR MORE:   6
MAX 90 OR ABOVE:  16    0.10 INCH OR MORE:   4
MIN 32 OR BELOW:   0    0.50 INCH OR MORE:   2
MIN  0 OR BELOW:   0    1.00 INCH OR MORE:   1

[HDD (BASE 65) ]
TOTAL THIS MO.     0    CLEAR  (SCALE 0-3)  14
DPTR FM NORMAL     0    PTCLDY (SCALE 4-7)   9
TOTAL FM JUL 1     0    CLOUDY (SCALE 8-10)  1
DPTR FM NORMAL     0

[CDD (BASE 65) ]
TOTAL THIS MO.   370
DPTR FM NORMAL    27    [PRESSURE DATA]
TOTAL FM JAN 1  2914    HIGHEST SLP M ON M
DPTR FM NORMAL   475    LOWEST  SLP 29.75 ON  9

[REMARKS]
