000
CXUS56 KMFR 280930
CF6SIY
PRELIMINARY LOCAL CLIMATOLOGICAL DATA (WS FORM: F-6)

                                          STATION:   MONTAGUE CA
                                          MONTH:     SEPTEMBER
                                          YEAR:      2022
                                          LATITUDE:   41 46 N
                                          LONGITUDE: 122 28 W

  TEMPERATURE IN F:       :PCPN:    SNOW:  WIND      :SUNSHINE: SKY     :PK WND
================================================================================
1   2   3   4   5  6A  6B    7    8   9   10  11  12  13   14  15   16   17  18
                                     12Z  AVG MX 2MIN
DY MAX MIN AVG DEP HDD CDD  WTR  SNW DPTH SPD SPD DIR MIN PSBL S-S WX    SPD DR
================================================================================

 1 101  51  76   7   0  11 0.00    M    M  2.7 10  10   M    M   1 8      14 150
 2 102  55  79  10   0  14 0.00    M    M  8.1 28 150   M    M   1 8      36 160
 3  92  57  75   6   0  10 0.00    M    M  8.0 17 350   M    M   3 8      23  20
 4  94  52  73   5   0   8 0.00    M    M  5.6 20 360   M    M   2 8      23  10
 5 101  51  76   8   0  11 0.00    M    M  3.2 12 340   M    M   0 8      16  30
 6 106  57  82  14   0  17 0.00    M    M  4.3 14 300   M    M   0 8      19 290
 7 102  63  83  15   0  18    T    M    M  7.4 23 360   M    M   0 3      31 200
 8  98  62  80  12   0  15 0.00    M    M 10.0 22 360   M    M   0        29 350
 9  98  58  78  11   0  13 0.00    M    M  6.2 16 350   M    M   0        23  40
10 100  56  78  11   0  13 0.00    M    M  5.7 20 180   M    M   0        24 200
11  86  59  73   6   0   8    T    M    M  4.9 16 360   M    M   1        19  10
12  92  60  76  10   0  11 0.00    M    M  6.0 18 360   M    M   2 8      25 230
13  87  55  71   5   0   6 0.00    M    M  7.4 22  10   M    M   0        27 360
14  83  51  67   1   0   2 0.00    M    M  6.1 20 150   M    M   0        25 150
15  81  46  64  -1   1   0 0.00    M    M  4.7 20 360   M    M   0        25  10
16  82  47  65   0   0   0 0.00    M    M  6.9 23 360   M    M   0        27 360
17  74  47  61  -4   4   0 0.23    M    M  6.6 32 230   M    M   4 3      45 250
18  64  49  57  -7   8   0 0.02    M    M  8.4 32 180   M    M   7        42 170
19  73  50  62  -2   3   0 0.22    M    M  6.4 18 150   M    M   7 1      30 180
20  70  50  60  -4   5   0    T    M    M  4.7 14  10   M    M   5 13     17  10
21  69  46  58  -5   7   0 0.00    M    M  4.9 22 170   M    M   3 3      29 180
22  77  43  60  -3   5   0 0.00    M    M  4.2 14 350   M    M   1        19 340
23  84  42  63   1   2   0 0.00    M    M  3.2 12 340   M    M   0        14 340
24  89  43  66   4   0   1 0.00    M    M  1.4  8  40   M    M   0         9  40
25  93  45  69   7   0   4 0.00    M    M  3.5 16 180   M    M   0        22 150
26  93  48  71  10   0   6 0.00    M    M  3.8 17 170   M    M   0        21 170
27   M   M   M   M   M   M    M    M    M    M  M   M   M    M   M         M   M
================================================================================
SM 2291 1343        35 168  0.47    M    144.3          M       37
================================================================================
AV 88.1 51.7                               5.5 FASTST   M    M   1    MAX(MPH)
                                 MISC ---->  # 32 230                 45 250
================================================================================
NOTES:
# LAST OF SEVERAL OCCURRENCES

COLUMN 17 PEAK WIND IN M.P.H.

PRELIMINARY LOCAL CLIMATOLOGICAL DATA (WS FORM: F-6) , PAGE 2

                                          STATION:   MONTAGUE CA
                                          MONTH:     SEPTEMBER
                                          YEAR:      2022
                                          LATITUDE:   41 46 N
                                          LONGITUDE: 122 28 W

[TEMPERATURE DATA]      [PRECIPITATION DATA]       SYMBOLS USED IN COLUMN 16

AVERAGE MONTHLY: 69.9   TOTAL FOR MONTH:   0.47    1 = FOG OR MIST
DPTR FM NORMAL:   4.4   DPTR FM NORMAL:    0.25    2 = FOG REDUCING VISIBILITY
HIGHEST:   106 ON  6    GRTST 24HR  0.25 ON 17-18      TO 1/4 MILE OR LESS
LOWEST:     42 ON 23                               3 = THUNDER
                        SNOW, ICE PELLETS, HAIL    4 = ICE PELLETS
                        TOTAL MONTH:  M            5 = HAIL
                        GRTST 24HR    M  ON   M    6 = FREEZING RAIN OR DRIZZLE
                        GRTST DEPTH:  M  ON   M    7 = DUSTSTORM OR SANDSTORM:
                                                       VSBY 1/2 MILE OR LESS
                                                   8 = SMOKE OR HAZE
[NO. OF DAYS WITH]      [WEATHER - DAYS WITH]      9 = BLOWING SNOW
                                                   X = TORNADO
MAX 32 OR BELOW:   0    0.01 INCH OR MORE:   3
MAX 90 OR ABOVE:  13    0.10 INCH OR MORE:   2
MIN 32 OR BELOW:   0    0.50 INCH OR MORE:   0
MIN  0 OR BELOW:   0    1.00 INCH OR MORE:   0

[HDD (BASE 65) ]
TOTAL THIS MO.    35    CLEAR  (SCALE 0-3)  20
DPTR FM NORMAL   -33    PTCLDY (SCALE 4-7)   6
TOTAL FM JUL 1    36    CLOUDY (SCALE 8-10)  0
DPTR FM NORMAL   -42

[CDD (BASE 65) ]
TOTAL THIS MO.   168
DPTR FM NORMAL    87    [PRESSURE DATA]
TOTAL FM JAN 1  1142    HIGHEST SLP M ON M
DPTR FM NORMAL   444    LOWEST  SLP 29.62 ON  9

[REMARKS]
