000
CXUS56 KMTR 250900
CF6SJC
PRELIMINARY LOCAL CLIMATOLOGICAL DATA (WS FORM: F-6)

                                          STATION:   SAN JOSE AIRPORT
                                          MONTH:     SEPTEMBER
                                          YEAR:      2022
                                          LATITUDE:   37 21 N
                                          LONGITUDE: 121 55 W

  TEMPERATURE IN F:       :PCPN:    SNOW:  WIND      :SUNSHINE: SKY     :PK WND
================================================================================
1   2   3   4   5  6A  6B    7    8   9   10  11  12  13   14  15   16   17  18
                                     12Z  AVG MX 2MIN
DY MAX MIN AVG DEP HDD CDD  WTR  SNW DPTH SPD SPD DIR MIN PSBL S-S WX    SPD DR
================================================================================

 1  90  60  75   5   0  10 0.00    M    M  4.4 13 330   M    M   2        16 330
 2  82  60  71   1   0   6 0.00    M    M  7.2 14 330   M    M   3        17 330
 3  87  62  75   5   0  10 0.00    M    M  6.3 20 320   M    M   0        24 320
 4  97  62  80  10   0  15 0.00    M    M  4.1 13 320   M    M   0        17 310
 5 104  68  86  16   0  21 0.00    M    M  4.8 16 330   M    M   1        21 330
 6 109  74  92  22   0  27 0.00    M    M  4.1 16 320   M    M   1        21 340
 7  97  70  84  14   0  19 0.00    M    M  6.3 15 330   M    M   1        19 320
 8 104  70  87  17   0  22 0.00    M    M  4.9 14 330   M    M   0        19 330
 9  93  66  80  10   0  15 0.00    M    M  6.0 17 320   M    M   1 8      21 320
10  83  65  74   4   0   9 0.00    M    M  8.1 24 200   M    M   6        37 200
11  84  66  75   5   0  10 0.00    M    M  6.9 17 320   M    M   6        23 320
12  81  64  73   4   0   8 0.00    M    M  8.2 20 320   M    M   5        25 340
13  76  62  69   0   0   4 0.00    M    M  7.9 21 340   M    M   2        28 360
14  78  58  68  -1   0   3 0.00    M    M  6.9 17 270   M    M   3        23 340
15  74  58  66  -3   0   1 0.00    M    M  8.0 18 330   M    M   4        25 350
16  79  57  68  -1   0   3 0.00    M    M  8.0 21 340   M    M   3        27 340
17  75  54  65  -4   0   0 0.00    M    M  7.9 18 350   M    M   4        29 320
18  73  61  67  -2   0   2 0.51    M    M 14.1 31 150   M    M   7 18     40 160
19  76  59  68  -1   0   3 0.00    M    M  7.4 17 200   M    M   5        27 200
20  79  58  69   0   0   4 0.00    M    M  5.8 18 330   M    M   4        26 330
21  75  62  69   1   0   4 0.00    M    M  7.1 16 340   M    M   6        23 330
22  82  56  69   1   0   4 0.00    M    M  5.9 21 330   M    M   1        28 340
23  87  57  72   4   0   7 0.00    M    M  4.8 16 330   M    M   0        20 340
24  90  59  75   7   0  10 0.00    M    M  5.3 16 330   M    M   0        21 350
================================================================================
SM 2055 1488         0 217  0.51    M    160.4          M       65
================================================================================
AV 85.6 62.0                               6.7 FASTST   M    M   3    MAX(MPH)
                                 MISC ---->    31 150                 40 160
================================================================================
NOTES:
# LAST OF SEVERAL OCCURRENCES

COLUMN 17 PEAK WIND IN M.P.H.

PRELIMINARY LOCAL CLIMATOLOGICAL DATA (WS FORM: F-6) , PAGE 2

                                          STATION:   SAN JOSE AIRPORT
                                          MONTH:     SEPTEMBER
                                          YEAR:      2022
                                          LATITUDE:   37 21 N
                                          LONGITUDE: 121 55 W

[TEMPERATURE DATA]      [PRECIPITATION DATA]       SYMBOLS USED IN COLUMN 16

AVERAGE MONTHLY: 73.8   TOTAL FOR MONTH:   0.51    1 = FOG OR MIST
DPTR FM NORMAL:   4.5   DPTR FM NORMAL:    0.47    2 = FOG REDUCING VISIBILITY
HIGHEST:   109 ON  6    GRTST 24HR  0.51 ON 18-18      TO 1/4 MILE OR LESS
LOWEST:     54 ON 17                               3 = THUNDER
                        SNOW, ICE PELLETS, HAIL    4 = ICE PELLETS
                        TOTAL MONTH:  M            5 = HAIL
                        GRTST 24HR    M  ON   M    6 = FREEZING RAIN OR DRIZZLE
                        GRTST DEPTH:  M  ON   M    7 = DUSTSTORM OR SANDSTORM:
                                                       VSBY 1/2 MILE OR LESS
                                                   8 = SMOKE OR HAZE
[NO. OF DAYS WITH]      [WEATHER - DAYS WITH]      9 = BLOWING SNOW
                                                   X = TORNADO
MAX 32 OR BELOW:   0    0.01 INCH OR MORE:   1
MAX 90 OR ABOVE:   8    0.10 INCH OR MORE:   1
MIN 32 OR BELOW:   0    0.50 INCH OR MORE:   1
MIN  0 OR BELOW:   0    1.00 INCH OR MORE:   0

[HDD (BASE 65) ]
TOTAL THIS MO.     0    CLEAR  (SCALE 0-3)  15
DPTR FM NORMAL    -2    PTCLDY (SCALE 4-7)   9
TOTAL FM JUL 1     1    CLOUDY (SCALE 8-10)  0
DPTR FM NORMAL    -7

[CDD (BASE 65) ]
TOTAL THIS MO.   217
DPTR FM NORMAL   108    [PRESSURE DATA]
TOTAL FM JAN 1   825    HIGHEST SLP M ON M
DPTR FM NORMAL   273    LOWEST  SLP 29.50 ON  9

[REMARKS]
