000
CXUS54 KSJT 281000
CF6SJT
PRELIMINARY LOCAL CLIMATOLOGICAL DATA (WS FORM: F-6)

                                          STATION:   SAN ANGELO
                                          MONTH:     SEPTEMBER
                                          YEAR:      2022
                                          LATITUDE:   31 21 N
                                          LONGITUDE: 100 30 W

  TEMPERATURE IN F:       :PCPN:    SNOW:  WIND      :SUNSHINE: SKY     :PK WND
================================================================================
1   2   3   4   5  6A  6B    7    8   9   10  11  12  13   14  15   16   17  18
                                     12Z  AVG MX 2MIN
DY MAX MIN AVG DEP HDD CDD  WTR  SNW DPTH SPD SPD DIR MIN PSBL S-S WX    SPD DR
================================================================================

 1  82  71  77  -4   0  12 0.29  0.0    0  4.7 13  80   M    M   5 1      17  50
 2  85  71  78  -3   0  13 1.48  0.0    0  4.9 23  30   M    M   4 13     29  30
 3  88  70  79  -1   0  14 0.00  0.0    0  3.4 20 120   M    M   4 1      27 110
 4  92  67  80   0   0  15 0.00  0.0    0  6.4 16 110   M    M   0 1      23 130
 5  92  68  80   0   0  15 0.00  0.0    0  6.2 13 190   M    M   0        21 170
 6  95  69  82   2   0  17 0.00  0.0    0  5.4 13 240   M    M   0        16 250
 7  95  69  82   3   0  17 0.00  0.0    0  8.2 18  60   M    M   0        25  40
 8  93  65  79   0   0  14 0.00  0.0    0  2.7 13  40   M    M   0        18  50
 9  96  63  80   1   0  15 0.00  0.0    M  4.9 13 110   M    M   0        20 340
10  94  68  81   2   0  16 0.00  0.0    0  5.8 16  90   M    M   2        23  90
11  85  66  76  -2   0  11 0.00  0.0    0  8.4 17  20   M    M   2        24  30
12  90  63  77  -1   0  12 0.00  0.0    0  4.3 12 230   M    M   1        17 220
13  94  66  80   2   0  15 0.00  0.0    0  7.7 18 180   M    M   2        35 160
14  91  69  80   2   0  15 0.00  0.0    0  8.4 16 170   M    M   1        24 170
15  92  66  79   2   0  14 0.00  0.0    0  7.7 16 150   M    M   0        25 200
16  93  64  79   2   0  14 0.00  0.0    0  8.5 17 200   M    M   0        26 200
17  93  71  82   5   0  17 0.00  0.0    0 11.0 20 180   M    M   3        28 180
18  96  70  83   7   0  18 0.00  0.0    0  8.3 17 140   M    M   0        27 140
19  96  67  82   6   0  17 0.00  0.0    0  7.4 14 170   M    M   1        25 170
20  96  70  83   7   0  18 0.00  0.0    0  7.4 15 180   M    M   1        21 180
21  95  67  81   5   0  16 0.00  0.0    0  6.3 15 130   M    M   0        20 100
22  96  62  79   4   0  14 0.00  0.0    0  5.3 14 140   M    M   0        20 110
23  94  60  77   2   0  12 0.00  0.0    0  7.4 18 180   M    M   0        26 160
24  94  64  79   4   0  14 0.00  0.0    M  7.2 15 200   M    M   0        20 200
25  95  61  78   4   0  13 0.00  0.0    0  6.9 22  20   M    M   1        28  10
26  85  67  76   2   0  11 0.00  0.0    0 10.0 17  60   M    M   0        23  60
27  91  51  71  -3   0   6 0.00  0.0    0  5.0 14  90   M    M   0        20  90
================================================================================
SM 2488 1785         0 385  1.77  0.0    179.8          M       27
================================================================================
AV 92.1 66.1                               6.7 FASTST   M    M   1    MAX(MPH)
                                 MISC ---->    23  30                 35 160
================================================================================
NOTES:
# LAST OF SEVERAL OCCURRENCES

COLUMN 17 PEAK WIND IN M.P.H.

PRELIMINARY LOCAL CLIMATOLOGICAL DATA (WS FORM: F-6) , PAGE 2

                                          STATION:   SAN ANGELO
                                          MONTH:     SEPTEMBER
                                          YEAR:      2022
                                          LATITUDE:   31 21 N
                                          LONGITUDE: 100 30 W

[TEMPERATURE DATA]      [PRECIPITATION DATA]       SYMBOLS USED IN COLUMN 16

AVERAGE MONTHLY: 79.1   TOTAL FOR MONTH:   1.77    1 = FOG OR MIST
DPTR FM NORMAL:   1.6   DPTR FM NORMAL:   -0.52    2 = FOG REDUCING VISIBILITY
HIGHEST:    96 ON 22,20  GRTST 24HR  1.48 ON  2- 2      TO 1/4 MILE OR LESS
LOWEST:     51 ON 27                               3 = THUNDER
                        SNOW, ICE PELLETS, HAIL    4 = ICE PELLETS
                        TOTAL MONTH:   0.0 INCH    5 = HAIL
                        GRTST 24HR  0.0            6 = FREEZING RAIN OR DRIZZLE
                        GRTST DEPTH:  0            7 = DUSTSTORM OR SANDSTORM:
                                                       VSBY 1/2 MILE OR LESS
                                                   8 = SMOKE OR HAZE
[NO. OF DAYS WITH]      [WEATHER - DAYS WITH]      9 = BLOWING SNOW
                                                   X = TORNADO
MAX 32 OR BELOW:   0    0.01 INCH OR MORE:   2
MAX 90 OR ABOVE:  22    0.10 INCH OR MORE:   2
MIN 32 OR BELOW:   0    0.50 INCH OR MORE:   1
MIN  0 OR BELOW:   0    1.00 INCH OR MORE:   1

[HDD (BASE 65) ]
TOTAL THIS MO.     0    CLEAR  (SCALE 0-3)  24
DPTR FM NORMAL     0    PTCLDY (SCALE 4-7)   3
TOTAL FM JUL 1     0    CLOUDY (SCALE 8-10)  0
DPTR FM NORMAL     0

[CDD (BASE 65) ]
TOTAL THIS MO.   385
DPTR FM NORMAL    45    [PRESSURE DATA]
TOTAL FM JAN 1  3250    HIGHEST SLP M ON M
DPTR FM NORMAL   655    LOWEST  SLP 29.66 ON  9

[REMARKS]
