000
CXUS54 KEWX 281010
CF6SKF
PRELIMINARY LOCAL CLIMATOLOGICAL DATA (WS FORM: F-6)

                                          STATION:   KELLY FIELD
                                          MONTH:     SEPTEMBER
                                          YEAR:      2022
                                          LATITUDE:   29 22 N
                                          LONGITUDE:  98 35 W

  TEMPERATURE IN F:       :PCPN:    SNOW:  WIND      :SUNSHINE: SKY     :PK WND
================================================================================
1   2   3   4   5  6A  6B    7    8   9   10  11  12  13   14  15   16   17  18
                                     12Z  AVG MX 2MIN
DY MAX MIN AVG DEP HDD CDD  WTR  SNW DPTH SPD SPD DIR MIN PSBL S-S WX    SPD DR
================================================================================

 1  92  76  84   1   0  19 0.00    M    M  5.9 13 120   M    M   5        17 110
 2  95  73  84   1   0  19    T    M    M  6.7 16 130   M    M   4         M   M
 3  92  74  83   0   0  18 0.35    M    M  5.6 21  10   M    M   6 3      28  10
 4  86  73  80  -2   0  15 0.00    M    M  3.1 10 160   M    M   4         M   M
 5  91  71  81  -1   0  16    T    M    M  5.4 14 160   M    M   4 1       M   M
 6  93  72  83   1   0  18 0.00    M    M  5.2 15 140   M    M   3         M   M
 7  95  72  84   2   0  19 0.15    M    M  3.0 26  30   M    M   3 3      30  30
 8  94  71  83   1   0  18 0.00    M    M  3.6 13 110   M    M   3        20 220
 9  93  73  83   1   0  18 0.00    M    M  5.2 13  70   M    M   3         M   M
10  94  74  84   2   0  19    T    M    M  5.3 12 130   M    M   5         M   M
11  94  72  83   2   0  18    T    M    M  4.6 15  20   M    M   3        18  20
12  94  69  82   1   0  17 0.00    M    M  5.6  9 190   M    M   0         M   M
13  94  71  83   2   0  18 0.00    M    M  5.0 14 150   M    M   2        16 130
14  92  70  81   0   0  16 0.00    M    M  6.6 14 130   M    M   2 18     18 120
15  93  67  80  -1   0  15    T    M    M  7.1 14 110   M    M   2        20 110
16  94  75  85   4   0  20    T    M    M  7.5 14 140   M    M   4         M   M
17  96  74  85   5   0  20 0.00    M    M  8.5 15 140   M    M   3        23 130
18  96  76  86   6   0  21    T    M    M  8.3 15 150   M    M   2 8      18 150
19  96  75  86   6   0  21    T    M    M  6.4 13 140   M    M   3         M   M
20  96  74  85   5   0  20 0.00  0.0    M  6.9 17 140   M    M   3         M   M
21  94  71  83   3   0  18 0.00  0.0    M  4.8 10 150   M    M   1 1       M   M
22  97  67  82   2   0  17 0.00    M    M  3.6  9 140   M    M   1         M   M
23  96  70  83   3   0  18 0.00    M    M  5.4 15 140   M    M   2         M   M
24  93  68  81   2   0  16    T    M    M  6.5 15 150   M    M   4         M   M
25  95  72  84   5   0  19    T    M    M  4.9 15 130   M    M   2         M   M
26  95  71  83   4   0  18 0.00    M    M  9.6 16  60   M    M   0        23  50
27  91  58  75  -4   0  10 0.00    M    M  7.1 13  90   M    M   0        18  50
================================================================================
SM 2531 1929         0 481  0.50  0.0    157.4          M       74
================================================================================
AV 93.7 71.4                               5.8 FASTST   M    M   3    MAX(MPH)
                                 MISC ---->    26  30                 30  30
================================================================================
NOTES:
# LAST OF SEVERAL OCCURRENCES

COLUMN 17 PEAK WIND IN M.P.H.

PRELIMINARY LOCAL CLIMATOLOGICAL DATA (WS FORM: F-6) , PAGE 2

                                          STATION:   KELLY FIELD
                                          MONTH:     SEPTEMBER
                                          YEAR:      2022
                                          LATITUDE:   29 22 N
                                          LONGITUDE:  98 35 W

[TEMPERATURE DATA]      [PRECIPITATION DATA]       SYMBOLS USED IN COLUMN 16

AVERAGE MONTHLY: 82.6   TOTAL FOR MONTH:   0.50    1 = FOG OR MIST
DPTR FM NORMAL:   1.7   DPTR FM NORMAL:    0.50    2 = FOG REDUCING VISIBILITY
HIGHEST:    97 ON 22    GRTST 24HR  0.35 ON  3- 3      TO 1/4 MILE OR LESS
LOWEST:     58 ON 27                               3 = THUNDER
                        SNOW, ICE PELLETS, HAIL    4 = ICE PELLETS
                        TOTAL MONTH:   0.0 INCH    5 = HAIL
                        GRTST 24HR  0.0            6 = FREEZING RAIN OR DRIZZLE
                        GRTST DEPTH:  M  ON   M    7 = DUSTSTORM OR SANDSTORM:
                                                       VSBY 1/2 MILE OR LESS
                                                   8 = SMOKE OR HAZE
[NO. OF DAYS WITH]      [WEATHER - DAYS WITH]      9 = BLOWING SNOW
                                                   X = TORNADO
MAX 32 OR BELOW:   0    0.01 INCH OR MORE:   2
MAX 90 OR ABOVE:  26    0.10 INCH OR MORE:   2
MIN 32 OR BELOW:   0    0.50 INCH OR MORE:   0
MIN  0 OR BELOW:   0    1.00 INCH OR MORE:   0

[HDD (BASE 65) ]
TOTAL THIS MO.     0    CLEAR  (SCALE 0-3)  16
DPTR FM NORMAL     0    PTCLDY (SCALE 4-7)  11
TOTAL FM JUL 1     0    CLOUDY (SCALE 8-10)  0
DPTR FM NORMAL     0

[CDD (BASE 65) ]
TOTAL THIS MO.   481
DPTR FM NORMAL    50    [PRESSURE DATA]
TOTAL FM JAN 1  3431    HIGHEST SLP M ON M
DPTR FM NORMAL   602    LOWEST  SLP M ON M

[REMARKS]
