000
CXUS55 KPIH 271100
CF6SNT
PRELIMINARY LOCAL CLIMATOLOGICAL DATA (WS FORM: F-6)

                                          STATION:   STANLEY
                                          MONTH:     SEPTEMBER
                                          YEAR:      2022
                                          LATITUDE:   44 10 N
                                          LONGITUDE: 114 56 W

  TEMPERATURE IN F:       :PCPN:    SNOW:  WIND      :SUNSHINE: SKY     :PK WND
================================================================================
1   2   3   4   5  6A  6B    7    8   9   10  11  12  13   14  15   16   17  18
                                     12Z  AVG MX 2MIN
DY MAX MIN AVG DEP HDD CDD  WTR  SNW DPTH SPD SPD DIR MIN PSBL S-S WX    SPD DR
================================================================================

 1  85  39  62   8   3   0 0.00    M    M  3.3 13 290   M    M   0        22 310
 2  89  31  60   6   5   0 0.00    M    M  3.0 10 350   M    M   0        15 350
 3  91  34  63   9   2   0 0.00    M    M  3.1 20 180   M    M   0        34 170
 4  89  38  64  10   1   0 0.00    M    M  3.8 14 220   M    M   0        24 220
 5  87  35  61   8   4   0 0.00    M    M  3.4 13 320   M    M   0        20 300
 6  92  35  64  11   1   0 0.00    M    M  2.6 13 310   M    M   0        22 320
 7  89  41  65  12   0   0 0.01    M    M  3.4 20 340   M    M   0        37 310
 8  76  35  56   3   9   0 0.00    M    M  4.9 16 330   M    M   0        28 330
 9  71  22  47  -5  18   0 0.00    M    M  2.8 13 350   M    M   0        19 350
10  78  22  50  -2  15   0 0.00    M    M  2.7  7 190   M    M   0        12  10
11  85  26  56   4   9   0 0.00    M    M  3.5 12 320   M    M   0        20 320
12  81  28  55   4  10   0 0.00    M    M  2.2 12 170   M    M   0        19 180
13  61  47  54   3  11   0 0.34    M    M  1.9  8 180   M    M   0        12 170
14  67  43  55   4  10   0 0.01    M    M  3.3 13 180   M    M   0        21 200
15  56  44  50   0  15   0 0.10    M    M  4.0 13  10   M    M   0        19 350
16  66  36  51   1  14   0 0.01    M    M  3.4 16 340   M    M   0        31  10
17  65  30  48  -2  17   0 0.00    M    M  2.8 17 170   M    M   0        30 160
18  68  30  49  -1  16   0 0.00    M    M  4.9 22 160   M    M   0        36 130
19  72  28  50   1  15   0 0.00    M    M  4.1 16 180   M    M   0        27 190
20  75  27  51   2  14   0 0.00    M    M  3.8 18 170   M    M   0        31 170
21  73  28  51   2  14   0 0.29    M    M  4.4 29 150   M    M   0        50 150
22  54  34  44  -4  21   0 0.00    M    M  2.9 12 200   M    M   0        19 260
23  67  27  47  -1  18   0 0.00    M    M  2.8 14 260   M    M   0        27 210
24  73  26  50   2  15   0 0.00    M    M  2.3  9 350   M    M   0        13 350
25  79  28  54   7  11   0 0.00    M    M  2.3  8 340   M    M   0        12 330
26  79  28  54   7  11   0 0.00    M    M  2.7  8  20   M    M   0        13 340
================================================================================
SM 1968  842       279   0  0.76    M     84.3          M        0
================================================================================
AV 75.7 32.4                               3.2 FASTST   M    M   0    MAX(MPH)
                                 MISC ---->    29 150                 50 150
================================================================================
NOTES:
# LAST OF SEVERAL OCCURRENCES

COLUMN 17 PEAK WIND IN M.P.H.

PRELIMINARY LOCAL CLIMATOLOGICAL DATA (WS FORM: F-6) , PAGE 2

                                          STATION:   STANLEY
                                          MONTH:     SEPTEMBER
                                          YEAR:      2022
                                          LATITUDE:   44 10 N
                                          LONGITUDE: 114 56 W

[TEMPERATURE DATA]      [PRECIPITATION DATA]       SYMBOLS USED IN COLUMN 16

AVERAGE MONTHLY: 54.0   TOTAL FOR MONTH:   0.76    1 = FOG OR MIST
DPTR FM NORMAL:   3.2   DPTR FM NORMAL:   -0.08    2 = FOG REDUCING VISIBILITY
HIGHEST:    92 ON  6    GRTST 24HR  0.34 ON 13-13      TO 1/4 MILE OR LESS
LOWEST:     22 ON 10, 9                             3 = THUNDER
                        SNOW, ICE PELLETS, HAIL    4 = ICE PELLETS
                        TOTAL MONTH:  M            5 = HAIL
                        GRTST 24HR    M  ON   M    6 = FREEZING RAIN OR DRIZZLE
                        GRTST DEPTH:  M  ON   M    7 = DUSTSTORM OR SANDSTORM:
                                                       VSBY 1/2 MILE OR LESS
                                                   8 = SMOKE OR HAZE
[NO. OF DAYS WITH]      [WEATHER - DAYS WITH]      9 = BLOWING SNOW
                                                   X = TORNADO
MAX 32 OR BELOW:   0    0.01 INCH OR MORE:   6
MAX 90 OR ABOVE:   2    0.10 INCH OR MORE:   3
MIN 32 OR BELOW:  14    0.50 INCH OR MORE:   0
MIN  0 OR BELOW:   0    1.00 INCH OR MORE:   0

[HDD (BASE 65) ]
TOTAL THIS MO.   279    CLEAR  (SCALE 0-3)  26
DPTR FM NORMAL   -87    PTCLDY (SCALE 4-7)   0
TOTAL FM JUL 1   487    CLOUDY (SCALE 8-10)  0
DPTR FM NORMAL  -274

[CDD (BASE 65) ]
TOTAL THIS MO.     0
DPTR FM NORMAL     0    [PRESSURE DATA]
TOTAL FM JAN 1    13    HIGHEST SLP M ON M
DPTR FM NORMAL     0    LOWEST  SLP 29.66 ON 18

[REMARKS]
